000
CXUS56 KSGX 211445
CF6CNO
PRELIMINARY LOCAL CLIMATOLOGICAL DATA (WS FORM: F-6)

                                          STATION:   CHINO AIRPORT CA
                                          MONTH:     MAY
                                          YEAR:      2015
                                          LATITUDE:   33 58 N
                                          LONGITUDE: 117 38 W

  TEMPERATURE IN F:       :PCPN:    SNOW:  WIND      :SUNSHINE: SKY     :PK WND
================================================================================
1   2   3   4   5  6A  6B    7    8   9   10  11  12  13   14  15   16   17  18
                                     12Z  AVG MX 2MIN
DY MAX MIN AVG DEP HDD CDD  WTR  SNW DPTH SPD SPD DIR MIN PSBL S-S WX    SPD DR
================================================================================

 1  96  57  77  14   0  12 0.00  0.0    0  5.0 21 270   M    M   4 8      26 270
 2  91  56  74  11   0   9 0.00  0.0    0  7.7 22 260   M    M   1 8      27 260
 3  80  53  67   3   0   2 0.00  0.0    0  7.5 22 240   M    M   2 18     26 240
 4  77  54  66   2   0   1 0.00  0.0    0  7.5 21 240   M    M   5 8      27 230
 5  73  52  63  -1   2   0 0.00  0.0    0  7.4 21 220   M    M   6 8      26 230
 6  70  54  62  -2   3   0 0.00  0.0    0  7.8 17 240   M    M   8 8      22 240
 7  72  50  61  -3   4   0 0.30  0.0    0 11.0 29 230   M    M   8 138    35 230
 8  64  49  57  -7   8   0 0.37    M    0  6.0 15 210   M    M   8 18     18 200
 9  69  54  62  -3   3   0 0.00  0.0    0  5.8 16 240   M    M   8 8      20 230
10  83  50  67   2   0   2 0.00  0.0    0  5.8 18 250   M    M   1 128    23 250
11  88  54  71   6   0   6 0.00  0.0    0  6.6 18 220   M    M   3 18     24 250
12  78  53  66   1   0   1 0.00  0.0    0  6.0 21 250   M    M   3 18     26 260
13  75  51  63  -2   2   0 0.00  0.0    0  7.0 18 240   M    M   7 8      22 250
14  67  53  60  -5   5   0 0.28  0.0    0  5.7 23 230   M    M   9 18     29 230
15  68  52  60  -6   5   0 0.06  0.0    0  4.5 17 250   M    M   6 1      22 250
16  73  50  62  -4   3   0 0.00  0.0    0  5.6 15 230   M    M   6 18     19 250
17  77  52  65  -1   0   0 0.00  0.0    0  7.0 20 240   M    M   7 18     25 240
18  74  54  64  -2   1   0 0.00  0.0    0  8.4 21 220   M    M   7        26 220
19  78  54  66   0   0   1 0.00  0.0    0  7.0 20 240   M    M   5 18     25 240
20  78  55  67   1   0   2 0.00  0.0    0  7.3 21 250   M    M   4 18     24 250
================================================================================
SM 1531 1057        36  36  1.01     0.0 136.6          M      108
================================================================================
AV 76.6 52.8                               6.8 FASTST   M    M   5    MAX(MPH)
                                 MISC ---->  # 29 230               # 35  230
================================================================================
NOTES:
# LAST OF SEVERAL OCCURRENCES

COLUMN 17 PEAK WIND IN M.P.H.

PRELIMINARY LOCAL CLIMATOLOGICAL DATA (WS FORM: F-6) , PAGE 2

                                          STATION:  CHINO AIRPORT CA
                                          MONTH:    MAY
                                          YEAR:     2015
                                          LATITUDE:   33 58 N
                                          LONGITUDE: 117 38 W

[TEMPERATURE DATA]      [PRECIPITATION DATA]       SYMBOLS USED IN COLUMN 16

AVERAGE MONTHLY: 64.7   TOTAL FOR MONTH:   1.01    1 = FOG OR MIST
DPTR FM NORMAL:  -0.1   DPTR FM NORMAL:    0.77    2 = FOG REDUCING VISIBILITY
HIGHEST:    96 ON  1    GRTST 24HR  0.67 ON  7- 8      TO 1/4 MILE OR LESS
LOWEST:     49 ON  8                               3 = THUNDER
                        SNOW, ICE PELLETS, HAIL    4 = ICE PELLETS
                        TOTAL MONTH:   0.0 INCH    5 = HAIL
                        GRTST 24HR     0.0         6 = FREEZING RAIN OR DRIZZLE
                        GRTST DEPTH:   0           7 = DUSTSTORM OR SANDSTORM:
                                                       VSBY 1/2 MILE OR LESS
                                                   8 = SMOKE OR HAZE
[NO. OF DAYS WITH]      [WEATHER - DAYS WITH]      9 = BLOWING SNOW
                                                   X = TORNADO
MAX 32 OR BELOW:   0    0.01 INCH OR MORE:   4
MAX 90 OR ABOVE:   2    0.10 INCH OR MORE:   3
MIN 32 OR BELOW:   0    0.50 INCH OR MORE:   0
MIN  0 OR BELOW:   0    1.00 INCH OR MORE:   0

[HDD (BASE 65) ]
TOTAL THIS MO.    36    CLEAR  (SCALE 0-3)   5
DPTR FM NORMAL    -5    PTCLDY (SCALE 4-7)  14
TOTAL FM JUL 1   910    CLOUDY (SCALE 8-10)  1
DPTR FM NORMAL  -903

[CDD (BASE 65) ]
TOTAL THIS MO.    36
DPTR FM NORMAL    -3    [PRESSURE DATA]
TOTAL FM JAN 1   196    HIGHEST SLP M ON M
DPTR FM NORMAL   131    LOWEST  SLP 29.73 ON M

[REMARKS]
