000
CXUS53 KLSX 231400
CF6COU
PRELIMINARY LOCAL CLIMATOLOGICAL DATA (WS FORM: F-6)
STATION: COLUMBIA ASOS
MONTH: APRIL
YEAR: 2024
LATITUDE: 38 49 N
LONGITUDE: 92 13 W
TEMPERATURE IN F: :PCPN: SNOW: WIND :SUNSHINE: SKY :PK WND
================================================================================
1 2 3 4 5 6A 6B 7 8 9 10 11 12 13 14 15 16 17 18
12Z AVG MX 2MIN
DY MAX MIN AVG DEP HDD CDD WTR SNW DPTH SPD SPD DIR MIN PSBL S-S WX SPD DR
================================================================================
1 71 57 64 12 1 0 1.34 0.0 0 7.9 21 230 M M 8 13 32 230
2 60 40 50 -2 15 0 0.23 0.0 0 13.0 25 310 M M 9 13 35 300
3 53 37 45 -7 20 0 0.05 0.0 0 16.6 33 300 M M 8 1 46 320
4 53 37 45 -8 20 0 0.00 0.0 0 11.5 24 330 M M 2 33 320
5 58 32 45 -8 20 0 0.00 0.0 0 6.7 13 100 M M 0 18 100
6 65 40 53 0 12 0 0.00 0.0 0 15.4 22 140 M M 0 33 120
7 74 50 62 8 3 0 0.03 0.0 0 15.9 36 210 M M 2 47 220
8 79 49 64 10 1 0 0.00 0.0 0 8.5 23 190 M M 0 32 190
9 70 50 60 6 5 0 0.00 0.0 0 7.2 14 360 M M 5 17 330
10 63 51 57 2 8 0 0.09 0.0 0 8.4 14 350 M M 7 21 60
11 65 50 58 3 7 0 0.00 0.0 0 17.2 32 320 M M 4 42 310
12 69 45 57 2 8 0 0.00 0.0 0 12.0 26 320 M M 0 35 310
13 85 42 64 8 1 0 0.00 0.0 0 10.5 25 210 M M 0 34 200
14 85 59 72 16 0 7 0.00 0.0 0 8.4 20 230 M M 0 25 250
15 86 60 73 17 0 8 0.00 0.0 0 7.3 16 160 M M 1 23 170
16 80 68 74 17 0 9 0.07 0.0 0 16.8 35 180 M M 4 3 50 180
17 80 60 70 13 0 5 0.00 0.0 0 14.9 29 250 M M 0 42 280
18 81 48 65 8 0 0 0.02 0.0 0 13.8 30 310 M M 5 13 40 320
19 62 40 51 -7 14 0 0.00 0.0 0 9.2 18 350 M M 3 24 330
20 57 39 48 -10 17 0 0.00 0.0 0 10.7 23 320 M M 1 31 320
21 60 39 50 -8 15 0 0.00 0.0 0 7.4 18 320 M M 2 27 290
22 70 35 53 -5 12 0 0.00 0.0 0 11.1 24 210 M M 0 33 200
================================================================================
SM 1526 1028 179 29 1.83 0.0 250.4 M 61
================================================================================
AV 69.4 46.7 11.4 FASTST M M 3 MAX(MPH)
MISC ----> 36 210 50 180
================================================================================
NOTES:
# LAST OF SEVERAL OCCURRENCES
COLUMN 17 PEAK WIND IN M.P.H.
PRELIMINARY LOCAL CLIMATOLOGICAL DATA (WS FORM: F-6) , PAGE 2
STATION: COLUMBIA ASOS
MONTH: APRIL
YEAR: 2024
LATITUDE: 38 49 N
LONGITUDE: 92 13 W
[TEMPERATURE DATA] [PRECIPITATION DATA] SYMBOLS USED IN COLUMN 16
AVERAGE MONTHLY: 58.0 TOTAL FOR MONTH: 1.83 1 = FOG OR MIST
DPTR FM NORMAL: 2.9 DPTR FM NORMAL: -1.52 2 = FOG REDUCING VISIBILITY
HIGHEST: 86 ON 15 GRTST 24HR 1.44 ON 1- 2 TO 1/4 MILE OR LESS
LOWEST: 32 ON 5 3 = THUNDER
SNOW, ICE PELLETS, HAIL 4 = ICE PELLETS
TOTAL MONTH: 0.0 INCH 5 = HAIL
GRTST 24HR 0.0 6 = FREEZING RAIN OR DRIZZLE
GRTST DEPTH: 0 7 = DUSTSTORM OR SANDSTORM:
VSBY 1/2 MILE OR LESS
8 = SMOKE OR HAZE
[NO. OF DAYS WITH] [WEATHER - DAYS WITH] 9 = BLOWING SNOW
X = TORNADO
MAX 32 OR BELOW: 0 0.01 INCH OR MORE: 7
MAX 90 OR ABOVE: 0 0.10 INCH OR MORE: 2
MIN 32 OR BELOW: 1 0.50 INCH OR MORE: 1
MIN 0 OR BELOW: 0 1.00 INCH OR MORE: 1
[HDD (BASE 65) ]
TOTAL THIS MO. 179 CLEAR (SCALE 0-3) 14
DPTR FM NORMAL -56 PTCLDY (SCALE 4-7) 7
TOTAL FM JUL 1 3852 CLOUDY (SCALE 8-10) 1
DPTR FM NORMAL -684
[CDD (BASE 65) ]
TOTAL THIS MO. 29
DPTR FM NORMAL 8 [PRESSURE DATA]
TOTAL FM JAN 1 35 HIGHEST SLP M ON M
DPTR FM NORMAL 9 LOWEST SLP 29.41 ON 2
[REMARKS]