000
CXUS53 KLSX 281600
CF6CPS
PRELIMINARY LOCAL CLIMATOLOGICAL DATA (WS FORM: F-6)

                                          STATION:   CAHOKIA/ST. LOUIS
                                          MONTH:     NOVEMBER
                                          YEAR:      2014
                                          LATITUDE:   38 34 N
                                          LONGITUDE:  90  9 W

  TEMPERATURE IN F:       :PCPN:    SNOW:  WIND      :SUNSHINE: SKY     :PK WND
================================================================================
1   2   3   4   5  6A  6B    7    8   9   10  11  12  13   14  15   16   17  18
                                     12Z  AVG MX 2MIN
DY MAX MIN AVG DEP HDD CDD  WTR  SNW DPTH SPD SPD DIR MIN PSBL S-S WX    SPD DR
================================================================================

 1  50  28  39 -12  26   0 0.00  0.0    0  7.1 16 360   M    M   0 1      20 360
 2  52  25  39 -12  26   0    T  0.0    0  6.8 17 150   M    M   4 1      22 150
 3  71  43  57   6   8   0    T  0.0    0  9.1 18 190   M    M   2        26 190
 4  62  46  54   4  11   0 0.38  0.0    0  6.2 15 310   M    M   8 1      22 200
 5  60  40  50   0  15   0 0.00  0.0    0  3.3 10 180   M    M   0 1      15 230
 6  52  36  44  -5  21   0 0.00  0.0    0 14.4 31 320   M    M   4        38 320
 7  54  28  41  -8  24   0 0.00  0.0    0  4.4 13 150   M    M   0 18     19 150
 8  54  33  44  -4  21   0 0.00  0.0    0  9.8 26 330   M    M   3        33 330
 9  63  29  46  -2  19   0 0.00  0.0    0  5.0 15 200   M    M   0        21 210
10  71  40  56   8   9   0 0.00  0.0    0  9.6 24 170   M    M   0        33 170
11  63  33  48   1  17   0    T  0.0    0 15.4 25 310   M    M   9 18     32 300
12  36  28  32 -15  33   0 0.00  0.0    0 13.0 20 320   M    M   7        25 340
13  32  24  28 -18  37   0    T    M    0 13.2 21 320   M    M   7        25 310
14  36  18  27 -19  38   0 0.00  0.0    0  4.2 12 310   M    M   2        15 320
15  39  19  29 -16  36   0 0.02    M    0  4.6 14 140   M    M   4 1      18 130
16  36  26  31 -14  34   0 0.19    M    M  4.4 21 310   M    M  10 128    24 310
17  27  18  23 -21  42   0    T    T    M 13.7 25 300   M    M   3        32 290
18  28  13  21 -23  44   0 0.00  0.0    M  9.0 21 280   M    M   1        26 300
19  46  19  33 -11  32   0 0.00  0.0    M 11.6 22 300   M    M   3        27 310
20  39  20  30 -13  35   0 0.00  0.0    0  3.5 14 250   M    M   1 8      18 260
21  43  20  32 -11  33   0 0.01  0.0    0  7.7 15 120   M    M   4        19 120
22  61  42  52  10  13   0 0.10  0.0    0  7.8 20 200   M    M   9        29 190
23  57  50  54  12  11   0 0.98  0.0    0  7.7 17 130   M    M   8 1      24 150
24  57  36  47   6  18   0 0.22  0.0    0 13.2 31 280   M    M   8 1      40 290
25  42  28  35  -6  30   0 0.00  0.0    0  6.9 18 300   M    M   1 8      25 300
26  37  27  32  -8  33   0 0.26    M    0  4.7 16 130   M    M   6 128    21 130
27  34  25  30 -10  35   0    T    M    M 11.4 23 310   M    M   5 18     28 330
================================================================================
SM 1302  794       701   0  2.16    T    227.7          M      109
================================================================================
AV 48.2 29.4                               8.4 FASTST   M    M   4    MAX(MPH)
                                 MISC ---->  # 31 320               # 40  290
================================================================================
NOTES:
# LAST OF SEVERAL OCCURRENCES

COLUMN 17 PEAK WIND IN M.P.H.

PRELIMINARY LOCAL CLIMATOLOGICAL DATA (WS FORM: F-6) , PAGE 2

                                          STATION:  CAHOKIA/ST. LOUIS
                                          MONTH:    NOVEMBER
                                          YEAR:     2014
                                          LATITUDE:   38 34 N
                                          LONGITUDE:  90  9 W

[TEMPERATURE DATA]      [PRECIPITATION DATA]       SYMBOLS USED IN COLUMN 16

AVERAGE MONTHLY: 38.8   TOTAL FOR MONTH:   2.16    1 = FOG OR MIST
DPTR FM NORMAL:  -6.9   DPTR FM NORMAL:   -1.24    2 = FOG REDUCING VISIBILITY
HIGHEST:    71 ON 10, 3 GRTST 24HR  1.20 ON 23-24      TO 1/4 MILE OR LESS
LOWEST:     13 ON 18                               3 = THUNDER
                        SNOW, ICE PELLETS, HAIL    4 = ICE PELLETS
                        TOTAL MONTH:    T          5 = HAIL
                        GRTST 24HR    T  ON 17-17  6 = FREEZING RAIN OR DRIZZLE
                        GRTST DEPTH:   0           7 = DUSTSTORM OR SANDSTORM:
                                                       VSBY 1/2 MILE OR LESS
                                                   8 = SMOKE OR HAZE
[NO. OF DAYS WITH]      [WEATHER - DAYS WITH]      9 = BLOWING SNOW
                                                   X = TORNADO
MAX 32 OR BELOW:   3    0.01 INCH OR MORE:   8
MAX 90 OR ABOVE:   0    0.10 INCH OR MORE:   6
MIN 32 OR BELOW:  17    0.50 INCH OR MORE:   1
MIN  0 OR BELOW:   0    1.00 INCH OR MORE:   0

[HDD (BASE 65) ]
TOTAL THIS MO.   701    CLEAR  (SCALE 0-3)  12
DPTR FM NORMAL   180    PTCLDY (SCALE 4-7)  11
TOTAL FM JUL 1   982    CLOUDY (SCALE 8-10)  4
DPTR FM NORMAL   129

[CDD (BASE 65) ]
TOTAL THIS MO.     0
DPTR FM NORMAL     0    [PRESSURE DATA]
TOTAL FM JAN 1  1409    HIGHEST SLP M ON M
DPTR FM NORMAL    89    LOWEST  SLP 29.17 ON 24

[REMARKS]
