313
CXUS54 KFWD 300730
CF6CPT
PRELIMINARY LOCAL CLIMATOLOGICAL DATA (WS FORM: F-6)

                                          STATION:   CLEBURNE
                                          MONTH:     APRIL
                                          YEAR:      2016
                                          LATITUDE:   32 20 N
                                          LONGITUDE:  97 24 W

  TEMPERATURE IN F:       :PCPN:    SNOW:  WIND      :SUNSHINE: SKY     :PK WND
================================================================================
1   2   3   4   5  6A  6B    7    8   9   10  11  12  13   14  15   16   17  18
                                     12Z  AVG MX 2MIN
DY MAX MIN AVG DEP HDD CDD  WTR  SNW DPTH SPD SPD DIR MIN PSBL S-S WX    SPD DR
================================================================================

 1  61  46  54  -7  11   0    T  0.0    0  9.4 17  40   M    M   4        24  50
 2  66  41  54  -7  11   0 0.00  0.0    0  6.9 13  10   M    M   0        23 330
 3  75  46  61   0   4   0 0.00  0.0    0  5.2 12 190   M    M   0        16 190
 4  82  48  65   3   0   0 0.00  0.0    0  4.1  9 160   M    M   0        12   0
 5  81  54  68   6   0   3 0.00  0.0    0  7.7 18 160   M    M   0        25 160
 6  75  54  65   3   0   0 0.00  0.0    0 10.1 18 330   M    M   0        27 350
 7  86  50  68   6   0   3 0.00  0.0    0  3.8 14 240   M    M   0        17 230
 8  73  55  64   1   1   0 0.00  0.0    0  6.0 15  60   M    M   1        20  70
 9  66  54  60  -3   5   0 0.34  0.0    0  6.2 17 130   M    M   4        23 170
10  73  59  66   3   0   1 0.00  0.0    0 14.8 23 170   M    M   6        28 180
11  88  64  76  12   0  11 0.00  0.0    0 11.8 21  30   M    M   4        24 180
12  66  57  62  -2   3   0 0.11  0.0    0  9.9 16  50   M    M   9         M  M
13  63  50  57  -7   8   0 0.00  0.0    0  5.9 14 360   M    M   8        20  50
14  72  55  64   0   1   0 0.00  0.0    0  4.3 10  10   M    M   7 1       M  M
15  75  52  64  -1   1   0 0.00  0.0    0  7.8 15  90   M    M   2 1      18 110
16  77  61  69   4   0   4 0.00  0.0    0 14.2 20 110   M    M   8 13     30 110
17  70  59  65   0   0   0 2.33  0.0    0 12.8 23  40   M    M   8 3      37  40
18  70  59  65  -1   0   0 0.40  0.0    0  6.4 16  70   M    M   8 13     18  80
19  75  63  69   3   0   4 0.04  0.0    0  2.4  8 150   M    M   8 13      M  M
20  72  57  65  -1   0   0 1.23  0.0    0  4.2  9  10   M    M   8 3      13 340
21  75  59  67   1   0   2 0.75  0.0    0  6.5 17 350   M    M   2 3      23 350
22  79  54  67   1   0   2 0.00  0.0    0  3.9 13  10   M    M   1        15 360
23  79  57  68   1   0   3 0.00  0.0    0  3.9 12 130   M    M   0 1      14 140
24  75  59  67   0   0   2 0.00  0.0    0 11.5 16 150   M    M   3        25 170
25  84  68  76   9   0  11 0.00  0.0    0 12.6 18 170   M    M   6        25 180
26  82  63  73   5   0   8 0.82  0.0    0 15.2 25 270   M    M   7 3      32 270
27  81  57  69   1   0   4 0.00  0.0    0  5.0 15 250   M    M   1 12     18 270
28  82  57  70   2   0   5 0.00  0.0    0  9.7 18 110   M    M   1        22 110
29  82  66  74   6   0   9 0.90  0.0    0  8.2 14 160   M    M   6 138    21 180
================================================================================
SM 2185 1624        45  72  6.92     0.0 230.4          M      112
================================================================================
AV 75.3 56.0                               7.9 FASTST   M    M   4    MAX(MPH)
                                 MISC ---->    25   M                 37    M
================================================================================
NOTES:
# LAST OF SEVERAL OCCURRENCES

COLUMN 17 PEAK WIND IN M.P.H.

PRELIMINARY LOCAL CLIMATOLOGICAL DATA (WS FORM: F-6) , PAGE 2

                                          STATION:  CLEBURNE
                                          MONTH:    APRIL
                                          YEAR:     2016
                                          LATITUDE:   32 20 N
                                          LONGITUDE:  97 24 W

[TEMPERATURE DATA]      [PRECIPITATION DATA]       SYMBOLS USED IN COLUMN 16

AVERAGE MONTHLY: 65.7   TOTAL FOR MONTH:   6.92    1 = FOG OR MIST
DPTR FM NORMAL:   1.1   DPTR FM NORMAL:    4.12    2 = FOG REDUCING VISIBILITY
HIGHEST:    88 ON 11    GRTST 24HR  2.33 ON 17-17      TO 1/4 MILE OR LESS
LOWEST:     41 ON  2                               3 = THUNDER
                        SNOW, ICE PELLETS, HAIL    4 = ICE PELLETS
                        TOTAL MONTH:   0.0 INCH    5 = HAIL
                        GRTST 24HR     0.0         6 = FREEZING RAIN OR DRIZZLE
                        GRTST DEPTH:   0           7 = DUSTSTORM OR SANDSTORM:
                                                       VSBY 1/2 MILE OR LESS
                                                   8 = SMOKE OR HAZE
[NO. OF DAYS WITH]      [WEATHER - DAYS WITH]      9 = BLOWING SNOW
                                                   X = TORNADO
MAX 32 OR BELOW:   0    0.01 INCH OR MORE:   9
MAX 90 OR ABOVE:   0    0.10 INCH OR MORE:   8
MIN 32 OR BELOW:   0    0.50 INCH OR MORE:   5
MIN  0 OR BELOW:   0    1.00 INCH OR MORE:   2

[HDD (BASE 65) ]
TOTAL THIS MO.    45    CLEAR  (SCALE 0-3)  14
DPTR FM NORMAL   -49    PTCLDY (SCALE 4-7)  14
TOTAL FM JUL 1  1766    CLOUDY (SCALE 8-10)  1
DPTR FM NORMAL  -672

[CDD (BASE 65) ]
TOTAL THIS MO.    72
DPTR FM NORMAL   -12    [PRESSURE DATA]
TOTAL FM JAN 1    98    HIGHEST SLP M ON M
DPTR FM NORMAL    -9    LOWEST  SLP M ON M

[REMARKS]
