000
CXUS51 KRLX 251143
CF6CRW
PRELIMINARY LOCAL CLIMATOLOGICAL DATA (WS FORM: F-6)

                                          STATION:   CHARLESTON WV
                                          MONTH:     MAY
                                          YEAR:      2017
                                          LATITUDE:   38 22 N
                                          LONGITUDE:  81 36 W

  TEMPERATURE IN F:       :PCPN:    SNOW:  WIND      :SUNSHINE: SKY     :PK WND
================================================================================
1   2   3   4   5  6A  6B    7    8   9   10  11  12  13   14  15   16   17  18
                                     12Z  AVG MX 2MIN
DY MAX MIN AVG DEP HDD CDD  WTR  SNW DPTH SPD SPD DIR MIN PSBL S-S WX    SPD DR
================================================================================

 1  85  60  73  13   0   8 0.41  0.0    0 12.3 31 210   M    M   6 13     50 200
 2  71  54  63   3   2   0 0.00  0.0    0 14.8 29 250   M    M   6        44 270
 3  67  43  55  -6  10   0 0.00  0.0    0  5.1 17 310   M    M   4        25 320
 4  67  49  58  -3   7   0 0.09  0.0    0 10.4 23 140   M    M   9 3      34 150
 5  70  47  59  -2   6   0 0.64  0.0    0  9.3 21 250   M    M   7 1      29 240
 6  59  44  52  -9  13   0 0.32  0.0    0  8.7 21 270   M    M   9 13     29 260
 7  62  41  52 -10  13   0 0.02  0.0    0  9.1 22 300   M    M   7 1      34 310
 8  63  36  50 -12  15   0 0.00  0.0    0  5.5 22 300   M    M   1        30 300
 9  55  42  49 -13  16   0 0.22  0.0    0  1.1  7  60   M    M  10 13      9 140
10  80  52  66   4   0   1 0.17  0.0    0  2.3  8 290   M    M   6 13     12 290
11  77  59  68   6   0   3 0.15  0.0    0  6.7 17 290   M    M   8 13     24 290
12  60  55  58  -5   7   0 1.05  0.0    0  3.2  6 340   M    M  10 1       M  M
13  70  52  61  -2   4   0 0.07  0.0    0  3.1 13 320   M    M   5 1      17 320
14  81  49  65   2   0   0 0.00  0.0    0  8.2 18 290   M    M   3 1      29 280
15  78  57  68   5   0   3 0.00  0.0    0  2.8  9  20   M    M   4        13 360
16  87  50  69   5   0   4 0.00  0.0    0  2.6 12 200   M    M   1 1      16 220
17  90  61  76  12   0  11 0.00  0.0    0  3.6 18 250   M    M   3 1      26 220
18  87  64  76  12   0  11 0.00  0.0    0  6.9 18 230   M    M   4        25 200
19  80  64  72   8   0   7 0.42  0.0    0  6.1 24 250   M    M   6 13     37 280
20  87  63  75  10   0  10    T  0.0    0  4.1 21 140   M    M   5 123    28 140
21  73  65  69   4   0   4 0.16  0.0    0  4.4 13 200   M    M   7 1      16 180
22  71  54  63  -2   2   0    T  0.0    0  4.3 18 320   M    M   7 1      24 300
23  70  52  61  -4   4   0 0.26  0.0    0  3.2  9 100   M    M   8 1      13 100
24  72  59  66   0   0   1 1.07  0.0    0  3.9 17 130   M    M   9 13     23 120
================================================================================
SM 1762 1272        99  63  5.05     0.0 141.7          M      145
================================================================================
AV 73.4 53.0                               5.9 FASTST   M    M   6    MAX(MPH)
                                 MISC ---->  # 31 210               # 50  200
================================================================================
NOTES:
# LAST OF SEVERAL OCCURRENCES

COLUMN 17 PEAK WIND IN M.P.H.

PRELIMINARY LOCAL CLIMATOLOGICAL DATA (WS FORM: F-6) , PAGE 2

                                          STATION:  CHARLESTON WV
                                          MONTH:    MAY
                                          YEAR:     2017
                                          LATITUDE:   38 22 N
                                          LONGITUDE:  81 36 W

[TEMPERATURE DATA]      [PRECIPITATION DATA]       SYMBOLS USED IN COLUMN 16

AVERAGE MONTHLY: 63.2   TOTAL FOR MONTH:   5.05    1 = FOG OR MIST
DPTR FM NORMAL:   0.4   DPTR FM NORMAL:    1.40    2 = FOG REDUCING VISIBILITY
HIGHEST:    90 ON 17    GRTST 24HR  1.07 ON 24-24      TO 1/4 MILE OR LESS
LOWEST:     36 ON  8                               3 = THUNDER
                        SNOW, ICE PELLETS, HAIL    4 = ICE PELLETS
                        TOTAL MONTH:   0.0 INCH    5 = HAIL
                        GRTST 24HR     0.0         6 = FREEZING RAIN OR DRIZZLE
                        GRTST DEPTH:   0           7 = DUSTSTORM OR SANDSTORM:
                                                       VSBY 1/2 MILE OR LESS
                                                   8 = SMOKE OR HAZE
[NO. OF DAYS WITH]      [WEATHER - DAYS WITH]      9 = BLOWING SNOW
                                                   X = TORNADO
MAX 32 OR BELOW:   0    0.01 INCH OR MORE:  14
MAX 90 OR ABOVE:   1    0.10 INCH OR MORE:  11
MIN 32 OR BELOW:   0    0.50 INCH OR MORE:   3
MIN  0 OR BELOW:   0    1.00 INCH OR MORE:   2

[HDD (BASE 65) ]
TOTAL THIS MO.    99    CLEAR  (SCALE 0-3)   4
DPTR FM NORMAL    -4    PTCLDY (SCALE 4-7)  15
TOTAL FM JUL 1  3523    CLOUDY (SCALE 8-10)  5
DPTR FM NORMAL  -928

[CDD (BASE 65) ]
TOTAL THIS MO.    63
DPTR FM NORMAL    14    [PRESSURE DATA]
TOTAL FM JAN 1   116    HIGHEST SLP M ON M
DPTR FM NORMAL    35    LOWEST  SLP 29.34 ON  5

[REMARKS]
