000
CXUS52 KFFC 211110
CF6CSG
PRELIMINARY LOCAL CLIMATOLOGICAL DATA (WS FORM: F-6)

                                          STATION:   COLUMBUS
                                          MONTH:     JANUARY
                                          YEAR:      2018
                                          LATITUDE:   32 31 N
                                          LONGITUDE:  84 56 W

  TEMPERATURE IN F:       :PCPN:    SNOW:  WIND      :SUNSHINE: SKY     :PK WND
================================================================================
1   2   3   4   5  6A  6B    7    8   9   10  11  12  13   14  15   16   17  18
                                     12Z  AVG MX 2MIN
DY MAX MIN AVG DEP HDD CDD  WTR  SNW DPTH SPD SPD DIR MIN PSBL S-S WX    SPD DR
================================================================================

 1  34  24  29 -18  36   0 0.00  0.0    0  9.5 16 350   M    M   3        21  10
 2  41  19  30 -17  35   0 0.00  0.0    0  5.8 13  90   M    M   0        17  30
 3  44  28  36 -11  29   0 0.00  0.0    0  5.6 16 310   M    M   3        20 310
 4  43  26  35 -12  30   0 0.00  0.0    0 11.6 21 330   M    M   0        27 320
 5  45  22  34 -13  31   0 0.00  0.0    0  5.8 13 280   M    M   0        17 310
 6  49  23  36 -11  29   0 0.00  0.0    0  2.9 14 340   M    M   0        18 340
 7  47  25  36 -11  29   0 0.00  0.0    0  7.4 15 120   M    M   0        20 120
 8  50  35  43  -4  22   0 0.14  0.0    0  8.4 18  90   M    M   7        21  90
 9  70  46  58  11   7   0 0.00  0.0    0  7.3 13  90   M    M   7        16  80
10  70  56  63  16   2   0    T  0.0    0  9.5 17 100   M    M   9 18     22 110
11  75  59  67  20   0   2    T  0.0    0  7.3 16 150   M    M   7 1      20 140
12  64  34  49   2  16   0 0.59  0.0    0 11.5 26 320   M    M   9 12     33 320
13  43  29  36 -11  29   0 0.00  0.0    0 13.1 22 330   M    M   5        29 320
14  49  23  36 -11  29   0 0.00  0.0    0  4.9 13 360   M    M   0        18  10
15  53  29  41  -6  24   0 0.00  0.0    0  2.1  8 120   M    M   1        11 120
16  56  29  43  -4  22   0 0.01    M    0  5.4 16 340   M    M   4 18     22 350
17  34  20  27 -20  38   0 0.15  2.0    0 12.9 22 320   M    M   4 1      27 320
18  47  18  33 -14  32   0 0.00  0.0    M  6.2 13 330   M    M   0        16 350
19  56  22  39  -8  26   0 0.00  0.0    0  2.0  9 280   M    M   0        12 330
20  62  29  46  -1  19   0 0.00  0.0    0  1.2  8 280   M    M   2 8      11 250
================================================================================
SM 1032  596       485   2  0.89     2.0 140.4          M       61
================================================================================
AV 51.6 29.8                               7.0 FASTST   M    M   3    MAX(MPH)
                                 MISC ---->  # 26 320               # 33  320
================================================================================
NOTES:
# LAST OF SEVERAL OCCURRENCES

COLUMN 17 PEAK WIND IN M.P.H.

PRELIMINARY LOCAL CLIMATOLOGICAL DATA (WS FORM: F-6) , PAGE 2

                                          STATION:  COLUMBUS
                                          MONTH:    JANUARY
                                          YEAR:     2018
                                          LATITUDE:   32 31 N
                                          LONGITUDE:  84 56 W

[TEMPERATURE DATA]      [PRECIPITATION DATA]       SYMBOLS USED IN COLUMN 16

AVERAGE MONTHLY: 40.7   TOTAL FOR MONTH:   0.89    1 = FOG OR MIST
DPTR FM NORMAL:  -6.3   DPTR FM NORMAL:   -1.50    2 = FOG REDUCING VISIBILITY
HIGHEST:    75 ON 11    GRTST 24HR  0.59 ON 12-12      TO 1/4 MILE OR LESS
LOWEST:     18 ON 18                               3 = THUNDER
                        SNOW, ICE PELLETS, HAIL    4 = ICE PELLETS
                        TOTAL MONTH:   2.0 INCHES  5 = HAIL
                        GRTST 24HR   2.0 ON 17-17  6 = FREEZING RAIN OR DRIZZLE
                        GRTST DEPTH:   0           7 = DUSTSTORM OR SANDSTORM:
                                                       VSBY 1/2 MILE OR LESS
                                                   8 = SMOKE OR HAZE
[NO. OF DAYS WITH]      [WEATHER - DAYS WITH]      9 = BLOWING SNOW
                                                   X = TORNADO
MAX 32 OR BELOW:   0    0.01 INCH OR MORE:   4
MAX 90 OR ABOVE:   0    0.10 INCH OR MORE:   3
MIN 32 OR BELOW:  15    0.50 INCH OR MORE:   1
MIN  0 OR BELOW:   0    1.00 INCH OR MORE:   0

[HDD (BASE 65) ]
TOTAL THIS MO.   485    CLEAR  (SCALE 0-3)  11
DPTR FM NORMAL   125    PTCLDY (SCALE 4-7)   7
TOTAL FM JUL 1  1178    CLOUDY (SCALE 8-10)  2
DPTR FM NORMAL   -11

[CDD (BASE 65) ]
TOTAL THIS MO.     2
DPTR FM NORMAL     2    [PRESSURE DATA]
TOTAL FM JAN 1     2    HIGHEST SLP M ON M
DPTR FM NORMAL     2    LOWEST  SLP 29.61 ON 12

[REMARKS]
