000
CXUS52 KFFC 281110
CF6CSG
PRELIMINARY LOCAL CLIMATOLOGICAL DATA (WS FORM: F-6)

                                          STATION:   COLUMBUS
                                          MONTH:     FEBRUARY
                                          YEAR:      2015
                                          LATITUDE:   32 31 N
                                          LONGITUDE:  84 56 W

  TEMPERATURE IN F:       :PCPN:    SNOW:  WIND      :SUNSHINE: SKY     :PK WND
================================================================================
1   2   3   4   5  6A  6B    7    8   9   10  11  12  13   14  15   16   17  18
                                     12Z  AVG MX 2MIN
DY MAX MIN AVG DEP HDD CDD  WTR  SNW DPTH SPD SPD DIR MIN PSBL S-S WX    SPD DR
================================================================================

 1  61  40  51   3  14   0 0.82  0.0    0  5.8 14 220   M    M   6 1      20 210
 2  60  31  46  -3  19   0 0.26  0.0    0 13.0 26 320   M    M   5 1      36 320
 3  52  28  40  -9  25   0 0.00  0.0    0  1.8  8 340   M    M   0 8      12  80
 4  50  35  43  -6  22   0 0.01    M    0  2.5  9 100   M    M   5        12 110
 5  58  37  48  -1  17   0 0.04    M    0  6.7 21 350   M    M   3        28 360
 6  56  27  42  -7  23   0 0.00  0.0    0  1.9 13 100   M    M   0        17 100
 7  64  29  47  -2  18   0 0.00  0.0    0  2.3 13 230   M    M   0        17 260
 8  70  33  52   2  13   0 0.00  0.0    0  3.2 15 220   M    M   2 128    18 220
 9  69  50  60  10   5   0 0.11  0.0    0  8.1 20 350   M    M   7 13     26 350
10  56  39  48  -2  17   0 0.00  0.0    0  9.8 22 350   M    M   5        29 320
11  64  33  49  -1  16   0 0.00  0.0    0  2.4 10 300   M    M   0        14 320
12  57  31  44  -6  21   0 0.00  0.0    0  9.2 23 330   M    M   0        29 340
13  49  27  38 -13  27   0 0.00  0.0    0  3.9 12  30   M    M   0        16  20
14  61  27  44  -7  21   0 0.00  0.0    0  6.6 20 300   M    M   0 8      26 310
15  51  33  42  -9  23   0 0.00  0.0    0  6.5 15 350   M    M   0        21  10
16  62  38  50  -1  15   0 0.43  0.0    0  8.0 14 290   M    M   9 1      20 220
17  59  33  46  -6  19   0 0.24  0.0    0 10.4 21 320   M    M   4 1      29 330
18  46  25  36 -16  29   0 0.00  0.0    0 12.0 28 310   M    M   2        36 320
19  35  21  28 -24  37   0 0.00  0.0    0 10.5 21 320   M    M   0        31 310
20  36  21  29 -23  36   0 0.00  0.0    0  5.0 10 110   M    M   6        13 130
21  66  31  49  -3  16   0    T  0.0    0  9.5 23 230   M    M   5        32 210
22  70  53  62   9   3   0 0.39  0.0    0  3.1 10 240   M    M   9 1      14 240
23  58  44  51  -2  14   0 0.32  0.0    0  8.2 17 340   M    M   6 1      23 330
24  49  36  43 -10  22   0 0.19    M    0  4.9 12 330   M    M   8 1      15 350
25  42  37  40 -13  25   0 1.41  0.0    0  5.2 15 100   M    M   6 1      18  80
26  48  37  43 -11  22   0 0.00  0.0    0  7.1 17 340   M    M   9 1      20 340
27  56  30  43 -11  22   0 0.00  0.0    0  5.8 13 350   M    M   0        25 350
================================================================================
SM 1505  906       541   0  4.22     0.0 173.4          M       97
================================================================================
AV 55.7 33.6                               6.4 FASTST   M    M   4    MAX(MPH)
                                 MISC ---->  # 28 310               # 36  320
================================================================================
NOTES:
# LAST OF SEVERAL OCCURRENCES

COLUMN 17 PEAK WIND IN M.P.H.

PRELIMINARY LOCAL CLIMATOLOGICAL DATA (WS FORM: F-6) , PAGE 2

                                          STATION:  COLUMBUS
                                          MONTH:    FEBRUARY
                                          YEAR:     2015
                                          LATITUDE:   32 31 N
                                          LONGITUDE:  84 56 W

[TEMPERATURE DATA]      [PRECIPITATION DATA]       SYMBOLS USED IN COLUMN 16

AVERAGE MONTHLY: 44.6   TOTAL FOR MONTH:   4.22    1 = FOG OR MIST
DPTR FM NORMAL:  -6.3   DPTR FM NORMAL:   -0.06    2 = FOG REDUCING VISIBILITY
HIGHEST:    70 ON 22, 8 GRTST 24HR  1.41 ON 25-25      TO 1/4 MILE OR LESS
LOWEST:     21 ON 20,19                            3 = THUNDER
                        SNOW, ICE PELLETS, HAIL    4 = ICE PELLETS
                        TOTAL MONTH:   0.0 INCH    5 = HAIL
                        GRTST 24HR     0.0         6 = FREEZING RAIN OR DRIZZLE
                        GRTST DEPTH:   0           7 = DUSTSTORM OR SANDSTORM:
                                                       VSBY 1/2 MILE OR LESS
                                                   8 = SMOKE OR HAZE
[NO. OF DAYS WITH]      [WEATHER - DAYS WITH]      9 = BLOWING SNOW
                                                   X = TORNADO
MAX 32 OR BELOW:   0    0.01 INCH OR MORE:  11
MAX 90 OR ABOVE:   0    0.10 INCH OR MORE:   9
MIN 32 OR BELOW:  12    0.50 INCH OR MORE:   2
MIN  0 OR BELOW:   0    1.00 INCH OR MORE:   1

[HDD (BASE 65) ]
TOTAL THIS MO.   541    CLEAR  (SCALE 0-3)  13
DPTR FM NORMAL   158    PTCLDY (SCALE 4-7)  11
TOTAL FM JUL 1  1991    CLOUDY (SCALE 8-10)  3
DPTR FM NORMAL   225

[CDD (BASE 65) ]
TOTAL THIS MO.     0
DPTR FM NORMAL     0    [PRESSURE DATA]
TOTAL FM JAN 1     0    HIGHEST SLP M ON M
DPTR FM NORMAL    -1    LOWEST  SLP 29.65 ON  2

[REMARKS]
