000
CXUS54 KOUN 210700
CF6CSM
PRELIMINARY LOCAL CLIMATOLOGICAL DATA (WS FORM: F-6)

                                          STATION:   CLINTON
                                          MONTH:     AUGUST
                                          YEAR:      2017
                                          LATITUDE:   35 20 N
                                          LONGITUDE:  99 12 W

  TEMPERATURE IN F:       :PCPN:    SNOW:  WIND      :SUNSHINE: SKY     :PK WND
================================================================================
1   2   3   4   5  6A  6B    7    8   9   10  11  12  13   14  15   16   17  18
                                     12Z  AVG MX 2MIN
DY MAX MIN AVG DEP HDD CDD  WTR  SNW DPTH SPD SPD DIR MIN PSBL S-S WX    SPD DR
================================================================================

 1  75  67  71 -12   0   6 0.46  0.0    0  5.6 13 320   M    M   8 1      14 330
 2  87  66  77  -6   0  12 0.00  0.0    0  5.4 12 100   M    M   5 128    16  90
 3  93  67  80  -3   0  15 0.00  0.0    0  7.2 23 260   M    M   2        28 260
 4  88  65  77  -6   0  12 0.00  0.0    0 10.7 18  50   M    M   1        24  70
 5 100  70  85   2   0  20 0.29  0.0    0 19.5 35 310   M    M   1 13     41 210
 6  84  70  77  -6   0  12 0.03  0.0    0 13.0 24  40   M    M   7 13     29 170
 7  81  66  74  -9   0   9    T  0.0    0 11.9 21  40   M    M   9 18     24  50
 8  86  62  74  -9   0   9 0.00  0.0    0  7.3 13  70   M    M   4        18  60
 9  90  69  80  -2   0  15 0.00  0.0    0 12.5 18 170   M    M   2        24 220
10  95  70  83   1   0  18 0.12  0.0    0 11.5 31 290   M    M   1 13     40 290
11  85  66  76  -6   0  11 1.60  0.0    0  9.3 37 310   M    M   5 13     45 310
12  74  68  71 -11   0   6 1.67  0.0    0  9.6 20 100   M    M   8 13     24 100
13  80  68  74  -8   0   9 0.13  0.0    0  5.5 18 210   M    M   9 13     22 220
14  86  68  77  -5   0  12 0.05  0.0    0  9.2 32 190   M    M   1 3      39 180
15  87  71  79  -3   0  14    T  0.0    0 11.7 22 210   M    M   1        26 210
16  93  72  83   2   0  18 0.00  0.0    0 12.7 21 190   M    M   1 3      26 190
17  89  67  78  -3   0  13 0.00  0.0    0  7.1 13 140   M    M   0        16 110
18  92  69  81   0   0  16 0.00  0.0    0 11.6 28 340   M    M   1        36 330
19  97  73  85   4   0  20 0.00  0.0    0 11.8 25 160   M    M   0        31 160
20  96  71  84   4   0  19 0.00  0.0    0 13.9 23 150   M    M   0        29 150
================================================================================
SM 1758 1365         0 266  4.35     0.0 207.0          M       66
================================================================================
AV 87.9 68.3                              10.4 FASTST   M    M   3    MAX(MPH)
                                 MISC ---->  # 37 310               # 45  310
================================================================================
NOTES:
# LAST OF SEVERAL OCCURRENCES

COLUMN 17 PEAK WIND IN M.P.H.

PRELIMINARY LOCAL CLIMATOLOGICAL DATA (WS FORM: F-6) , PAGE 2

                                          STATION:  CLINTON
                                          MONTH:    AUGUST
                                          YEAR:     2017
                                          LATITUDE:   35 20 N
                                          LONGITUDE:  99 12 W

[TEMPERATURE DATA]      [PRECIPITATION DATA]       SYMBOLS USED IN COLUMN 16

AVERAGE MONTHLY: 78.1   TOTAL FOR MONTH:   4.35    1 = FOG OR MIST
DPTR FM NORMAL:  -4.0   DPTR FM NORMAL:    2.47    2 = FOG REDUCING VISIBILITY
HIGHEST:   100 ON  5    GRTST 24HR  1.67 ON 12-12      TO 1/4 MILE OR LESS
LOWEST:     62 ON  8                               3 = THUNDER
                        SNOW, ICE PELLETS, HAIL    4 = ICE PELLETS
                        TOTAL MONTH:   0.0 INCH    5 = HAIL
                        GRTST 24HR     0.0         6 = FREEZING RAIN OR DRIZZLE
                        GRTST DEPTH:   0           7 = DUSTSTORM OR SANDSTORM:
                                                       VSBY 1/2 MILE OR LESS
                                                   8 = SMOKE OR HAZE
[NO. OF DAYS WITH]      [WEATHER - DAYS WITH]      9 = BLOWING SNOW
                                                   X = TORNADO
MAX 32 OR BELOW:   0    0.01 INCH OR MORE:   8
MAX 90 OR ABOVE:   8    0.10 INCH OR MORE:   6
MIN 32 OR BELOW:   0    0.50 INCH OR MORE:   2
MIN  0 OR BELOW:   0    1.00 INCH OR MORE:   2

[HDD (BASE 65) ]
TOTAL THIS MO.     0    CLEAR  (SCALE 0-3)  12
DPTR FM NORMAL     0    PTCLDY (SCALE 4-7)   5
TOTAL FM JUL 1     0    CLOUDY (SCALE 8-10)  3
DPTR FM NORMAL     0

[CDD (BASE 65) ]
TOTAL THIS MO.   266
DPTR FM NORMAL   -76    [PRESSURE DATA]
TOTAL FM JAN 1  1556    HIGHEST SLP M ON M
DPTR FM NORMAL    75    LOWEST  SLP 29.69 ON  6

[REMARKS]
