000
CXUS55 KOHX 301010
CF6CSV
PRELIMINARY LOCAL CLIMATOLOGICAL DATA (WS FORM: F-6)

                                          STATION:   CROSSVILLE
                                          MONTH:     AUGUST
                                          YEAR:      2014
                                          LATITUDE:   35 57 N
                                          LONGITUDE:  85  5 W

  TEMPERATURE IN F:       :PCPN:    SNOW:  WIND      :SUNSHINE: SKY     :PK WND
================================================================================
1   2   3   4   5  6A  6B    7    8   9   10  11  12  13   14  15   16   17  18
                                     12Z  AVG MX 2MIN
DY MAX MIN AVG DEP HDD CDD  WTR  SNW DPTH SPD SPD DIR MIN PSBL S-S WX    SPD DR
================================================================================

 1  80  59  70  -5   0   5 0.00    M    M  1.0  8 360   M    M   6 18     12 330
 2  83  63  73  -2   0   8 0.00    M    M  3.2 14  10   M    M   4 18     16  20
 3  83  60  72  -3   0   7 0.00    M    M  3.4 13  60   M    M   2 18     19  30
 4  83  57  70  -4   0   5 0.00    M    M  2.2 17 350   M    M   1 18     33 330
 5  83  58  71  -3   0   6 0.00    M    M  2.8 13 330   M    M   1 18     15 330
 6  85  63  74   0   0   9 0.00    M    M  3.4 14 280   M    M   2 18     19 290
 7  87  67  77   3   0  12 0.08    M    M  2.0 12 250   M    M   1 138    18 240
 8  79  69  74   0   0   9 0.59    M    M  3.7  9 170   M    M   7 18     15 170
 9  82  69  76   2   0  11 0.12    M    M  4.3 10 180   M    M   7 138    15 190
10  83  70  77   3   0  12 0.01    M    M  4.6 13 270   M    M   6 128    21 280
11  83  69  76   2   0  11 1.16    M    M  3.9 18 310   M    M   7 138    30 280
12  81  62  72  -2   0   7 0.01    M    M  6.5 17 320   M    M   5 18     24 280
13  75  55  65  -9   0   0 0.00    M    M  5.0 13  10   M    M   4 1      18 330
14  79  52  66  -8   0   1 0.00    M    M  2.3  9  60   M    M   2 12     13  20
15  81  57  69  -5   0   4 0.00    M    M  2.6 12 340   M    M   1 1      19 360
16  80  61  71  -3   0   6 0.00    M    M  1.2  7 220   M    M   1 1      12 200
17  79  67  73  -1   0   8 0.29    M    M  3.5 16 290   M    M   4 13     24 280
18  81  68  75   1   0  10 0.30    M    M  4.8 16 260   M    M   7 138    20 250
19  82  68  75   1   0  10 0.18    M    M  4.7 14 260   M    M   6 128    19 260
20  87  68  78   4   0  13 0.03    M    M  4.2 26 260   M    M   3 18     33 260
21  86  66  76   2   0  11 0.00    M    M  3.7 13 280   M    M   1        18 280
22  86  69  78   4   0  13 0.00    M    M  4.4 16 290   M    M   1 18     20 260
23  87  70  79   5   0  14 0.31    M    M  4.7 14  30   M    M   3 13     18  30
24  84  71  78   5   0  13 0.11    M    M  3.8  9 360   M    M   6 1      12  20
25  83  69  76   3   0  11 0.01    M    M  2.0  9 100   M    M   6 18     13  30
26  83  66  75   2   0  10 0.00    M    M  2.3  9 300   M    M   4 1      13 310
27  86  66  76   3   0  11 0.00  0.0    0  1.6  8  40   M    M   2 18     12  10
28  87  68  78   5   0  13 0.00  0.0    0  1.6 13 320   M    M   2 138    17 330
29  87  67  77   5   0  12 0.00  0.0    0  2.4 14 160   M    M   1 18     19 170
================================================================================
SM 2405 1874         0 262  3.20     0.0  95.8          M      103
================================================================================
AV 82.9 64.6                               3.3 FASTST   M    M   4    MAX(MPH)
                                 MISC ---->  # 26 260               # 33  330
================================================================================
NOTES:
# LAST OF SEVERAL OCCURRENCES

COLUMN 17 PEAK WIND IN M.P.H.

PRELIMINARY LOCAL CLIMATOLOGICAL DATA (WS FORM: F-6) , PAGE 2

                                          STATION:  CROSSVILLE
                                          MONTH:    AUGUST
                                          YEAR:     2014
                                          LATITUDE:   35 57 N
                                          LONGITUDE:  85  5 W

[TEMPERATURE DATA]      [PRECIPITATION DATA]       SYMBOLS USED IN COLUMN 16

AVERAGE MONTHLY: 73.8   TOTAL FOR MONTH:   3.20    1 = FOG OR MIST
DPTR FM NORMAL:  -0.1   DPTR FM NORMAL:   -0.56    2 = FOG REDUCING VISIBILITY
HIGHEST:    87 ON 29,28 GRTST 24HR  1.16 ON 11-11      TO 1/4 MILE OR LESS
LOWEST:     52 ON 14                               3 = THUNDER
                        SNOW, ICE PELLETS, HAIL    4 = ICE PELLETS
                        TOTAL MONTH:   0.0 INCH    5 = HAIL
                        GRTST 24HR     0.0         6 = FREEZING RAIN OR DRIZZLE
                        GRTST DEPTH:   0           7 = DUSTSTORM OR SANDSTORM:
                                                       VSBY 1/2 MILE OR LESS
                                                   8 = SMOKE OR HAZE
[NO. OF DAYS WITH]      [WEATHER - DAYS WITH]      9 = BLOWING SNOW
                                                   X = TORNADO
MAX 32 OR BELOW:   0    0.01 INCH OR MORE:  13
MAX 90 OR ABOVE:   0    0.10 INCH OR MORE:   8
MIN 32 OR BELOW:   0    0.50 INCH OR MORE:   2
MIN  0 OR BELOW:   0    1.00 INCH OR MORE:   1

[HDD (BASE 65) ]
TOTAL THIS MO.     0    CLEAR  (SCALE 0-3)  13
DPTR FM NORMAL     0    PTCLDY (SCALE 4-7)  16
TOTAL FM JUL 1     1    CLOUDY (SCALE 8-10)  0
DPTR FM NORMAL     1

[CDD (BASE 65) ]
TOTAL THIS MO.   262
DPTR FM NORMAL    -1    [PRESSURE DATA]
TOTAL FM JAN 1   814    HIGHEST SLP M ON M
DPTR FM NORMAL   -25    LOWEST  SLP 29.85 ON M

[REMARKS]
