227
CXUS52 KTAE 300800
CF6CTY
PRELIMINARY LOCAL CLIMATOLOGICAL DATA (WS FORM: F-6)

                                          STATION:   CROSS CITY
                                          MONTH:     AUGUST
                                          YEAR:      2016
                                          LATITUDE:   29 37 N
                                          LONGITUDE:  83  6 W

  TEMPERATURE IN F:       :PCPN:    SNOW:  WIND      :SUNSHINE: SKY     :PK WND
================================================================================
1   2   3   4   5  6A  6B    7    8   9   10  11  12  13   14  15   16   17  18
                                     12Z  AVG MX 2MIN
DY MAX MIN AVG DEP HDD CDD  WTR  SNW DPTH SPD SPD DIR MIN PSBL S-S WX    SPD DR
================================================================================

 1  93  73  83   1   0  18 0.61  0.0    0  3.6 16 210   M    M   0        22 220
 2  93  74  84   2   0  19 0.00  0.0    0  2.5 13 130   M    M   0        16 130
 3  94  75  85   3   0  20 0.07  0.0    0  3.2 16 220   M    M   0        20 200
 4  87  75  81  -1   0  16 0.40  0.0    0  3.8 14 190   M    M   0        18 200
 5  82  75  79  -3   0  14 0.19  0.0    0  4.5 13 200   M    M   0        15 200
 6  80  75  78  -4   0  13 1.69  0.0    0  4.9 14 170   M    M   0        17 180
 7  83  74  79  -3   0  14 0.58  0.0    0  8.5 21 220   M    M   0        27 240
 8  86  77  82   0   0  17 1.39  0.0    0  8.2 21 170   M    M   0        28 160
 9  79  75  77  -5   0  12 6.51  0.0    0  7.4 15 210   M    M   0        20 190
10  93  74  84   2   0  19 0.04  0.0    0  5.7 15 260   M    M   0        22 190
11  94  75  85   3   0  20 0.17  0.0    0  3.4 18  30   M    M   0        22  30
12  91  76  84   3   0  19 0.44  0.0    0  2.7 18 210   M    M   0        23 210
13  93  75  84   3   0  19 0.06  0.0    0  4.8 14 220   M    M   0        18 210
14  93  73  83   2   0  18 0.76  0.0    0  3.8 23 180   M    M   0        30 180
15  96  73  85   4   0  20 0.00  0.0    0  3.2 12 110   M    M   0        17 100
16  79  77  78  -3   0  13 0.05  0.0    0  1.8  6  90   M    M   0         M  M
17   M   M   M   M   M   M    M    M    0   M   M   M   M    M   0         M  M
18   M   M   M   M   M   M    M    M    0   M   M   M   M    M   0         M  M
19  91  75  83   2   0  18 0.39  0.0    0  2.9  9 270   M    M   2 18      M  M
20  91  72  82   1   0  17 0.01  0.0    0  3.6 10 260   M    M   2 1      18 260
21  93  73  83   2   0  18 0.00  0.0    0  3.9 13 240   M    M   2 1       M  M
22  93  72  83   2   0  18 0.00  0.0    0  3.7  9 270   M    M   1         M  M
23  95  75  85   4   0  20 1.47  0.0    0  3.5 13  20   M    M   3 13     21 180
24  91  75  83   2   0  18 0.01  0.0    0  6.6 12  60   M    M   2 1      21  60
25  90  72  81   0   0  16 0.00  0.0    0  7.4 16  20   M    M   2        21  20
26  91  73  82   1   0  17 0.00  0.0    0  6.1 10  50   M    M   5        17  50
27  93  73  83   2   0  18 0.15  0.0    0  5.7 13  40   M    M   3         M  M
28  91  75  83   2   0  18 0.05  0.0    0  5.8 12  60   M    M   3        18  20
29  95  75  85   4   0  20 0.00  0.0    0  6.6 12  50   M    M   3        20  90
================================================================================
SM 2430 2006         0 469 15.04     0.0 127.8          M       28
================================================================================
AV 90.0 74.3                               4.7 FASTST   M    M   1    MAX(MPH)
                                 MISC ---->  # 23 180               # 30  180
================================================================================
NOTES:
# LAST OF SEVERAL OCCURRENCES

COLUMN 17 PEAK WIND IN M.P.H.

PRELIMINARY LOCAL CLIMATOLOGICAL DATA (WS FORM: F-6) , PAGE 2

                                          STATION:  CROSS CITY
                                          MONTH:    AUGUST
                                          YEAR:     2016
                                          LATITUDE:   29 37 N
                                          LONGITUDE:  83  6 W

[TEMPERATURE DATA]      [PRECIPITATION DATA]       SYMBOLS USED IN COLUMN 16

AVERAGE MONTHLY: 82.1   TOTAL FOR MONTH:  15.04    1 = FOG OR MIST
DPTR FM NORMAL:   0.8   DPTR FM NORMAL:    8.06    2 = FOG REDUCING VISIBILITY
HIGHEST:    96 ON 15    GRTST 24HR  6.65 ON  8- 9      TO 1/4 MILE OR LESS
LOWEST:     72 ON 25,22                            3 = THUNDER
                        SNOW, ICE PELLETS, HAIL    4 = ICE PELLETS
                        TOTAL MONTH:   0.0 INCH    5 = HAIL
                        GRTST 24HR     0.0         6 = FREEZING RAIN OR DRIZZLE
                        GRTST DEPTH:   0           7 = DUSTSTORM OR SANDSTORM:
                                                       VSBY 1/2 MILE OR LESS
                                                   8 = SMOKE OR HAZE
[NO. OF DAYS WITH]      [WEATHER - DAYS WITH]      9 = BLOWING SNOW
                                                   X = TORNADO
MAX 32 OR BELOW:   0    0.01 INCH OR MORE:  20
MAX 90 OR ABOVE:  20    0.10 INCH OR MORE:  13
MIN 32 OR BELOW:   0    0.50 INCH OR MORE:   7
MIN  0 OR BELOW:   0    1.00 INCH OR MORE:   4

[HDD (BASE 65) ]
TOTAL THIS MO.     0    CLEAR  (SCALE 0-3)  28
DPTR FM NORMAL     0    PTCLDY (SCALE 4-7)   1
TOTAL FM JUL 1     0    CLOUDY (SCALE 8-10)  0
DPTR FM NORMAL     0

[CDD (BASE 65) ]
TOTAL THIS MO.   469
DPTR FM NORMAL    -5    [PRESSURE DATA]
TOTAL FM JAN 1  2282    HIGHEST SLP M ON M
DPTR FM NORMAL   374    LOWEST  SLP 29.81 ON  8

[REMARKS]
