000
CXUS55 KCAE 191400
CF6CUB
PRELIMINARY LOCAL CLIMATOLOGICAL DATA (WS FORM: F-6)

                                          STATION:   HAMILTON - OWENS AIRPORT SC
                                          MONTH:     AUGUST
                                          YEAR:      2017
                                          LATITUDE:   33 58 N
                                          LONGITUDE:  80 59 W

  TEMPERATURE IN F:       :PCPN:    SNOW:  WIND      :SUNSHINE: SKY     :PK WND
================================================================================
1   2   3   4   5  6A  6B    7    8   9   10  11  12  13   14  15   16   17  18
                                     12Z  AVG MX 2MIN
DY MAX MIN AVG DEP HDD CDD  WTR  SNW DPTH SPD SPD DIR MIN PSBL S-S WX    SPD DR
================================================================================

 1  90  64  77  -5   0  12 0.00    M    M  2.0  8 180   M    M   0        14  40
 2  90  67  79  -3   0  14 0.00    M    M  1.8 10 160   M    M   0 8      13 170
 3  86  74  80  -2   0  15 0.00    M    M  1.1  8 150   M    M   2        12 140
 4  89  74  82   0   0  17 0.01    M    M  6.2 15 220   M    M   6 1      22 200
 5  91  76  84   2   0  19 0.00    M    M  4.1 14 220   M    M   6 3      22 230
 6  94  73  84   2   0  19 0.03    M    M  2.2 20 200   M    M   2 13     27 200
 7  93  74  84   2   0  19 0.40    M    M  5.6 21 260   M    M   3 138    29 250
 8  81  75  78  -4   0  13 0.05    M    M  2.5 10 300   M    M   6 1      14 300
 9  80  73  77  -5   0  12 0.43    M    M  1.8  8  80   M    M   9 1      13  70
10  88  72  80  -2   0  15 0.00    M    M  1.1  8 170   M    M   6        12 160
11  91  75  83   1   0  18 0.10    M    M  1.2 10 140   M    M   7 123    14 170
12  94  77  86   4   0  21 0.00    M    M  3.4  9 260   M    M   6 1      13 280
13  90  77  84   2   0  19 1.05    M    M  1.2 22 320   M    M   3 13     30 320
14  93  75  84   2   0  19 0.00    M    M  2.1 13 160   M    M   4 13     16 150
15  96  76  86   5   0  21 0.00    M    M  4.0 13 290   M    M   2        18 280
16  97  77  87   6   0  22 0.00    M    M  1.6  9 270   M    M   2        13 280
17  97  78  88   7   0  23 0.04    M    M  2.4 15 270   M    M   2 3      23 290
18  97  78  88   7   0  23 0.00    M    M  5.0 13 200   M    M   1        17 270
================================================================================
SM 1637 1335         0 321  2.11    M     49.3          M       67
================================================================================
AV 90.9 74.2                               2.7 FASTST   M    M   4    MAX(MPH)
                                 MISC ---->  # 22 320               # 30  320
================================================================================
NOTES:
# LAST OF SEVERAL OCCURRENCES

COLUMN 17 PEAK WIND IN M.P.H.

PRELIMINARY LOCAL CLIMATOLOGICAL DATA (WS FORM: F-6) , PAGE 2

                                          STATION:  HAMILTON - OWENS AIRPORT SC
                                          MONTH:    AUGUST
                                          YEAR:     2017
                                          LATITUDE:   33 58 N
                                          LONGITUDE:  80 59 W

[TEMPERATURE DATA]      [PRECIPITATION DATA]       SYMBOLS USED IN COLUMN 16

AVERAGE MONTHLY: 82.6   TOTAL FOR MONTH:   2.11    1 = FOG OR MIST
DPTR FM NORMAL:   0.8   DPTR FM NORMAL:   -0.93    2 = FOG REDUCING VISIBILITY
HIGHEST:    97 ON 18,17 GRTST 24HR  1.05 ON 13-13      TO 1/4 MILE OR LESS
LOWEST:     64 ON  1                               3 = THUNDER
                        SNOW, ICE PELLETS, HAIL    4 = ICE PELLETS
                        TOTAL MONTH:    M          5 = HAIL
                        GRTST 24HR    M  ON   M    6 = FREEZING RAIN OR DRIZZLE
                        GRTST DEPTH:  M  ON   M    7 = DUSTSTORM OR SANDSTORM:
                                                       VSBY 1/2 MILE OR LESS
                                                   8 = SMOKE OR HAZE
[NO. OF DAYS WITH]      [WEATHER - DAYS WITH]      9 = BLOWING SNOW
                                                   X = TORNADO
MAX 32 OR BELOW:   0    0.01 INCH OR MORE:   8
MAX 90 OR ABOVE:  13    0.10 INCH OR MORE:   4
MIN 32 OR BELOW:   0    0.50 INCH OR MORE:   1
MIN  0 OR BELOW:   0    1.00 INCH OR MORE:   1

[HDD (BASE 65) ]
TOTAL THIS MO.     0    CLEAR  (SCALE 0-3)   9
DPTR FM NORMAL     0    PTCLDY (SCALE 4-7)   8
TOTAL FM JUL 1     0    CLOUDY (SCALE 8-10)  1
DPTR FM NORMAL     0

[CDD (BASE 65) ]
TOTAL THIS MO.   321
DPTR FM NORMAL    18    [PRESSURE DATA]
TOTAL FM JAN 1  1876    HIGHEST SLP M ON M
DPTR FM NORMAL   257    LOWEST  SLP 29.83 ON 15

[REMARKS]
