000
CXUS53 KUNR 220945
CF6CUT
PRELIMINARY LOCAL CLIMATOLOGICAL DATA (WS FORM: F-6)

                                          STATION:   CUSTER COUNTY AIRPORT SD
                                          MONTH:     JUNE
                                          YEAR:      2017
                                          LATITUDE:   43 43 N
                                          LONGITUDE: 103 37 W

  TEMPERATURE IN F:       :PCPN:    SNOW:  WIND      :SUNSHINE: SKY     :PK WND
================================================================================
1   2   3   4   5  6A  6B    7    8   9   10  11  12  13   14  15   16   17  18
                                     12Z  AVG MX 2MIN
DY MAX MIN AVG DEP HDD CDD  WTR  SNW DPTH SPD SPD DIR MIN PSBL S-S WX    SPD DR
================================================================================

 1  77  44  61   8   4   0 0.00    M    M  6.0 14 150   M    M   0        19 170
 2  79  50  65  11   0   0 0.02    M    M  5.7 15  10   M    M   2 3      25  70
 3  74  44  59   5   6   0 0.00    M    M  5.3 13 120   M    M   2        17  90
 4  78  48  63   9   2   0 0.00    M    M  5.3 14 160   M    M   0        19 180
 5  81  49  65  10   0   0 0.49    M    0  7.1 23  10   M    M   3 3      35 360
 6  64  50  57   2   8   0 0.00    M    M  4.2 13 350   M    M   7        18 350
 7  73  47  60   5   5   0 0.01    M    0  5.0 18  90   M    M   5 3      29  80
 8  76  48  62   6   3   0 0.00    M    M  6.2 14 110   M    M   0        21 110
 9  85  54  70  14   0   5 0.00    M    M  8.1 21 270   M    M   0        27 270
10  77  49  63   7   2   0 0.08    M    0  6.3 16 250   M    M   0 3      23 250
11  70  55  63   6   2   0 0.00    M    M  7.2 18  70   M    M   6        27  80
12  70  52  61   4   4   0 0.56    M    M 13.7 25 270   M    M   7 13     35 270
13  66  48  57  -1   8   0    T    M    0 11.6 29 270   M    M   4 3      44 240
14  69  46  58   0   7   0 0.00    M    M 10.0 21 270   M    M   1        27 280
15  74  42  58   0   7   0 0.00    M    M  6.7 22 270   M    M   2        31 260
16  71  49  60   1   5   0 0.06    M    0  3.9 14  60   M    M   5        34 110
17  64  44  54  -5  11   0    T    M    0  8.2 24 280   M    M   5        38 320
18  68  44  56  -4   9   0 0.00    M    M  7.6 23 280   M    M   5        32 280
19  73  44  59  -1   6   0 0.00    M    M  7.5 22 270   M    M   3        29 280
20  87  47  67   7   0   2 0.00    M    M  6.9 18 270   M    M   1 8      25 260
21  88  57  73  12   0   8 0.00    M    M  9.4 21  80   M    M   1 8      31 290
================================================================================
SM 1564 1011        89  15  1.22    M    151.9          M       59
================================================================================
AV 74.5 48.1                               7.2 FASTST   M    M   3    MAX(MPH)
                                 MISC ---->  # 29 270               # 44  240
================================================================================
NOTES:
# LAST OF SEVERAL OCCURRENCES

COLUMN 17 PEAK WIND IN M.P.H.

PRELIMINARY LOCAL CLIMATOLOGICAL DATA (WS FORM: F-6) , PAGE 2

                                          STATION:  CUSTER COUNTY AIRPORT SD
                                          MONTH:    JUNE
                                          YEAR:     2017
                                          LATITUDE:   43 43 N
                                          LONGITUDE: 103 37 W

[TEMPERATURE DATA]      [PRECIPITATION DATA]       SYMBOLS USED IN COLUMN 16

AVERAGE MONTHLY: 61.3   TOTAL FOR MONTH:   1.22    1 = FOG OR MIST
DPTR FM NORMAL:   4.4   DPTR FM NORMAL:   -1.12    2 = FOG REDUCING VISIBILITY
HIGHEST:    88 ON 21    GRTST 24HR  0.56 ON 12-12      TO 1/4 MILE OR LESS
LOWEST:     42 ON 15                               3 = THUNDER
                        SNOW, ICE PELLETS, HAIL    4 = ICE PELLETS
                        TOTAL MONTH:    M          5 = HAIL
                        GRTST 24HR    M  ON   M    6 = FREEZING RAIN OR DRIZZLE
                        GRTST DEPTH:   0           7 = DUSTSTORM OR SANDSTORM:
                                                       VSBY 1/2 MILE OR LESS
                                                   8 = SMOKE OR HAZE
[NO. OF DAYS WITH]      [WEATHER - DAYS WITH]      9 = BLOWING SNOW
                                                   X = TORNADO
MAX 32 OR BELOW:   0    0.01 INCH OR MORE:   6
MAX 90 OR ABOVE:   0    0.10 INCH OR MORE:   2
MIN 32 OR BELOW:   0    0.50 INCH OR MORE:   1
MIN  0 OR BELOW:   0    1.00 INCH OR MORE:   0

[HDD (BASE 65) ]
TOTAL THIS MO.    89    CLEAR  (SCALE 0-3)  13
DPTR FM NORMAL   -93    PTCLDY (SCALE 4-7)   8
TOTAL FM JUL 1  7533    CLOUDY (SCALE 8-10)  0
DPTR FM NORMAL  -818

[CDD (BASE 65) ]
TOTAL THIS MO.    15
DPTR FM NORMAL     6    [PRESSURE DATA]
TOTAL FM JAN 1    15    HIGHEST SLP M ON M
DPTR FM NORMAL     5    LOWEST  SLP 29.08 ON  9

[REMARKS]
