000
CXUS56 KSGX 221445
CF6CZZ
PRELIMINARY LOCAL CLIMATOLOGICAL DATA (WS FORM: F-6)

                                          STATION:   CAMPO ASOS CA
                                          MONTH:     MAY
                                          YEAR:      2017
                                          LATITUDE:   32 37 N
                                          LONGITUDE: 116 28 W

  TEMPERATURE IN F:       :PCPN:    SNOW:  WIND      :SUNSHINE: SKY     :PK WND
================================================================================
1   2   3   4   5  6A  6B    7    8   9   10  11  12  13   14  15   16   17  18
                                     12Z  AVG MX 2MIN
DY MAX MIN AVG DEP HDD CDD  WTR  SNW DPTH SPD SPD DIR MIN PSBL S-S WX    SPD DR
================================================================================

 1  86  36  61   3   4   0 0.00  0.0    0  8.0 22 220   M    M   0        27 220
 2  89  44  67   9   0   2 0.00  0.0    0  8.6 17 300   M    M   0        23 280
 3  92  46  69  10   0   4 0.00  0.0    0  6.7 20 220   M    M   0        24 220
 4  91  47  69  10   0   4 0.00  0.0    0  6.9 21 220   M    M   0        26 230
 5  80  46  63   4   2   0 0.00  0.0    0  9.8 22 220   M    M   0        26 210
 6  58  41  50  -9  15   0 0.09    M    0 13.7 29 240   M    M   0        37 240
 7  50  40  45 -14  20   0 0.68    M    0  9.5 22 220   M    M   0        32 210
 8  68  40  54  -6  11   0 0.01    M    0  7.9 25  60   M    M   0        35  50
 9  64  43  54  -6  11   0 0.04    M    0  5.9 18 240   M    M   0        24 230
10  62  51  57  -3   8   0 0.00  0.0    0  5.6 15 220   M    M   0        17 220
11  77  48  63   3   2   0 0.00  0.0    0  6.7 21 210   M    M   0        24 210
12  78  46  62   2   3   0 0.00  0.0    0  7.7 18 220   M    M   0        23 230
13  70  48  59  -1   6   0 0.00  0.0    0  7.3 20 230   M    M   0        25 210
14  67  42  55  -6  10   0 0.00  0.0    0  8.8 21 220   M    M   0        26 240
15  55  44  50 -11  15   0 0.00  0.0    0 13.2 24 250   M    M   0        30 240
16  57  44  51 -10  14   0 0.07    M    0  9.4 16 230   M    M   0        19 240
17  65  46  56  -5   9   0 0.00  0.0    0 11.2 23 220   M    M   0        30 220
18  77  41  59  -2   6   0 0.00  0.0    0  9.7 26  70   M    M   0        36  50
19  80  45  63   2   2   0 0.00  0.0    0 11.6 28  70   M    M   0        37  70
20  85  41  63   2   2   0 0.00  0.0    0  8.8 23  60   M    M   0        33  50
21  91  47  69   7   0   4 0.00  0.0    0  7.3 20 220   M    M   0        26 270
================================================================================
SM 1542  926       140  14  0.89     0.0 184.3          M        0
================================================================================
AV 73.4 44.1                               8.8 FASTST   M    M   0    MAX(MPH)
                                 MISC ---->  # 29 240               # 37  240
================================================================================
NOTES:
# LAST OF SEVERAL OCCURRENCES

COLUMN 17 PEAK WIND IN M.P.H.

PRELIMINARY LOCAL CLIMATOLOGICAL DATA (WS FORM: F-6) , PAGE 2

                                          STATION:  CAMPO ASOS CA
                                          MONTH:    MAY
                                          YEAR:     2017
                                          LATITUDE:   32 37 N
                                          LONGITUDE: 116 28 W

[TEMPERATURE DATA]      [PRECIPITATION DATA]       SYMBOLS USED IN COLUMN 16

AVERAGE MONTHLY: 58.8   TOTAL FOR MONTH:   0.89    1 = FOG OR MIST
DPTR FM NORMAL:  -1.2   DPTR FM NORMAL:    0.74    2 = FOG REDUCING VISIBILITY
HIGHEST:    92 ON  3    GRTST 24HR  0.69 ON  6- 7      TO 1/4 MILE OR LESS
LOWEST:     36 ON  1                               3 = THUNDER
                        SNOW, ICE PELLETS, HAIL    4 = ICE PELLETS
                        TOTAL MONTH:   0.0 INCH    5 = HAIL
                        GRTST 24HR     0.0         6 = FREEZING RAIN OR DRIZZLE
                        GRTST DEPTH:   0           7 = DUSTSTORM OR SANDSTORM:
                                                       VSBY 1/2 MILE OR LESS
                                                   8 = SMOKE OR HAZE
[NO. OF DAYS WITH]      [WEATHER - DAYS WITH]      9 = BLOWING SNOW
                                                   X = TORNADO
MAX 32 OR BELOW:   0    0.01 INCH OR MORE:   5
MAX 90 OR ABOVE:   3    0.10 INCH OR MORE:   1
MIN 32 OR BELOW:   0    0.50 INCH OR MORE:   1
MIN  0 OR BELOW:   0    1.00 INCH OR MORE:   0

[HDD (BASE 65) ]
TOTAL THIS MO.   140    CLEAR  (SCALE 0-3)  21
DPTR FM NORMAL    21    PTCLDY (SCALE 4-7)   0
TOTAL FM JUL 1  2628    CLOUDY (SCALE 8-10)  0
DPTR FM NORMAL  -259

[CDD (BASE 65) ]
TOTAL THIS MO.    14
DPTR FM NORMAL    -2    [PRESSURE DATA]
TOTAL FM JAN 1    16    HIGHEST SLP M ON M
DPTR FM NORMAL    -3    LOWEST  SLP 29.70 ON  6

[REMARKS]
