000
CXUS56 KSGX 011445
CF6CZZ
PRELIMINARY LOCAL CLIMATOLOGICAL DATA (WS FORM: F-6)

                                          STATION:   CAMPO ASOS CA
                                          MONTH:     JUNE
                                          YEAR:      2015
                                          LATITUDE:   32 37 N
                                          LONGITUDE: 116 28 W

  TEMPERATURE IN F:       :PCPN:    SNOW:  WIND      :SUNSHINE: SKY     :PK WND
================================================================================
1   2   3   4   5  6A  6B    7    8   9   10  11  12  13   14  15   16   17  18
                                     12Z  AVG MX 2MIN
DY MAX MIN AVG DEP HDD CDD  WTR  SNW DPTH SPD SPD DIR MIN PSBL S-S WX    SPD DR
================================================================================

 1  81  42  62  -1   3   0 0.00  0.0    0  9.3 20 230   M    M   0        27 220
 2  80  40  60  -3   5   0 0.00  0.0    0  9.8 23 240   M    M   0        29 230
 3  75  38  57  -6   8   0 0.00  0.0    0  9.3 24 220   M    M   0        29 230
 4  71  41  56  -8   9   0 0.00  0.0    0  6.9 17 220   M    M   0        25 230
 5  70  36  53 -11  12   0 0.00  0.0    0  7.4 20 220   M    M   0        24 230
 6  78  38  58  -6   7   0 0.00  0.0    0  8.1 22 220   M    M   0        27 210
 7  90  44  67   3   0   2 0.00  0.0    0  8.8 23  40   M    M   0        28  80
 8  96  52  74  10   0   9 0.00  0.0    0  9.2 25  40   M    M   0        30  40
 9  83  55  69   5   0   4 0.00  0.0    0  7.6 22  50   M    M   0        28  50
10  81  53  67   2   0   2 0.00  0.0    0  8.6 22 220   M    M   0        27 220
11  61  56  59  -6   6   0 0.00  0.0    0  2.7  9 210   M    M   0         M  M
12  80  50  65   0   0   0 0.00  0.0    M  7.8 22 220   M    M   0        26 200
13  80  51  66   1   0   1 0.00  0.0    0  7.1 23 200   M    M   0        27 200
14  89  53  71   5   0   6 0.00  0.0    0  8.1 22 210   M    M   0        26 220
15  99  56  78  12   0  13 0.00  0.0    0  8.2 21 210   M    M   0        25 250
16  98  52  75   9   0  10 0.00  0.0    0  9.0 21 210   M    M   0        23 200
17  96  53  75   9   0  10 0.00  0.0    0  8.9 21 210   M    M   0        26 220
18  96  52  74   7   0   9 0.00  0.0    0  9.4 22 210   M    M   0        26 220
19  98  48  73   6   0   8 0.00  0.0    0  8.6 24 250   M    M   0        32 230
20  97  48  73   6   0   8 0.00  0.0    0  8.9 22 220   M    M   0        26 220
21  97  48  73   5   0   8 0.00  0.0    0  9.3 24 270   M    M   0        30 280
22  97  53  75   7   0  10 0.00  0.0    0  8.3 21 210   M    M   0        26 210
23  94  51  73   5   0   8 0.00  0.0    0  8.8 20 220   M    M   0        25 250
24  94  50  72   4   0   7 0.00  0.0    0  8.5 20 220   M    M   0        23 220
25  97  52  75   6   0  10 0.00  0.0    0  7.4 22 200   M    M   0        24 200
26  95  58  77   8   0  12 0.00  0.0    0  8.3 21 290   M    M   0        28 290
27  91  57  74   5   0   9 0.00  0.0    0  5.3 20 210   M    M   0        22 210
28  95  66  81  12   0  16 0.00  0.0    0  5.2 18 310   M    M   0        21 300
29  94  64  79   9   0  14 0.26  0.0    0  4.6 31 140   M    M   0        38 140
30  92  61  77   7   0  12 0.01  0.0    0  4.8 44 160   M    M   0        53 130
================================================================================
SM 2645 1518        50 188  0.27     0.0 234.2          M        0
================================================================================
AV 88.2 50.6                               7.8 FASTST   M    M   0    MAX(MPH)
                                 MISC ---->  # 44 160               # 53  130
================================================================================
NOTES:
# LAST OF SEVERAL OCCURRENCES

COLUMN 17 PEAK WIND IN M.P.H.

PRELIMINARY LOCAL CLIMATOLOGICAL DATA (WS FORM: F-6) , PAGE 2

                                          STATION:  CAMPO ASOS CA
                                          MONTH:    JUNE
                                          YEAR:     2015
                                          LATITUDE:   32 37 N
                                          LONGITUDE: 116 28 W

[TEMPERATURE DATA]      [PRECIPITATION DATA]       SYMBOLS USED IN COLUMN 16

AVERAGE MONTHLY: 69.4   TOTAL FOR MONTH:   0.27    1 = FOG OR MIST
DPTR FM NORMAL:   3.2   DPTR FM NORMAL:    0.16    2 = FOG REDUCING VISIBILITY
HIGHEST:    99 ON 15    GRTST 24HR  0.26 ON 29-29      TO 1/4 MILE OR LESS
LOWEST:     36 ON  5                               3 = THUNDER
                        SNOW, ICE PELLETS, HAIL    4 = ICE PELLETS
                        TOTAL MONTH:   0.0 INCH    5 = HAIL
                        GRTST 24HR     0.0         6 = FREEZING RAIN OR DRIZZLE
                        GRTST DEPTH:   0           7 = DUSTSTORM OR SANDSTORM:
                                                       VSBY 1/2 MILE OR LESS
                                                   8 = SMOKE OR HAZE
[NO. OF DAYS WITH]      [WEATHER - DAYS WITH]      9 = BLOWING SNOW
                                                   X = TORNADO
MAX 32 OR BELOW:   0    0.01 INCH OR MORE:   2
MAX 90 OR ABOVE:  18    0.10 INCH OR MORE:   1
MIN 32 OR BELOW:   0    0.50 INCH OR MORE:   0
MIN  0 OR BELOW:   0    1.00 INCH OR MORE:   0

[HDD (BASE 65) ]
TOTAL THIS MO.    50    CLEAR  (SCALE 0-3)  30
DPTR FM NORMAL    -6    PTCLDY (SCALE 4-7)   0
TOTAL FM JUL 1  2524    CLOUDY (SCALE 8-10)  0
DPTR FM NORMAL  -459

[CDD (BASE 65) ]
TOTAL THIS MO.   188
DPTR FM NORMAL    96    [PRESSURE DATA]
TOTAL FM JAN 1   205    HIGHEST SLP 30.00 ON 30
DPTR FM NORMAL    83    LOWEST  SLP 29.67 ON 14

[REMARKS]
#FINAL-06-15#
