000
CXUS53 KUNR 250945
CF6D07
PRELIMINARY LOCAL CLIMATOLOGICAL DATA (WS FORM: F-6)

                                          STATION:   FAITH SD
                                          MONTH:     APRIL
                                          YEAR:      2017
                                          LATITUDE:   45  1 N
                                          LONGITUDE: 102  1 W

  TEMPERATURE IN F:       :PCPN:    SNOW:  WIND      :SUNSHINE: SKY     :PK WND
================================================================================
1   2   3   4   5  6A  6B    7    8   9   10  11  12  13   14  15   16   17  18
                                     12Z  AVG MX 2MIN
DY MAX MIN AVG DEP HDD CDD  WTR  SNW DPTH SPD SPD DIR MIN PSBL S-S WX    SPD DR
================================================================================

 1  59  32  46   7  19   0 0.00    M    M 12.6 25 170   M    M   M        29 160
 2  58  34  46   7  19   0 0.00    M    M 12.4 26 340   M    M   M        30 340
 3  58  35  47   7  18   0 0.00    M    M  8.4 26 300   M    M   M        33 300
 4  53  30  42   2  23   0 0.00    M    M 12.2 21 300   M    M   M        27 330
 5  55  27  41   1  24   0 0.00    M    M  8.0 20  10   M    M   M        22  20
 6  59  28  44   3  21   0 0.00    M    M 17.5 26 150   M    M   M        34 150
 7  77  39  58  17   7   0 0.00    M    M 13.9 26 170   M    M   M        30 150
 8  71  46  59  17   6   0 0.05    M    M 14.1 25 330   M    M   M        31 340
 9  56  32  44   2  21   0 0.59    M    M 15.6 30  40   M    M   M        35  40
10  46  26  36  -6  29   0 0.00    M    M 13.3 31  10   M    M   M        38  10
11  61  26  44   1  21   0 0.00    M    M  7.4 13 320   M    M   M        16 310
12   M   M   M   M   M   M    M    M    M   M   M   M   M    M   M         M  M
13  63  34  49   5  16   0 0.00    M    M 23.5 36 130   M    M   M        45 130
14  74  45  60  16   5   0 0.00    M    M 18.5 35 170   M    M   M        39 170
15  61  33  47   2  18   0 0.00    M    M 12.0 35 280   M    M   M        41 280
16  63  30  47   2  18   0 0.00    M    M 12.6 23 320   M    M   M        28 280
17  59  22  41  -5  24   0 0.00    M    M 17.7 35 130   M    M   M        44 120
18  63  40  52   6  13   0 0.00    M    M 12.7 25 300   M    M   M        32 280
19  45  40  43  -3  22   0 0.82    M    M 12.1 21 130   M    M   M        25 130
20  58  36  47   0  18   0 0.00    M    M 11.4 23 350   M    M   M        28 340
21  58  35  47   0  18   0 0.00    M    M 11.5 18 160   M    M   M        24 130
22  66  34  50   2  15   0 0.00    M    M 11.3 18 200   M    M   M        22 200
23  65  34  50   2  15   0 0.00    M    M 14.9 29  50   M    M   M        35  50
24  56  32  44  -4  21   0 0.00    M    M 15.7 29  50   M    M   M        33  50
================================================================================
SM 1384  770       411   0  1.46    M    309.3          M        M
================================================================================
AV 60.2 33.5                              13.4 FASTST   M    M   3    MAX(MPH)
                                 MISC ---->  # 36 130               # 45  130
================================================================================
NOTES:
# LAST OF SEVERAL OCCURRENCES

COLUMN 17 PEAK WIND IN M.P.H.

PRELIMINARY LOCAL CLIMATOLOGICAL DATA (WS FORM: F-6) , PAGE 2

                                          STATION:  FAITH SD
                                          MONTH:    APRIL
                                          YEAR:     2017
                                          LATITUDE:   45  1 N
                                          LONGITUDE: 102  1 W

[TEMPERATURE DATA]      [PRECIPITATION DATA]       SYMBOLS USED IN COLUMN 16

AVERAGE MONTHLY: 46.8   TOTAL FOR MONTH:   1.46    1 = FOG OR MIST
DPTR FM NORMAL:   3.2   DPTR FM NORMAL:    0.34    2 = FOG REDUCING VISIBILITY
HIGHEST:    77 ON  7    GRTST 24HR  0.82 ON 19-19      TO 1/4 MILE OR LESS
LOWEST:     22 ON 17                               3 = THUNDER
                        SNOW, ICE PELLETS, HAIL    4 = ICE PELLETS
                        TOTAL MONTH:    M          5 = HAIL
                        GRTST 24HR    M  ON   M    6 = FREEZING RAIN OR DRIZZLE
                        GRTST DEPTH:  M  ON   M    7 = DUSTSTORM OR SANDSTORM:
                                                       VSBY 1/2 MILE OR LESS
                                                   8 = SMOKE OR HAZE
[NO. OF DAYS WITH]      [WEATHER - DAYS WITH]      9 = BLOWING SNOW
                                                   X = TORNADO
MAX 32 OR BELOW:   0    0.01 INCH OR MORE:   3
MAX 90 OR ABOVE:   0    0.10 INCH OR MORE:   2
MIN 32 OR BELOW:  10    0.50 INCH OR MORE:   2
MIN  0 OR BELOW:   0    1.00 INCH OR MORE:   0

[HDD (BASE 65) ]
TOTAL THIS MO.   411    CLEAR  (SCALE 0-3)   0
DPTR FM NORMAL  -106    PTCLDY (SCALE 4-7)   0
TOTAL FM JUL 1  6672    CLOUDY (SCALE 8-10)  0
DPTR FM NORMAL  -536

[CDD (BASE 65) ]
TOTAL THIS MO.     0
DPTR FM NORMAL     0    [PRESSURE DATA]
TOTAL FM JAN 1     0    HIGHEST SLP M ON M
DPTR FM NORMAL     0    LOWEST  SLP 29.23 ON  8

[REMARKS]
