000
CXUS51 KRNK 300929
CF6DAN
PRELIMINARY LOCAL CLIMATOLOGICAL DATA (WS FORM: F-6)

                                          STATION:   DANVILLE VA
                                          MONTH:     OCTOBER
                                          YEAR:      2014
                                          LATITUDE:   36 34 N
                                          LONGITUDE:  79 20 W

  TEMPERATURE IN F:       :PCPN:    SNOW:  WIND      :SUNSHINE: SKY     :PK WND
================================================================================
1   2   3   4   5  6A  6B    7    8   9   10  11  12  13   14  15   16   17  18
                                     12Z  AVG MX 2MIN
DY MAX MIN AVG DEP HDD CDD  WTR  SNW DPTH SPD SPD DIR MIN PSBL S-S WX    SPD DR
================================================================================

 1  76  60  68   4   0   3 0.00  0.0    0  1.5  8 220   M    M   7 12     10 230
 2  83  59  71   7   0   6 0.00  0.0    0  1.8  7 220   M    M   5 128     9  30
 3  82  60  71   7   0   6 0.07  0.0    0  4.2 16 230   M    M   5 12     26 210
 4  71  40  56  -7   9   0 0.00  0.0    0  7.8 20 270   M    M   3        26 320
 5  66  36  51 -12  14   0 0.00  0.0    0  5.1 18 240   M    M   0        27 250
 6  75  41  58  -5   7   0 0.00  0.0    0  5.7 22 230   M    M   1        28 230
 7  75  55  65   3   0   0 0.01  0.0    0  5.1 14 220   M    M   6        19 220
 8  83  59  71   9   0   6 0.03  0.0    0  7.7 20 290   M    M   2 1      26 270
 9  80  49  65   3   0   0 0.00  0.0    0  1.9 10 240   M    M   1        15 220
10  79  56  68   7   0   3 1.53  0.0    0  3.7 23 360   M    M   3 13     29  10
11  77  57  67   6   0   2 0.09  0.0    0  6.4 15  30   M    M   9 13     21  30
12  59  56  58  -3   7   0 0.28  0.0    0  6.1 12  50   M    M  10 1      14  40
13  69  57  63   3   2   0 0.47  0.0    0  3.5  9  40   M    M  10 12     11 200
14  79  63  71  11   0   6 0.63  0.0    0  5.8 15 200   M    M   8 12     30 210
15  75  55  65   5   0   0 1.01  0.0    0  3.5 23 250   M    M   5 1      33 260
16  70  50  60   1   5   0 0.00  0.0    0  4.5 16 240   M    M   4 1      20 230
17  74  48  61   2   4   0 0.00  0.0    0  7.4 15 230   M    M   0        21 250
18  71  50  61   2   4   0 0.00  0.0    0  7.4 21 320   M    M   2 1      28 320
19  66  42  54  -4  11   0 0.00  0.0    0  5.3 17 350   M    M   1        24 360
20  70  39  55  -3  10   0 0.00  0.0    0  4.4 16 230   M    M   1 1      22 250
21  73  48  61   3   4   0 0.00  0.0    0  7.3 18 310   M    M   5 1      28 310
22  66  44  55  -3  10   0    T  0.0    0 10.2 22 350   M    M   2        28 350
23  70  44  57   0   8   0 0.00  0.0    0 10.4 20 330   M    M   0        27 330
24  70  42  56  -1   9   0 0.00  0.0    0  5.1 13 330   M    M   0        17 320
25  72  38  55  -2  10   0 0.00  0.0    0  3.9 13 230   M    M   0 1      15 230
26  75  41  58   2   7   0 0.00  0.0    0  7.3 16 260   M    M   0        21 250
27  78  37  58   2   7   0 0.00  0.0    0  3.3  8 220   M    M   0        12 190
28  85  47  66  10   0   1 0.00  0.0    0  5.8 18 240   M    M   0        25 240
29  71  55  63   8   2   0 0.01  0.0    0  5.5 15 330   M    M   5        18 330
================================================================================
SM 2140 1428       130  33  4.13     0.0 157.6          M       95
================================================================================
AV 73.8 49.2                               5.4 FASTST   M    M   3    MAX(MPH)
                                 MISC ---->  # 23 360               # 33  260
================================================================================
NOTES:
# LAST OF SEVERAL OCCURRENCES

COLUMN 17 PEAK WIND IN M.P.H.

PRELIMINARY LOCAL CLIMATOLOGICAL DATA (WS FORM: F-6) , PAGE 2

                                          STATION:  DANVILLE VA
                                          MONTH:    OCTOBER
                                          YEAR:     2014
                                          LATITUDE:   36 34 N
                                          LONGITUDE:  79 20 W

[TEMPERATURE DATA]      [PRECIPITATION DATA]       SYMBOLS USED IN COLUMN 16

AVERAGE MONTHLY: 61.5   TOTAL FOR MONTH:   4.13    1 = FOG OR MIST
DPTR FM NORMAL:   1.8   DPTR FM NORMAL:    0.83    2 = FOG REDUCING VISIBILITY
HIGHEST:    85 ON 28    GRTST 24HR  2.02 ON 14-15      TO 1/4 MILE OR LESS
LOWEST:     36 ON  5                               3 = THUNDER
                        SNOW, ICE PELLETS, HAIL    4 = ICE PELLETS
                        TOTAL MONTH:   0.0 INCH    5 = HAIL
                        GRTST 24HR     0.0         6 = FREEZING RAIN OR DRIZZLE
                        GRTST DEPTH:   0           7 = DUSTSTORM OR SANDSTORM:
                                                       VSBY 1/2 MILE OR LESS
                                                   8 = SMOKE OR HAZE
[NO. OF DAYS WITH]      [WEATHER - DAYS WITH]      9 = BLOWING SNOW
                                                   X = TORNADO
MAX 32 OR BELOW:   0    0.01 INCH OR MORE:  10
MAX 90 OR ABOVE:   0    0.10 INCH OR MORE:   5
MIN 32 OR BELOW:   0    0.50 INCH OR MORE:   3
MIN  0 OR BELOW:   0    1.00 INCH OR MORE:   2

[HDD (BASE 65) ]
TOTAL THIS MO.   130    CLEAR  (SCALE 0-3)  16
DPTR FM NORMAL   -55    PTCLDY (SCALE 4-7)  10
TOTAL FM JUL 1   142    CLOUDY (SCALE 8-10)  3
DPTR FM NORMAL   -71

[CDD (BASE 65) ]
TOTAL THIS MO.    33
DPTR FM NORMAL    -3    [PRESSURE DATA]
TOTAL FM JAN 1  1418    HIGHEST SLP M ON M
DPTR FM NORMAL   -21    LOWEST  SLP 29.67 ON  4

[REMARKS]
