000
CXUS56 KOTX 301500
CF6DEW
PRELIMINARY LOCAL CLIMATOLOGICAL DATA (WS FORM: F-6)

                                          STATION:   DEER_PARK WA AIRPORT
                                          MONTH:     JULY
                                          YEAR:      2016
                                          LATITUDE:   47 58 N
                                          LONGITUDE: 117 25 W

  TEMPERATURE IN F:       :PCPN:    SNOW:  WIND      :SUNSHINE: SKY     :PK WND
================================================================================
1   2   3   4   5  6A  6B    7    8   9   10  11  12  13   14  15   16   17  18
                                     12Z  AVG MX 2MIN
DY MAX MIN AVG DEP HDD CDD  WTR  SNW DPTH SPD SPD DIR MIN PSBL S-S WX    SPD DR
================================================================================

 1  86  47  67   5   0   2 0.00    M    M  6.2 17 250   M    M   0        21 250
 2  85  48  67   5   0   2 0.00    M    M  6.2 18 230   M    M   1        23 250
 3  83  53  68   5   0   3 0.00    M    M 13.8 28 210   M    M   0        36 210
 4  74  45  60  -3   5   0 0.00    M    M 10.5 21 220   M    M   1        25 220
 5  72  36  54  -9  11   0 0.02    M    M  6.8 17 200   M    M   5        21 220
 6  73  43  58  -6   7   0 0.02    M    M  3.1 13  60   M    M   5 1      16 270
 7  76  39  58  -6   7   0 0.01    M    M  5.6 16 220   M    M   5        21 180
 8  70  51  61  -3   4   0 0.22    M    M  5.4 13 150   M    M   7 1      17 220
 9  73  47  60  -4   5   0 0.27    M    M  6.7 18 180   M    M   6 1      24 210
10  71  40  56  -8   9   0 0.00    M    M  9.8 20 220   M    M   3        24 220
11  76  46  61  -4   4   0 0.00    M    M  9.5 21 200   M    M   3        28 190
12  73  42  58  -7   7   0 0.50    M    M  4.6 17 220   M    M   5 13     20 230
13  79  46  63  -2   2   0 0.00    M    M  5.1 16 200   M    M   3 12     22 220
14  84  44  64  -1   1   0 0.00    M    M  3.8 14 160   M    M   0        19 160
15  78  46  62  -4   3   0 0.00    M    M  8.4 21 320   M    M   2        31 190
16  73  48  61  -5   4   0    T    M    M  5.5 13  30   M    M   7        17  30
17  82  57  70   4   0   5    T    M    M  7.0 16  10   M    M   5        19  20
18  85  51  68   2   0   3 0.00    M    M  8.1 23 230   M    M   1 8      30 230
19  78  46  62  -4   3   0 0.00    M    M  4.4 16 270   M    M   1        21 270
20  84  40  62  -4   3   0 0.00    M    M  3.6 16 230   M    M   0        25 250
21  91  41  66   0   0   1 0.00    M    M  3.9 15  70   M    M   0        17  70
22  74  48  61  -6   4   0 0.50    M    M  5.1 33 280   M    M   4 13     44 280
23  77  47  62  -5   3   0 0.00    M    M  3.4 10 140   M    M   3 12     16 100
24  86  46  66  -1   0   1 0.00    M    M  1.9 12 250   M    M   0        16 250
25  92  49  71   4   0   6 0.00    M    M  2.4 13 290   M    M   0 8      18 260
26  88  53  71   4   0   6 0.50    M    M  3.8 24  10   M    M   2 138    32 360
27  91  58  75   8   0  10 0.00    M    M  5.0 12 350   M    M   0        13 210
28  94  59  77  10   0  12 0.00    M    M  4.2 14 330   M    M   0        17 330
29  96  56  76   9   0  11 0.00    M    M  2.5 14 250   M    M   0        18 270
================================================================================
SM 2344 1372        82  62  2.04    M    166.3          M       69
================================================================================
AV 80.8 47.3                               5.7 FASTST   M    M   2    MAX(MPH)
                                 MISC ---->  # 33 280               # 44  280
================================================================================
NOTES:
# LAST OF SEVERAL OCCURRENCES

COLUMN 17 PEAK WIND IN M.P.H.

PRELIMINARY LOCAL CLIMATOLOGICAL DATA (WS FORM: F-6) , PAGE 2

                                          STATION:  DEER_PARK WA AIRPORT
                                          MONTH:    JULY
                                          YEAR:     2016
                                          LATITUDE:   47 58 N
                                          LONGITUDE: 117 25 W

[TEMPERATURE DATA]      [PRECIPITATION DATA]       SYMBOLS USED IN COLUMN 16

AVERAGE MONTHLY: 64.1   TOTAL FOR MONTH:   2.04    1 = FOG OR MIST
DPTR FM NORMAL:  -1.1   DPTR FM NORMAL:    1.17    2 = FOG REDUCING VISIBILITY
HIGHEST:    96 ON 29    GRTST 24HR  0.50 ON 26-26      TO 1/4 MILE OR LESS
LOWEST:     36 ON  5                               3 = THUNDER
                        SNOW, ICE PELLETS, HAIL    4 = ICE PELLETS
                        TOTAL MONTH:    M          5 = HAIL
                        GRTST 24HR    M  ON   M    6 = FREEZING RAIN OR DRIZZLE
                        GRTST DEPTH:  M  ON   M    7 = DUSTSTORM OR SANDSTORM:
                                                       VSBY 1/2 MILE OR LESS
                                                   8 = SMOKE OR HAZE
[NO. OF DAYS WITH]      [WEATHER - DAYS WITH]      9 = BLOWING SNOW
                                                   X = TORNADO
MAX 32 OR BELOW:   0    0.01 INCH OR MORE:   8
MAX 90 OR ABOVE:   5    0.10 INCH OR MORE:   5
MIN 32 OR BELOW:   0    0.50 INCH OR MORE:   3
MIN  0 OR BELOW:   0    1.00 INCH OR MORE:   0

[HDD (BASE 65) ]
TOTAL THIS MO.    82    CLEAR  (SCALE 0-3)  18
DPTR FM NORMAL    20    PTCLDY (SCALE 4-7)  11
TOTAL FM JUL 1    82    CLOUDY (SCALE 8-10)  0
DPTR FM NORMAL    20

[CDD (BASE 65) ]
TOTAL THIS MO.    62
DPTR FM NORMAL    -7    [PRESSURE DATA]
TOTAL FM JAN 1   109    HIGHEST SLP M ON M
DPTR FM NORMAL    20    LOWEST  SLP  0.00 ON M

[REMARKS]
