000
CXUS54 KFWD 200730
CF6DFW
PRELIMINARY LOCAL CLIMATOLOGICAL DATA (WS FORM: F-6)

                                          STATION:   DALLAS FORT WORTH
                                          MONTH:     OCTOBER
                                          YEAR:      2014
                                          LATITUDE:   32 54 N
                                          LONGITUDE:  97  2 W

  TEMPERATURE IN F:       :PCPN:    SNOW:  WIND      :SUNSHINE: SKY     :PK WND
================================================================================
1   2   3   4   5  6A  6B    7    8   9   10  11  12  13   14  15   16   17  18
                                     12Z  AVG MX 2MIN
DY MAX MIN AVG DEP HDD CDD  WTR  SNW DPTH SPD SPD DIR MIN PSBL S-S WX    SPD DR
================================================================================

 1  93  74  84  12   0  19 0.00  0.0    0 12.7 22 190   M    M   3        32 190
 2  95  67  81   9   0  16 0.32  0.0    0 16.1 40 320   M    M   5 13     45 320
 3  82  59  71  -1   0   6 0.00  0.0    0 10.9 24  10   M    M   1        29  20
 4  79  50  65  -6   0   0 0.00  0.0    0  6.5 15 180   M    M   1        19 180
 5  86  57  72   1   0   7 0.00  0.0    0 11.7 20 200   M    M   2        26 190
 6  85  67  76   5   0  11 0.03  0.0    0 12.3 21 190   M    M   4 13     27  40
 7  98  68  83  13   0  18 0.00  0.0    0 12.7 21 170   M    M   4        26 170
 8  91  73  82  12   0  17 0.00  0.0    0 14.0 22 130   M    M   7        26 130
 9  94  76  85  15   0  20 0.00  0.0    0 14.3 24 170   M    M   5        33 190
10  92  64  78   9   0  13 0.31  0.0    0 12.9 41 310   M    M   5 13     50 310
11  66  57  62  -7   3   0 0.13  0.0    0 11.5 20 310   M    M   9 1      23 290
12  75  52  64  -5   1   0    T  0.0    0 11.1 24 190   M    M   7 13     29 190
13  75  59  67  -1   0   2 1.29  0.0    0 17.0 38 310   M    M   7 13     48 310
14  77  56  67  -1   0   2 0.00  0.0    0 14.0 28 330   M    M   0        34 300
15  83  51  67  -1   0   2 0.00  0.0    0  2.5 10 350   M    M   0 8      14 320
16  89  54  72   4   0   7 0.00  0.0    0 11.4 23 200   M    M   2        29 190
17  86  58  72   5   0   7 0.00  0.0    0  7.2 14  30   M    M   4        18 180
18  82  61  72   5   0   7 0.00  0.0    0  8.7 17  60   M    M   4        21  50
19  76  58  67   0   0   2 0.00  0.0    0  6.1 18 130   M    M   4        21 130
================================================================================
SM 1604 1161         4 156  2.08     0.0 213.6          M       74
================================================================================
AV 84.4 61.1                              11.2 FASTST   M    M   4    MAX(MPH)
                                 MISC ---->  # 41 310               # 50  310
================================================================================
NOTES:
# LAST OF SEVERAL OCCURRENCES

COLUMN 17 PEAK WIND IN M.P.H.

PRELIMINARY LOCAL CLIMATOLOGICAL DATA (WS FORM: F-6) , PAGE 2

                                          STATION:  DALLAS FORT WORTH
                                          MONTH:    OCTOBER
                                          YEAR:     2014
                                          LATITUDE:   32 54 N
                                          LONGITUDE:  97  2 W

[TEMPERATURE DATA]      [PRECIPITATION DATA]       SYMBOLS USED IN COLUMN 16

AVERAGE MONTHLY: 72.8   TOTAL FOR MONTH:   2.08    1 = FOG OR MIST
DPTR FM NORMAL:   3.3   DPTR FM NORMAL:   -0.34    2 = FOG REDUCING VISIBILITY
HIGHEST:    98 ON  7    GRTST 24HR  1.29 ON 12-13      TO 1/4 MILE OR LESS
LOWEST:     50 ON  4                               3 = THUNDER
                        SNOW, ICE PELLETS, HAIL    4 = ICE PELLETS
                        TOTAL MONTH:   0.0 INCH    5 = HAIL
                        GRTST 24HR     0.0         6 = FREEZING RAIN OR DRIZZLE
                        GRTST DEPTH:   0           7 = DUSTSTORM OR SANDSTORM:
                                                       VSBY 1/2 MILE OR LESS
                                                   8 = SMOKE OR HAZE
[NO. OF DAYS WITH]      [WEATHER - DAYS WITH]      9 = BLOWING SNOW
                                                   X = TORNADO
MAX 32 OR BELOW:   0    0.01 INCH OR MORE:   5
MAX 90 OR ABOVE:   6    0.10 INCH OR MORE:   4
MIN 32 OR BELOW:   0    0.50 INCH OR MORE:   1
MIN  0 OR BELOW:   0    1.00 INCH OR MORE:   1

[HDD (BASE 65) ]
TOTAL THIS MO.     4    CLEAR  (SCALE 0-3)   7
DPTR FM NORMAL   -21    PTCLDY (SCALE 4-7)  11
TOTAL FM JUL 1     5    CLOUDY (SCALE 8-10)  1
DPTR FM NORMAL   -26

[CDD (BASE 65) ]
TOTAL THIS MO.   156
DPTR FM NORMAL    47    [PRESSURE DATA]
TOTAL FM JAN 1  2877    HIGHEST SLP M ON M
DPTR FM NORMAL   191    LOWEST  SLP 29.51 ON 13

[REMARKS]
