000
CXUS54 KFWD 240730
CF6DFW
PRELIMINARY LOCAL CLIMATOLOGICAL DATA (WS FORM: F-6)

                                          STATION:   DALLAS FORT WORTH
                                          MONTH:     OCTOBER
                                          YEAR:      2017
                                          LATITUDE:   32 54 N
                                          LONGITUDE:  97  2 W

  TEMPERATURE IN F:       :PCPN:    SNOW:  WIND      :SUNSHINE: SKY     :PK WND
================================================================================
1   2   3   4   5  6A  6B    7    8   9   10  11  12  13   14  15   16   17  18
                                     12Z  AVG MX 2MIN
DY MAX MIN AVG DEP HDD CDD  WTR  SNW DPTH SPD SPD DIR MIN PSBL S-S WX    SPD DR
================================================================================

 1  89  66  78   6   0  13 0.00  0.0    0  6.1 14 180   M    M   3        19 170
 2  93  68  81   9   0  16 0.00  0.0    0 12.6 23 160   M    M   3        33 140
 3  90  74  82  10   0  17 0.33  0.0    0 10.1 21 140   M    M   9 13     25 140
 4  88  75  82  11   0  17 0.01  0.0    0  8.3 15 130   M    M   7 1      20 150
 5  89  69  79   8   0  14 0.00  0.0    0  5.4 12 190   M    M   5        16 170
 6  90  70  80   9   0  15 0.00  0.0    0 11.0 20 170   M    M   3        24 160
 7  89  65  77   7   0  12 0.00  0.0    0 10.3 18 180   M    M   3        24 360
 8  91  58  75   5   0  10 0.00  0.0    0  4.9 14 200   M    M   0 8      18 210
 9  96  66  81  11   0  16    T  0.0    0 13.5 25 330   M    M   4        32 170
10  72  55  64  -5   1   0 0.08  0.0    0 16.8 28 320   M    M   6 138    34 330
11  76  50  63  -6   2   0 0.00  0.0    0  4.7 14  20   M    M   3        19  10
12  88  59  74   5   0   9 0.00  0.0    0  5.5 16 190   M    M   2        19 180
13  93  67  80  12   0  15 0.00  0.0    0  9.9 20 190   M    M   1        24 180
14  93  72  83  15   0  18 0.00  0.0    0 12.8 23 180   M    M   2        29 180
15  80  56  68   0   0   3 0.13  0.0    0 16.6 33 360   M    M   7 13     41  10
16  74  49  62  -6   3   0 0.00  0.0    0  6.4 13  10   M    M   0        19  10
17  77  50  64  -3   1   0 0.00  0.0    0  5.1 13 160   M    M   0        18 120
18  84  49  67   0   0   2 0.00  0.0    0  8.6 17 180   M    M   3        22 190
19  83  59  71   4   0   6 0.00  0.0    0  8.5 16 120   M    M   7 8      20 180
20  84  62  73   7   0   8    T  0.0    0 12.2 24 150   M    M   7 8      29 160
21  90  63  77  11   0  12 0.32  0.0    0 15.2 31 320   M    M   8 13     37 320
22  76  52  64  -2   1   0 1.21  0.0    0 10.9 24 350   M    M   5 13     28  10
23  84  49  67   2   0   2 0.00  0.0    0  9.4 22 360   M    M   3 8      27 360
================================================================================
SM 1969 1403         8 205  2.08     0.0 224.8          M       91
================================================================================
AV 85.6 61.0                               9.8 FASTST   M    M   4    MAX(MPH)
                                 MISC ---->  # 33 360               # 41   10
================================================================================
NOTES:
# LAST OF SEVERAL OCCURRENCES

COLUMN 17 PEAK WIND IN M.P.H.

PRELIMINARY LOCAL CLIMATOLOGICAL DATA (WS FORM: F-6) , PAGE 2

                                          STATION:  DALLAS FORT WORTH
                                          MONTH:    OCTOBER
                                          YEAR:     2017
                                          LATITUDE:   32 54 N
                                          LONGITUDE:  97  2 W

[TEMPERATURE DATA]      [PRECIPITATION DATA]       SYMBOLS USED IN COLUMN 16

AVERAGE MONTHLY: 73.3   TOTAL FOR MONTH:   2.08    1 = FOG OR MIST
DPTR FM NORMAL:   4.5   DPTR FM NORMAL:   -0.98    2 = FOG REDUCING VISIBILITY
HIGHEST:    96 ON  9    GRTST 24HR  1.53 ON 21-22      TO 1/4 MILE OR LESS
LOWEST:     49 ON 23,18                            3 = THUNDER
                        SNOW, ICE PELLETS, HAIL    4 = ICE PELLETS
                        TOTAL MONTH:   0.0 INCH    5 = HAIL
                        GRTST 24HR     0.0         6 = FREEZING RAIN OR DRIZZLE
                        GRTST DEPTH:   0           7 = DUSTSTORM OR SANDSTORM:
                                                       VSBY 1/2 MILE OR LESS
                                                   8 = SMOKE OR HAZE
[NO. OF DAYS WITH]      [WEATHER - DAYS WITH]      9 = BLOWING SNOW
                                                   X = TORNADO
MAX 32 OR BELOW:   0    0.01 INCH OR MORE:   6
MAX 90 OR ABOVE:   8    0.10 INCH OR MORE:   4
MIN 32 OR BELOW:   0    0.50 INCH OR MORE:   1
MIN  0 OR BELOW:   0    1.00 INCH OR MORE:   1

[HDD (BASE 65) ]
TOTAL THIS MO.     8    CLEAR  (SCALE 0-3)  10
DPTR FM NORMAL   -28    PTCLDY (SCALE 4-7)  12
TOTAL FM JUL 1     8    CLOUDY (SCALE 8-10)  1
DPTR FM NORMAL   -34

[CDD (BASE 65) ]
TOTAL THIS MO.   205
DPTR FM NORMAL    82    [PRESSURE DATA]
TOTAL FM JAN 1  3182    HIGHEST SLP M ON M
DPTR FM NORMAL   482    LOWEST  SLP 29.58 ON  8

[REMARKS]
