000
CXUS52 KTAE 270800
CF6DHN
PRELIMINARY LOCAL CLIMATOLOGICAL DATA (WS FORM: F-6)

                                          STATION:   DOTHAN
                                          MONTH:     JUNE
                                          YEAR:      2017
                                          LATITUDE:   31 19 N
                                          LONGITUDE:  85 27 W

  TEMPERATURE IN F:       :PCPN:    SNOW:  WIND      :SUNSHINE: SKY     :PK WND
================================================================================
1   2   3   4   5  6A  6B    7    8   9   10  11  12  13   14  15   16   17  18
                                     12Z  AVG MX 2MIN
DY MAX MIN AVG DEP HDD CDD  WTR  SNW DPTH SPD SPD DIR MIN PSBL S-S WX    SPD DR
================================================================================

 1  85  73  79   1   0  14 0.01  0.0    0  3.8 12 340   M    M   4        14 360
 2  88  71  80   2   0  15    T  0.0    0  4.4 15 130   M    M   4 3      19 140
 3  86  69  78   0   0  13 0.12  0.0    0  3.3 15 280   M    M   5 123    18 280
 4  90  72  81   3   0  16 0.08  0.0    0  4.2 24 220   M    M   5 13     29 220
 5  87  72  80   2   0  15 0.02  0.0    0  5.8 23 200   M    M   7        28 220
 6  81  72  77  -2   0  12 0.15  0.0    0  5.1  8 100   M    M   8 1       M  M
 7  79  67  73  -6   0   8 0.16  0.0    0 10.5 22  40   M    M   7 1      30  50
 8  86  64  75  -4   0  10 0.00  0.0    0  5.9 13 330   M    M   1 1      15 330
 9  86  64  75  -4   0  10 0.00  0.0    0  3.5 13 150   M    M   3        15 120
10  91  65  78  -1   0  13 0.00  0.0    0  5.1 15 150   M    M   1        19 140
11  86  72  79   0   0  14    T  0.0    0  6.9 23 200   M    M   5 3      26 200
12  84  72  78  -2   0  13 0.01  0.0    0  5.9 21 140   M    M   6 8      25 150
13  79  71  75  -5   0  10 0.17  0.0    0  5.2 16 180   M    M   6 13     18 180
14  89  71  80   0   0  15 0.54  0.0    0  3.7 21 210   M    M   6 13     22 200
15  89  69  79  -1   0  14 0.04  0.0    0  7.3 26 330   M    M   6 123    32 340
16  88  67  78  -2   0  13 0.00  0.0    0  5.9 14 330   M    M   3 1      18 330
17  87  70  79  -1   0  14    T  0.0    0  8.0 22 290   M    M   3 3      26 280
18  90  71  81   1   0  16 0.06  0.0    0  5.2 24 300   M    M   4 3      29 300
19  89  70  80   0   0  15    T  0.0    0  5.0 18 180   M    M   4 13     25 170
20  75  71  73  -7   0   8 1.10  0.0    0  5.4  9  90   M    M   8 1      13  90
21  80  72  76  -5   0  11 0.76  0.0    0  8.3 14 130   M    M   8 1      19 130
22  91  75  83   2   0  18 0.13  0.0    0 12.3 24 170   M    M   5 1      32 180
23  92  76  84   3   0  19 0.00  0.0    0 11.9 23 220   M    M   5 1      29 200
24  91  76  84   3   0  19 1.07  0.0    0  8.3 21 300   M    M   7 13     25 320
25  88  72  80  -1   0  15    T  0.0    0  6.2 17 340   M    M   3 12     22 350
26  89  64  77  -4   0  12 0.00  0.0    0  5.0 14 360   M    M   1        18 330
================================================================================
SM 2246 1828         0 352  4.42     0.0 162.1          M      125
================================================================================
AV 86.4 70.3                               6.2 FASTST   M    M   5    MAX(MPH)
                                 MISC ---->  # 26 330               # 32  340
================================================================================
NOTES:
# LAST OF SEVERAL OCCURRENCES

COLUMN 17 PEAK WIND IN M.P.H.

PRELIMINARY LOCAL CLIMATOLOGICAL DATA (WS FORM: F-6) , PAGE 2

                                          STATION:  DOTHAN
                                          MONTH:    JUNE
                                          YEAR:     2017
                                          LATITUDE:   31 19 N
                                          LONGITUDE:  85 27 W

[TEMPERATURE DATA]      [PRECIPITATION DATA]       SYMBOLS USED IN COLUMN 16

AVERAGE MONTHLY: 78.4   TOTAL FOR MONTH:   4.42    1 = FOG OR MIST
DPTR FM NORMAL:  -1.3   DPTR FM NORMAL:   -0.49    2 = FOG REDUCING VISIBILITY
HIGHEST:    92 ON 23    GRTST 24HR  1.10 ON 20-20      TO 1/4 MILE OR LESS
LOWEST:     64 ON 26, 9                            3 = THUNDER
                        SNOW, ICE PELLETS, HAIL    4 = ICE PELLETS
                        TOTAL MONTH:   0.0 INCH    5 = HAIL
                        GRTST 24HR     0.0         6 = FREEZING RAIN OR DRIZZLE
                        GRTST DEPTH:   0           7 = DUSTSTORM OR SANDSTORM:
                                                       VSBY 1/2 MILE OR LESS
                                                   8 = SMOKE OR HAZE
[NO. OF DAYS WITH]      [WEATHER - DAYS WITH]      9 = BLOWING SNOW
                                                   X = TORNADO
MAX 32 OR BELOW:   0    0.01 INCH OR MORE:  15
MAX 90 OR ABOVE:   6    0.10 INCH OR MORE:   9
MIN 32 OR BELOW:   0    0.50 INCH OR MORE:   4
MIN  0 OR BELOW:   0    1.00 INCH OR MORE:   2

[HDD (BASE 65) ]
TOTAL THIS MO.     0    CLEAR  (SCALE 0-3)   5
DPTR FM NORMAL     0    PTCLDY (SCALE 4-7)  21
TOTAL FM JUL 1  1064    CLOUDY (SCALE 8-10)  0
DPTR FM NORMAL  -782

[CDD (BASE 65) ]
TOTAL THIS MO.   352
DPTR FM NORMAL   -27    [PRESSURE DATA]
TOTAL FM JAN 1   948    HIGHEST SLP M ON M
DPTR FM NORMAL   156    LOWEST  SLP 29.69 ON  7

[REMARKS]
