000
CXUS53 KBIS 190830
CF6DIK
PRELIMINARY LOCAL CLIMATOLOGICAL DATA (WS FORM: F-6)

                                          STATION:   DICKINSON ND
                                          MONTH:     NOVEMBER
                                          YEAR:      2017
                                          LATITUDE:   46 47 N
                                          LONGITUDE: 102 48 W

  TEMPERATURE IN F:       :PCPN:    SNOW:  WIND      :SUNSHINE: SKY     :PK WND
================================================================================
1   2   3   4   5  6A  6B    7    8   9   10  11  12  13   14  15   16   17  18
                                     12Z  AVG MX 2MIN
DY MAX MIN AVG DEP HDD CDD  WTR  SNW DPTH SPD SPD DIR MIN PSBL S-S WX    SPD DR
================================================================================

 1  40  29  35  -2  30   0 0.04    M    M 11.9 23 290   M    M  10 1      29 290
 2  30  27  29  -7  36   0 0.00    M    M  7.3 16 330   M    M  10 1      20 330
 3  27  24  26 -10  39   0 0.04    M    M 15.6 23 110   M    M  10 1      29 110
 4  30  12  21 -14  44   0    T    M    M 13.2 25 290   M    M   7 1      30 280
 5  22  11  17 -18  48   0    T    M    M  6.4 20 310   M    M   9 1      26 310
 6  20   3  12 -22  53   0    T    M    M  6.8 14 350   M    M   8 1      17 360
 7  31   3  17 -17  48   0 0.00    M    M 10.4 22 250   M    M   0 1      26 250
 8  24  10  17 -16  48   0    T    M    M  5.8 14  30   M    M   6 18     16  30
 9  20   2  11 -22  54   0    T    M    M 11.9 29 140   M    M   6 18     36 140
10  44  16  30  -2  35   0 0.00    M    M 15.6 33 150   M    M   2        42 140
11  40  16  28  -4  37   0 0.00    M    M  3.8 10 220   M    M   2 1      12 260
12  52  19  36   5  29   0 0.00    M    M  7.2 13 190   M    M   0 1      15 190
13  59  24  42  11  23   0 0.00    M    M  7.1 14 190   M    M   0        17 190
14  54  21  38   8  27   0 0.00    M    M 13.0 24 320   M    M   2        33 320
15  30  16  23  -7  42   0 0.00    M    M 11.1 24 320   M    M   4        30 320
16  38  15  27  -2  38   0 0.00    M    M 13.9 28 140   M    M   4        32 140
17  43  24  34   5  31   0    T    M    M  7.1 21 310   M    M   2 3      26 310
18  34  11  23  -5  42   0 0.00    M    M 10.8 21 320   M    M   1        24 330
================================================================================
SM  638  283       704   0  0.08    M    178.9          M       83
================================================================================
AV 35.4 15.7                               9.9 FASTST   M    M   5    MAX(MPH)
                                 MISC ---->  # 33 150               # 42  140
================================================================================
NOTES:
# LAST OF SEVERAL OCCURRENCES

COLUMN 17 PEAK WIND IN M.P.H.

PRELIMINARY LOCAL CLIMATOLOGICAL DATA (WS FORM: F-6) , PAGE 2

                                          STATION:  DICKINSON ND
                                          MONTH:    NOVEMBER
                                          YEAR:     2017
                                          LATITUDE:   46 47 N
                                          LONGITUDE: 102 48 W

[TEMPERATURE DATA]      [PRECIPITATION DATA]       SYMBOLS USED IN COLUMN 16

AVERAGE MONTHLY: 25.6   TOTAL FOR MONTH:   0.08    1 = FOG OR MIST
DPTR FM NORMAL:  -6.9   DPTR FM NORMAL:   -0.32    2 = FOG REDUCING VISIBILITY
HIGHEST:    59 ON 13    GRTST 24HR  0.04 ON  3- 3      TO 1/4 MILE OR LESS
LOWEST:      2 ON  9                               3 = THUNDER
                        SNOW, ICE PELLETS, HAIL    4 = ICE PELLETS
                        TOTAL MONTH:    M          5 = HAIL
                        GRTST 24HR    M  ON   M    6 = FREEZING RAIN OR DRIZZLE
                        GRTST DEPTH:  M  ON   M    7 = DUSTSTORM OR SANDSTORM:
                                                       VSBY 1/2 MILE OR LESS
                                                   8 = SMOKE OR HAZE
[NO. OF DAYS WITH]      [WEATHER - DAYS WITH]      9 = BLOWING SNOW
                                                   X = TORNADO
MAX 32 OR BELOW:   9    0.01 INCH OR MORE:   2
MAX 90 OR ABOVE:   0    0.10 INCH OR MORE:   0
MIN 32 OR BELOW:  18    0.50 INCH OR MORE:   0
MIN  0 OR BELOW:   0    1.00 INCH OR MORE:   0

[HDD (BASE 65) ]
TOTAL THIS MO.   704    CLEAR  (SCALE 0-3)   8
DPTR FM NORMAL   119    PTCLDY (SCALE 4-7)   5
TOTAL FM JUL 1  1629    CLOUDY (SCALE 8-10)  5
DPTR FM NORMAL    33

[CDD (BASE 65) ]
TOTAL THIS MO.     0
DPTR FM NORMAL     0    [PRESSURE DATA]
TOTAL FM JAN 1   487    HIGHEST SLP M ON M
DPTR FM NORMAL    68    LOWEST  SLP 29.46 ON  1

[REMARKS]
