000
CXUS53 KDLH 280628
CF6DLH
PRELIMINARY LOCAL CLIMATOLOGICAL DATA (WS FORM: F-6)

                                          STATION:   DULUTH MN
                                          MONTH:     JULY
                                          YEAR:      2015
                                          LATITUDE:   46 49 N
                                          LONGITUDE:  92 11 W

  TEMPERATURE IN F:       :PCPN:    SNOW:  WIND      :SUNSHINE: SKY     :PK WND
================================================================================
1   2   3   4   5  6A  6B    7    8   9   10  11  12  13   14  15   16   17  18
                                     12Z  AVG MX 2MIN
DY MAX MIN AVG DEP HDD CDD  WTR  SNW DPTH SPD SPD DIR MIN PSBL S-S WX    SPD DR
================================================================================

 1  72  48  60  -4   5   0 0.00  0.0    0  4.7 13 150   M    M   3        14 160
 2  77  53  65   1   0   0 0.00  0.0    0  6.3 13 220   M    M   4        16 250
 3  81  59  70   5   0   5 0.12  0.0    0  8.1 16 270   M    M   4 8      20 260
 4  76  58  67   2   0   2 0.00  0.0    0  7.2 13 120   M    M   1 18     16 130
 5  83  56  70   5   0   5 0.99  0.0    0 10.4 21 200   M    M   4 138    26 200
 6  68  55  62  -3   3   0 0.88  0.0    0  8.7 17 330   M    M   9 128    24 350
 7  73  52  63  -2   2   0 0.00  0.0    0  7.1 15 360   M    M   4        22  10
 8  72  52  62  -3   3   0 0.00  0.0    0  6.2 16 230   M    M   4        25 200
 9  79  57  68   2   0   3 0.00  0.0    0  7.4 16 210   M    M   4        20 220
10  85  60  73   7   0   8 0.00  0.0    0  6.5 16 220   M    M   0 1      19 240
11  82  67  75   9   0  10 0.00  0.0    0  8.0 16 200   M    M   3 18     21 190
12  78  65  72   6   0   7 0.88  0.0    0  8.9 22 260   M    M   9 138    26 260
13  80  62  71   5   0   6 0.06  0.0    0  6.0 16 270   M    M   6 38     20 270
14  71  56  64  -2   1   0 0.00  0.0    0  9.6 23 110   M    M   4 1      28 110
15  73  55  64  -2   1   0 0.00  0.0    0  7.9 14 140   M    M   6        17 120
16  78  58  68   2   0   3 0.02  0.0    0  7.2 16 170   M    M   8 18     21 140
17  85  64  75   9   0  10    T  0.0    0  7.1 16 290   M    M   5 1      22 270
18  85  62  74   8   0   9 0.02  0.0    0 12.9 28 270   M    M   4        37 260
19  83  58  71   5   0   6 0.00  0.0    0 15.2 25 250   M    M   2        36 260
20  76  57  67   1   0   2 0.00  0.0    0 11.6 22 310   M    M   3        32 310
21  78  55  67   1   0   2 0.00  0.0    0  8.8 20 280   M    M   2        26 310
22  82  55  69   3   0   4 0.00  0.0    0  4.1 12 200   M    M   4        16 190
23  85  63  74   8   0   9 0.00  0.0    0  8.2 16 190   M    M   2        21 200
24  81  67  74   8   0   9 0.04  0.0    0 10.6 18 270   M    M   5 1      23 190
25  86  58  72   6   0   7    T  0.0    0  5.7 15 250   M    M   2 12     19 240
26  89  64  77  11   0  12 0.00  0.0    0  5.6 14 180   M    M   2        18 180
27  86  63  75   9   0  10 0.00  0.0    0  6.8 15 130   M    M   1 28     20 150
================================================================================
SM 2144 1579        15 129  3.01     0.0 216.8          M      105
================================================================================
AV 79.4 58.5                               8.0 FASTST   M    M   4    MAX(MPH)
                                 MISC ---->  # 28 270               # 37  260
================================================================================
NOTES:
# LAST OF SEVERAL OCCURRENCES

COLUMN 17 PEAK WIND IN M.P.H.

PRELIMINARY LOCAL CLIMATOLOGICAL DATA (WS FORM: F-6) , PAGE 2

                                          STATION:  DULUTH MN
                                          MONTH:    JULY
                                          YEAR:     2015
                                          LATITUDE:   46 49 N
                                          LONGITUDE:  92 11 W

[TEMPERATURE DATA]      [PRECIPITATION DATA]       SYMBOLS USED IN COLUMN 16

AVERAGE MONTHLY: 68.9   TOTAL FOR MONTH:   3.01    1 = FOG OR MIST
DPTR FM NORMAL:   3.3   DPTR FM NORMAL:   -0.39    2 = FOG REDUCING VISIBILITY
HIGHEST:    89 ON 26    GRTST 24HR  1.87 ON  5- 6      TO 1/4 MILE OR LESS
LOWEST:     48 ON  1                               3 = THUNDER
                        SNOW, ICE PELLETS, HAIL    4 = ICE PELLETS
                        TOTAL MONTH:   0.0 INCH    5 = HAIL
                        GRTST 24HR     0.0         6 = FREEZING RAIN OR DRIZZLE
                        GRTST DEPTH:   0           7 = DUSTSTORM OR SANDSTORM:
                                                       VSBY 1/2 MILE OR LESS
                                                   8 = SMOKE OR HAZE
[NO. OF DAYS WITH]      [WEATHER - DAYS WITH]      9 = BLOWING SNOW
                                                   X = TORNADO
MAX 32 OR BELOW:   0    0.01 INCH OR MORE:   8
MAX 90 OR ABOVE:   0    0.10 INCH OR MORE:   4
MIN 32 OR BELOW:   0    0.50 INCH OR MORE:   3
MIN  0 OR BELOW:   0    1.00 INCH OR MORE:   0

[HDD (BASE 65) ]
TOTAL THIS MO.    15    CLEAR  (SCALE 0-3)  11
DPTR FM NORMAL   -45    PTCLDY (SCALE 4-7)  13
TOTAL FM JUL 1    15    CLOUDY (SCALE 8-10)  3
DPTR FM NORMAL   -45

[CDD (BASE 65) ]
TOTAL THIS MO.   129
DPTR FM NORMAL    51    [PRESSURE DATA]
TOTAL FM JAN 1   155    HIGHEST SLP M ON M
DPTR FM NORMAL    43    LOWEST  SLP 29.59 ON 13

[REMARKS]
