000
CXUS53 KDLH 220701
CF6DLH
PRELIMINARY LOCAL CLIMATOLOGICAL DATA (WS FORM: F-6)

                                          STATION:   DULUTH
                                          MONTH:     SEPTEMBER
                                          YEAR:      2017
                                          LATITUDE:   46 49 N
                                          LONGITUDE:  92 11 W

  TEMPERATURE IN F:       :PCPN:    SNOW:  WIND      :SUNSHINE: SKY     :PK WND
================================================================================
1   2   3   4   5  6A  6B    7    8   9   10  11  12  13   14  15   16   17  18
                                     12Z  AVG MX 2MIN
DY MAX MIN AVG DEP HDD CDD  WTR  SNW DPTH SPD SPD DIR MIN PSBL S-S WX    SPD DR
================================================================================

 1  68  48  58  -3   7   0 0.42  0.0    0 11.2 20 200   M    M   3 18     24 190
 2  74  53  64   3   1   0 0.23  0.0    0 10.2 21 230   M    M   6 13     27 230
 3  81  51  66   6   0   1 0.01  0.0    0 10.4 23 220   M    M   2 3      28 220
 4  67  50  59  -1   6   0 0.14  0.0    0 12.2 28 310   M    M   2 138    44 300
 5  56  48  52  -8  13   0 0.03  0.0    0 13.1 22 330   M    M   7 18     32 310
 6  58  47  53  -6  12   0 0.00  0.0    0  4.2 12 300   M    M   7        14 300
 7  57  45  51  -8  14   0 0.01  0.0    0  5.8 10  70   M    M   7        13  60
 8  61  37  49 -10  16   0 0.00  0.0    0  7.6 18 120   M    M   3 1      22 110
 9  65  43  54  -4  11   0 0.00  0.0    0  9.5 17 170   M    M   1 1      23 170
10  72  53  63   5   2   0 0.02  0.0    0 10.1 16 170   M    M   3        20 170
11  79  50  65   7   0   0    T  0.0    0 10.2 18 280   M    M   3 8      24 270
12  78  46  62   5   3   0 0.00  0.0    0  5.8 14 180   M    M   0 8      19 210
13  82  61  72  15   0   7 0.00  0.0    0  7.6 15 190   M    M   0 18     18 200
14  70  59  65   9   0   0    T  0.0    0  9.1 17  60   M    M   5 123    22  60
15  64  54  59   3   6   0 0.02  0.0    0 15.0 32 100   M    M   8 123    40 100
16  73  55  64   8   1   0 0.11  0.0    0 10.4 22 100   M    M  10 123    27 100
17  61  39  50  -5  15   0 0.00  0.0    0 10.5 24 280   M    M   4 1      29 280
18  60  39  50  -5  15   0    T  0.0    0  7.6 17 170   M    M   8 1      20 170
19  68  53  61   7   4   0 0.02  0.0    0 11.6 20 110   M    M   7 1      26 110
20  71  45  58   4   7   0 0.56    T    0 10.4 37 240   M    M   5 1235   54 250
21  70  42  56   3   9   0 0.00  0.0    0  9.3 21  90   M    M   2 1      28  90
================================================================================
SM 1435 1018       142   8  1.57    T    201.8          M       93
================================================================================
AV 68.3 48.5                               9.6 FASTST   M    M   4    MAX(MPH)
                                 MISC ---->  # 37 240               # 54  250
================================================================================
NOTES:
# LAST OF SEVERAL OCCURRENCES

COLUMN 17 PEAK WIND IN M.P.H.

PRELIMINARY LOCAL CLIMATOLOGICAL DATA (WS FORM: F-6) , PAGE 2

                                          STATION:  DULUTH
                                          MONTH:    SEPTEMBER
                                          YEAR:     2017
                                          LATITUDE:   46 49 N
                                          LONGITUDE:  92 11 W

[TEMPERATURE DATA]      [PRECIPITATION DATA]       SYMBOLS USED IN COLUMN 16

AVERAGE MONTHLY: 58.4   TOTAL FOR MONTH:   1.57    1 = FOG OR MIST
DPTR FM NORMAL:   1.0   DPTR FM NORMAL:   -1.37    2 = FOG REDUCING VISIBILITY
HIGHEST:    82 ON 13    GRTST 24HR  0.56 ON 20-20      TO 1/4 MILE OR LESS
LOWEST:     37 ON  8                               3 = THUNDER
                        SNOW, ICE PELLETS, HAIL    4 = ICE PELLETS
                        TOTAL MONTH:    T          5 = HAIL
                        GRTST 24HR    T  ON 20-20  6 = FREEZING RAIN OR DRIZZLE
                        GRTST DEPTH:   0           7 = DUSTSTORM OR SANDSTORM:
                                                       VSBY 1/2 MILE OR LESS
                                                   8 = SMOKE OR HAZE
[NO. OF DAYS WITH]      [WEATHER - DAYS WITH]      9 = BLOWING SNOW
                                                   X = TORNADO
MAX 32 OR BELOW:   0    0.01 INCH OR MORE:  11
MAX 90 OR ABOVE:   0    0.10 INCH OR MORE:   5
MIN 32 OR BELOW:   0    0.50 INCH OR MORE:   1
MIN  0 OR BELOW:   0    1.00 INCH OR MORE:   0

[HDD (BASE 65) ]
TOTAL THIS MO.   142    CLEAR  (SCALE 0-3)   9
DPTR FM NORMAL   -30    PTCLDY (SCALE 4-7)  10
TOTAL FM JUL 1   312    CLOUDY (SCALE 8-10)  2
DPTR FM NORMAL    -9

[CDD (BASE 65) ]
TOTAL THIS MO.     8
DPTR FM NORMAL    -5    [PRESSURE DATA]
TOTAL FM JAN 1   108    HIGHEST SLP M ON M
DPTR FM NORMAL   -95    LOWEST  SLP 29.58 ON 20

[REMARKS]
