000
CXUS54 KEPZ 301200
CF6DMN
PRELIMINARY LOCAL CLIMATOLOGICAL DATA (WS FORM: F-6)

                                          STATION:   DEMING
                                          MONTH:     JANUARY
                                          YEAR:      2015
                                          LATITUDE:   32 15 N
                                          LONGITUDE: 107 42 W

  TEMPERATURE IN F:       :PCPN:    SNOW:  WIND      :SUNSHINE: SKY     :PK WND
================================================================================
1   2   3   4   5  6A  6B    7    8   9   10  11  12  13   14  15   16   17  18
                                     12Z  AVG MX 2MIN
DY MAX MIN AVG DEP HDD CDD  WTR  SNW DPTH SPD SPD DIR MIN PSBL S-S WX    SPD DR
================================================================================

 1  39  27  33  -7  32   0 0.01    M    0  6.4 18  80   M    M  10 1      23  70
 2  41  29  35  -5  30   0 0.01    M    0 12.1 25  40   M    M   8 18     32  50
 3  44  25  35  -5  30   0 0.00  0.0    0 16.1 28 270   M    M   1        34 270
 4  53  18  36  -4  29   0 0.00  0.0    0  4.2  9 120   M    M   0        12 110
 5  57  19  38  -2  27   0 0.00  0.0    0  4.5 12  90   M    M   0        15  70
 6  64  22  43   3  22   0 0.00  0.0    0  5.1 14  60   M    M   0        17  60
 7  61  28  45   4  20   0 0.00  0.0    0 14.1 29  80   M    M   1        37  90
 8  44  29  37  -4  28   0    T  0.0    0  6.6 16  80   M    M   6        20  70
 9  45  30  38  -3  27   0 0.00  0.0    0  9.9 23  80   M    M   7        33  80
10  48  33  41   0  24   0 0.00  0.0    0  4.8  9  90   M    M   7        11  80
11  64  28  46   5  19   0 0.00  0.0    0  6.5 18 310   M    M   2        25 320
12  55  36  46   5  19   0 0.02    M    0 10.0 22  60   M    M   6 1      28  60
13  43  29  36  -5  29   0 0.00  0.0    0 10.7 16  80   M    M   9 1      21  70
14  39  30  35  -7  30   0 0.62  0.0    0  9.2 16  70   M    M   8 1      19  50
15  52  26  39  -3  26   0 0.00  0.0    0  4.9 16  80   M    M   1 12     20  70
16  54  26  40  -2  25   0 0.00  0.0    0  4.8  9 280   M    M   0        12 250
17  63  26  45   3  20   0 0.00  0.0    0  5.4 10  40   M    M   0        12 140
18  64  28  46   4  19   0 0.00  0.0    0  4.2  9 280   M    M   0        11 280
19  69  29  49   7  16   0 0.00  0.0    0  6.1 13 260   M    M   0        16 260
20  69  30  50   8  15   0 0.00  0.0    0  3.7 13 260   M    M   0        17 250
21  62  34  48   5  17   0    T    M    0  8.5 21 260   M    M   3        29 270
22  45  25  35  -8  30   0 0.05    M    0 17.7 35  30   M    M   6 1      45  30
23  43  18  31 -12  34   0 0.00  0.0    0  5.7 12 200   M    M   0        17 200
24  53  23  38  -5  27   0 0.00  0.0    0  7.3 15  70   M    M   0        18  70
25  58  24  41  -2  24   0 0.00  0.0    0  6.0 17  80   M    M   0        21  60
26  59  29  44   0  21   0 0.00  0.0    0  7.4 16  70   M    M   2        21  80
27  68  40  54  10  11   0 0.00  0.0    0  3.8  8  10   M    M   3        11 240
28  71  34  53   9  12   0 0.00  0.0    0  4.2 13 240   M    M   0        16 240
29  63  36  50   6  15   0 0.14    M    0 11.8 25  50   M    M   5 1      32  40
================================================================================
SM 1590  811       678   0  0.85     0.0 221.7          M       85
================================================================================
AV 54.8 28.0                               7.6 FASTST   M    M   3    MAX(MPH)
                                 MISC ---->  # 35  30               # 45   30
================================================================================
NOTES:
# LAST OF SEVERAL OCCURRENCES

COLUMN 17 PEAK WIND IN M.P.H.

PRELIMINARY LOCAL CLIMATOLOGICAL DATA (WS FORM: F-6) , PAGE 2

                                          STATION:  DEMING
                                          MONTH:    JANUARY
                                          YEAR:     2015
                                          LATITUDE:   32 15 N
                                          LONGITUDE: 107 42 W

[TEMPERATURE DATA]      [PRECIPITATION DATA]       SYMBOLS USED IN COLUMN 16

AVERAGE MONTHLY: 41.4   TOTAL FOR MONTH:   0.85    1 = FOG OR MIST
DPTR FM NORMAL:  -0.4   DPTR FM NORMAL:    0.28    2 = FOG REDUCING VISIBILITY
HIGHEST:    71 ON 28    GRTST 24HR  0.62 ON 14-14      TO 1/4 MILE OR LESS
LOWEST:     18 ON 23, 4                            3 = THUNDER
                        SNOW, ICE PELLETS, HAIL    4 = ICE PELLETS
                        TOTAL MONTH:   0.0 INCH    5 = HAIL
                        GRTST 24HR     0.0         6 = FREEZING RAIN OR DRIZZLE
                        GRTST DEPTH:   0           7 = DUSTSTORM OR SANDSTORM:
                                                       VSBY 1/2 MILE OR LESS
                                                   8 = SMOKE OR HAZE
[NO. OF DAYS WITH]      [WEATHER - DAYS WITH]      9 = BLOWING SNOW
                                                   X = TORNADO
MAX 32 OR BELOW:   0    0.01 INCH OR MORE:   6
MAX 90 OR ABOVE:   0    0.10 INCH OR MORE:   2
MIN 32 OR BELOW:  23    0.50 INCH OR MORE:   1
MIN  0 OR BELOW:   0    1.00 INCH OR MORE:   0

[HDD (BASE 65) ]
TOTAL THIS MO.   678    CLEAR  (SCALE 0-3)  18
DPTR FM NORMAL     6    PTCLDY (SCALE 4-7)   8
TOTAL FM JUL 1  1815    CLOUDY (SCALE 8-10)  3
DPTR FM NORMAL  -185

[CDD (BASE 65) ]
TOTAL THIS MO.     0
DPTR FM NORMAL     0    [PRESSURE DATA]
TOTAL FM JAN 1     0    HIGHEST SLP M ON M
DPTR FM NORMAL     0    LOWEST  SLP 29.77 ON 21

[REMARKS]
