000
CXUS54 KFWD 250730
CF6DTO
PRELIMINARY LOCAL CLIMATOLOGICAL DATA (WS FORM: F-6)

                                          STATION:   DENTON
                                          MONTH:     SEPTEMBER
                                          YEAR:      2017
                                          LATITUDE:   33 12 N
                                          LONGITUDE:  97 12 W

  TEMPERATURE IN F:       :PCPN:    SNOW:  WIND      :SUNSHINE: SKY     :PK WND
================================================================================
1   2   3   4   5  6A  6B    7    8   9   10  11  12  13   14  15   16   17  18
                                     12Z  AVG MX 2MIN
DY MAX MIN AVG DEP HDD CDD  WTR  SNW DPTH SPD SPD DIR MIN PSBL S-S WX    SPD DR
================================================================================

 1  89  62  76  -5   0  11 0.00  0.0    0  2.7  9  90   M    M   0        12  90
 2  93  65  79  -2   0  14 0.00  0.0    0  3.9 12 210   M    M   0        17 240
 3  93  69  81   1   0  16 0.00  0.0    0  5.7 14 210   M    M   1        18 210
 4  94  69  82   2   0  17 0.00  0.0    0  5.4 15 190   M    M   1        19 190
 5  87  65  76  -4   0  11 0.00  0.0    0  8.1 22  10   M    M   1        26  10
 6  82  56  69 -11   0   4 0.00  0.0    0  6.9 18  30   M    M   0        26  20
 7  84  50  67 -12   0   2 0.00  0.0    0  5.2 12 150   M    M   0        14 150
 8  83  54  69 -10   0   4 0.00  0.0    0  5.4 17 120   M    M   0        22 120
 9  85  55  70  -8   0   5 0.00  0.0    0  4.7 15  80   M    M   0        19  80
10  85  57  71  -7   0   6 0.00  0.0    0  5.8 16  70   M    M   0        23  80
11  85  55  70  -8   0   5 0.00  0.0    0  6.0 17  10   M    M   1        22  10
12  84  53  69  -9   0   4 0.00  0.0    0  6.7 18  20   M    M   0        25 360
13  90  53  72  -5   0   7 0.00  0.0    0  2.8 10 130   M    M   0        13 140
14  96  61  79   2   0  14 0.00  0.0    0  8.7 20 150   M    M   0        23 150
15  93  71  82   6   0  17 0.00  0.0    0 12.6 21 150   M    M   0        26 170
16  94  73  84   8   0  19 0.00  0.0    0 10.8 18 150   M    M   0        24 160
17  94  71  83   7   0  18 0.00  0.0    0  7.0 13 140   M    M   1        17 120
18  92  67  80   5   0  15 0.00  0.0    0  5.9 15 150   M    M   1        19 150
19  98  70  84   9   0  19 0.40  0.0    0 11.4 28 240   M    M   0 13     35 240
20  96  74  85  11   0  20 0.00  0.0    0 13.6 22 180   M    M   0        27 200
21  94  77  86  12   0  21 0.00  0.0    0 13.1 21 150   M    M   1        28 140
22  92  73  83   9   0  18 0.00  0.0    0 10.9 21 160   M    M   3        28 190
23  92  70  81   8   0  16 0.00  0.0    0  8.3 18 160   M    M   1        24 140
24  91  70  81   8   0  16 0.00  0.0    0  9.0 20 130   M    M   1        26 140
================================================================================
SM 2166 1540         0 299  0.40     0.0 180.6          M       12
================================================================================
AV 90.3 64.2                               7.5 FASTST   M    M   1    MAX(MPH)
                                 MISC ---->  # 28 240               # 35  240
================================================================================
NOTES:
# LAST OF SEVERAL OCCURRENCES

COLUMN 17 PEAK WIND IN M.P.H.

PRELIMINARY LOCAL CLIMATOLOGICAL DATA (WS FORM: F-6) , PAGE 2

                                          STATION:  DENTON
                                          MONTH:    SEPTEMBER
                                          YEAR:     2017
                                          LATITUDE:   33 12 N
                                          LONGITUDE:  97 12 W

[TEMPERATURE DATA]      [PRECIPITATION DATA]       SYMBOLS USED IN COLUMN 16

AVERAGE MONTHLY: 77.2   TOTAL FOR MONTH:   0.40    1 = FOG OR MIST
DPTR FM NORMAL:   0.0   DPTR FM NORMAL:   -1.92    2 = FOG REDUCING VISIBILITY
HIGHEST:    98 ON 19    GRTST 24HR  0.40 ON 19-19      TO 1/4 MILE OR LESS
LOWEST:     50 ON  7                               3 = THUNDER
                        SNOW, ICE PELLETS, HAIL    4 = ICE PELLETS
                        TOTAL MONTH:   0.0 INCH    5 = HAIL
                        GRTST 24HR     0.0         6 = FREEZING RAIN OR DRIZZLE
                        GRTST DEPTH:   0           7 = DUSTSTORM OR SANDSTORM:
                                                       VSBY 1/2 MILE OR LESS
                                                   8 = SMOKE OR HAZE
[NO. OF DAYS WITH]      [WEATHER - DAYS WITH]      9 = BLOWING SNOW
                                                   X = TORNADO
MAX 32 OR BELOW:   0    0.01 INCH OR MORE:   1
MAX 90 OR ABOVE:  15    0.10 INCH OR MORE:   1
MIN 32 OR BELOW:   0    0.50 INCH OR MORE:   0
MIN  0 OR BELOW:   0    1.00 INCH OR MORE:   0

[HDD (BASE 65) ]
TOTAL THIS MO.     0    CLEAR  (SCALE 0-3)  23
DPTR FM NORMAL    -1    PTCLDY (SCALE 4-7)   1
TOTAL FM JUL 1     0    CLOUDY (SCALE 8-10)  0
DPTR FM NORMAL    -1

[CDD (BASE 65) ]
TOTAL THIS MO.   299
DPTR FM NORMAL     1    [PRESSURE DATA]
TOTAL FM JAN 1  2327    HIGHEST SLP M ON M
DPTR FM NORMAL    73    LOWEST  SLP 29.70 ON 19

[REMARKS]
