000
CXUS51 KPBZ 180904
CF6DUJ
PRELIMINARY LOCAL CLIMATOLOGICAL DATA (WS FORM: F-6)

                                          STATION:   DUBOIS
                                          MONTH:     DECEMBER
                                          YEAR:      2017
                                          LATITUDE:   41 10 N
                                          LONGITUDE:  78 54 W

  TEMPERATURE IN F:       :PCPN:    SNOW:  WIND      :SUNSHINE: SKY     :PK WND
================================================================================
1   2   3   4   5  6A  6B    7    8   9   10  11  12  13   14  15   16   17  18
                                     12Z  AVG MX 2MIN
DY MAX MIN AVG DEP HDD CDD  WTR  SNW DPTH SPD SPD DIR MIN PSBL S-S WX    SPD DR
================================================================================

 1  45  29  37   4  28   0 0.00    M    M  4.3 13 310   M    M   5 18     17 320
 2  42  25  34   1  31   0 0.00    M    M  2.8 10 110   M    M   1 18     13 110
 3  48  27  38   6  27   0 0.00    M    M  3.3 14 240   M    M   0 18     16 240
 4  49  26  38   6  27   0 0.00  0.0    0  9.3 17 140   M    M   0 18     27 140
 5  50  29  40   9  25   0 0.52    M    0 12.3 25 260   M    M   8 1      41 260
 6  37  24  31   0  34   0 0.00  0.0    0 16.2 28 240   M    M   7        35 260
 7  31  19  25  -6  40   0    T    M    0 11.6 23 250   M    M   6 18     31 280
 8  23  15  19 -11  46   0 0.00  0.0    0  8.3 20 240   M    M   2        25 240
 9  31  17  24  -6  41   0 0.00  0.0    0  4.4 16 270   M    M   2        20 280
10  27  24  26  -4  39   0    T    M    0 14.0 23 260   M    M  10 18     30 240
11  34  25  30   1  35   0    T    M    0  7.5 18 250   M    M  10 18     23 240
12  36   8  22  -7  43   0 0.10    M    0 13.4 25 300   M    M   9 128    34 300
13  19   8  14 -15  51   0 0.06    M    0 12.3 26 260   M    M  10 18     36 270
14  20  11  16 -12  49   0 0.10    M    0  7.1 22 320   M    M   8 18     30 310
15  22   7  15 -13  50   0    T    M    0  9.4 25 250   M    M   6 128    34 260
16  31  21  26  -2  39   0    T    M    0 11.9 25 250   M    M  10 18     31 250
17  35  21  28   1  37   0 0.01    M    0  2.3  8 220   M    M   3 128    11 220
================================================================================
SM  580  336       642   0  0.79     0.0 150.4          M       97
================================================================================
AV 34.1 19.8                               8.8 FASTST   M    M   6    MAX(MPH)
                                 MISC ---->  # 28 240               # 41  260
================================================================================
NOTES:
# LAST OF SEVERAL OCCURRENCES

COLUMN 17 PEAK WIND IN M.P.H.

PRELIMINARY LOCAL CLIMATOLOGICAL DATA (WS FORM: F-6) , PAGE 2

                                          STATION:  DUBOIS
                                          MONTH:    DECEMBER
                                          YEAR:     2017
                                          LATITUDE:   41 10 N
                                          LONGITUDE:  78 54 W

[TEMPERATURE DATA]      [PRECIPITATION DATA]       SYMBOLS USED IN COLUMN 16

AVERAGE MONTHLY: 26.9   TOTAL FOR MONTH:   0.79    1 = FOG OR MIST
DPTR FM NORMAL:  -3.1   DPTR FM NORMAL:   -0.99    2 = FOG REDUCING VISIBILITY
HIGHEST:    50 ON  5    GRTST 24HR  0.52 ON  5- 5      TO 1/4 MILE OR LESS
LOWEST:      7 ON 15                               3 = THUNDER
                        SNOW, ICE PELLETS, HAIL    4 = ICE PELLETS
                        TOTAL MONTH:   0.0 INCH    5 = HAIL
                        GRTST 24HR     0.0         6 = FREEZING RAIN OR DRIZZLE
                        GRTST DEPTH:   0           7 = DUSTSTORM OR SANDSTORM:
                                                       VSBY 1/2 MILE OR LESS
                                                   8 = SMOKE OR HAZE
[NO. OF DAYS WITH]      [WEATHER - DAYS WITH]      9 = BLOWING SNOW
                                                   X = TORNADO
MAX 32 OR BELOW:   8    0.01 INCH OR MORE:   5
MAX 90 OR ABOVE:   0    0.10 INCH OR MORE:   3
MIN 32 OR BELOW:  17    0.50 INCH OR MORE:   1
MIN  0 OR BELOW:   0    1.00 INCH OR MORE:   0

[HDD (BASE 65) ]
TOTAL THIS MO.   642    CLEAR  (SCALE 0-3)   5
DPTR FM NORMAL    48    PTCLDY (SCALE 4-7)   6
TOTAL FM JUL 1  1932    CLOUDY (SCALE 8-10)  6
DPTR FM NORMAL  -179

[CDD (BASE 65) ]
TOTAL THIS MO.     0
DPTR FM NORMAL     0    [PRESSURE DATA]
TOTAL FM JAN 1   441    HIGHEST SLP M ON M
DPTR FM NORMAL    79    LOWEST  SLP 29.42 ON 14

[REMARKS]
