000
CXUS55 KDVN 291100
CF6DVN
PRELIMINARY LOCAL CLIMATOLOGICAL DATA (WS FORM: F-6)

                                          STATION:   DAVENPORT IA
                                          MONTH:     MAY
                                          YEAR:      2017
                                          LATITUDE:   41 37 N
                                          LONGITUDE:  90 35 W

  TEMPERATURE IN F:       :PCPN:    SNOW:  WIND      :SUNSHINE: SKY     :PK WND
================================================================================
1   2   3   4   5  6A  6B    7    8   9   10  11  12  13   14  15   16   17  18
                                     12Z  AVG MX 2MIN
DY MAX MIN AVG DEP HDD CDD  WTR  SNW DPTH SPD SPD DIR MIN PSBL S-S WX    SPD DR
================================================================================

 1  53  42  48  -8  17   0 0.12  0.0    0 16.0 31 270   M    M   9 1      38 270
 2  58  38  48  -8  17   0    T  0.0    0 17.3 30 290   M    M   6        36 290
 3  57  32  45 -11  20   0 0.00  0.0    0  4.8 12 110   M    M   0 1      14 110
 4  66  38  52  -5  13   0 0.00  0.0    0 10.9 22  30   M    M   2        29  30
 5  70  39  55  -2  10   0 0.00  0.0    0 11.7 26 340   M    M   0        33 360
 6  68  43  56  -1   9   0    T  0.0    0 11.0 24  80   M    M   3        30  70
 7  68  39  54  -4  11   0 0.00  0.0    0  6.0 12 330   M    M   2        15 360
 8  71  43  57  -1   8   0    T  0.0    0 11.5 21 100   M    M   1 3      25 100
 9  68  46  57  -1   8   0 0.04  0.0    0 10.8 25  50   M    M   3 3      31  50
10  65  52  59   0   6   0 2.01  0.0    0 10.4 25 310   M    M   7 13     42 310
11  71  54  63   4   2   0    T  0.0    0  7.7 14  50   M    M   7        21  30
12  74  53  64   4   1   0 0.00  0.0    0  4.5 13 360   M    M   5        22 340
13  82  49  66   6   0   1 0.00  0.0    0  9.9 23 280   M    M   0        29 300
14  82  58  70  10   0   5 0.00  0.0    0  9.2 21 230   M    M   0        29 260
15  89  55  72  12   0   7 0.00  0.0    0 12.1 22 190   M    M   3        28 190
16  86  65  76  15   0  11 0.00  0.0    0 16.1 28 190   M    M   0        36 190
17  85  65  75  14   0  10 1.09    T    0 20.3 40 170   M    M   4 135    56 210
18  72  57  65   3   0   0 0.00  0.0    0 16.6 26 240   M    M   7        33 240
19  57  45  51 -11  14   0 0.56  0.0    0 16.3 26  70   M    M   9 3      33  70
20  66  45  56  -6   9   0 0.35  0.0    0 13.1 22  80   M    M   8        27  90
21  59  48  54  -9  11   0    T  0.0    0 15.8 28 260   M    M   7        34 280
22  70  45  58  -5   7   0    T  0.0    0 13.4 26 220   M    M   2        39 210
23  65  51  58  -5   7   0 0.03  0.0    0  8.1 22 290   M    M   6        28 300
24  62  46  54 -10  11   0    T  0.0    0 10.1 17  30   M    M   8 1      20  20
25  73  50  62  -2   3   0    T  0.0    0  7.5 13 140   M    M   5        16  30
26  68  56  62  -2   3   0 0.58  0.0    0  8.8 17 110   M    M   5 13     22 130
27  76  56  66   1   0   1    T  0.0    0  5.6 12 130   M    M   7 1      13 140
28  78  59  69   4   0   4 0.00  0.0    0 10.9 25 300   M    M   4        33 290
================================================================================
SM 1959 1369       187  39  4.78    T    316.4          M      120
================================================================================
AV 70.0 48.9                              11.3 FASTST   M    M   4    MAX(MPH)
                                 MISC ---->  # 40 170               # 56  210
================================================================================
NOTES:
# LAST OF SEVERAL OCCURRENCES

COLUMN 17 PEAK WIND IN M.P.H.

PRELIMINARY LOCAL CLIMATOLOGICAL DATA (WS FORM: F-6) , PAGE 2

                                          STATION:  DAVENPORT IA
                                          MONTH:    MAY
                                          YEAR:     2017
                                          LATITUDE:   41 37 N
                                          LONGITUDE:  90 35 W

[TEMPERATURE DATA]      [PRECIPITATION DATA]       SYMBOLS USED IN COLUMN 16

AVERAGE MONTHLY: 59.4   TOTAL FOR MONTH:   4.78    1 = FOG OR MIST
DPTR FM NORMAL:  -0.9   DPTR FM NORMAL:    0.93    2 = FOG REDUCING VISIBILITY
HIGHEST:    89 ON 15    GRTST 24HR  2.01 ON 10-10      TO 1/4 MILE OR LESS
LOWEST:     32 ON  3                               3 = THUNDER
                        SNOW, ICE PELLETS, HAIL    4 = ICE PELLETS
                        TOTAL MONTH:    T          5 = HAIL
                        GRTST 24HR    T  ON 17-17  6 = FREEZING RAIN OR DRIZZLE
                        GRTST DEPTH:   0           7 = DUSTSTORM OR SANDSTORM:
                                                       VSBY 1/2 MILE OR LESS
                                                   8 = SMOKE OR HAZE
[NO. OF DAYS WITH]      [WEATHER - DAYS WITH]      9 = BLOWING SNOW
                                                   X = TORNADO
MAX 32 OR BELOW:   0    0.01 INCH OR MORE:   8
MAX 90 OR ABOVE:   0    0.10 INCH OR MORE:   6
MIN 32 OR BELOW:   1    0.50 INCH OR MORE:   4
MIN  0 OR BELOW:   0    1.00 INCH OR MORE:   2

[HDD (BASE 65) ]
TOTAL THIS MO.   187    CLEAR  (SCALE 0-3)  11
DPTR FM NORMAL    12    PTCLDY (SCALE 4-7)  15
TOTAL FM JUL 1  5406    CLOUDY (SCALE 8-10)  2
DPTR FM NORMAL -1073

[CDD (BASE 65) ]
TOTAL THIS MO.    39
DPTR FM NORMAL    -7    [PRESSURE DATA]
TOTAL FM JAN 1    52    HIGHEST SLP M ON M
DPTR FM NORMAL     0    LOWEST  SLP 29.37 ON  1

[REMARKS]
