000
CXUS54 KEWX 210910
CF6DZB
PRELIMINARY LOCAL CLIMATOLOGICAL DATA (WS FORM: F-6)

                                          STATION:   Horseshoe Bay
                                          MONTH:     FEBRUARY
                                          YEAR:      2017
                                          LATITUDE:   30 31 N
                                          LONGITUDE:  98 22 W

  TEMPERATURE IN F:       :PCPN:    SNOW:  WIND      :SUNSHINE: SKY     :PK WND
================================================================================
1   2   3   4   5  6A  6B    7    8   9   10  11  12  13   14  15   16   17  18
                                     12Z  AVG MX 2MIN
DY MAX MIN AVG DEP HDD CDD  WTR  SNW DPTH SPD SPD DIR MIN PSBL S-S WX    SPD DR
================================================================================

 1  85  49  67   M   0   2 0.00    M    M  3.8  8 240   M    M   0        17 220
 2  60  37  49   M  16   0 0.00    M    M  4.6 10 330   M    M   1        16 330
 3  50  39  45   M  20   0 0.00    M    M  3.8  8  20   M    M  10         M  M
 4  51  46  49   M  16   0 0.00    M    M  1.2  4 150   M    M  10 1       M  M
 5  79  51  65   M   0   0 0.00    M    M  4.7 14 180   M    M   7 1      21 200
 6  78  63  71   M   0   6 0.00    M    M  4.7 13 190   M    M   8        20 190
 7  83  53  68   M   0   3 0.00    M    M  3.0  9 310   M    M   1 1       M  M
 8  84  46  65   M   0   0 0.00    M    M  6.1 13 300   M    M   0        22 290
 9  70  40  55   M  10   0 0.00    M    M  4.1  9 360   M    M   0         M  M
10  77  43  60   M   5   0 0.00    M    M  5.6 12 180   M    M   4        22 200
11  85  58  72   M   0   7 0.00    M    M  5.2 12 190   M    M   3 1      18 190
12  74  59  67   M   0   2 0.00    M    M  4.3 10 340   M    M   8 1       M  M
13  76  52  64   M   1   0 0.21    M    M  5.3 12 140   M    M  10 3      20 140
14  52  45  49   M  16   0 1.67    M    M 10.9 16 340   M    M  10 3      23 300
15  63  37  50   M  15   0 0.00    M    M  7.0 14 330   M    M   1        22 330
16  69  32  51   M  14   0 0.00    M    M  2.9  7 240   M    M   1         M  M
17  78  50  64   M   1   0 0.00    M    M  5.6 13 190   M    M   1        24 190
18  87  56  72   M   0   7 0.00    M    M  4.0  9 150   M    M   0         M  M
19  82  57  70   M   0   5 0.61    M    M  8.2 16 180   M    M   9 13     25 160
20  74  54  64   M   1   0 0.38    M    M  2.3  7  90   M    M  10 3      17 290
================================================================================
SM 1457  967       115  32  2.87    M     97.3          M       94
================================================================================
AV 72.9 48.4                               4.9 FASTST   M    M   5    MAX(MPH)
                                 MISC ---->    16   M                 25    M
================================================================================
NOTES:
# LAST OF SEVERAL OCCURRENCES

COLUMN 17 PEAK WIND IN M.P.H.

PRELIMINARY LOCAL CLIMATOLOGICAL DATA (WS FORM: F-6) , PAGE 2

                                          STATION:  Horseshoe Bay
                                          MONTH:    FEBRUARY
                                          YEAR:     2017
                                          LATITUDE:   30 31 N
                                          LONGITUDE:  98 22 W

[TEMPERATURE DATA]      [PRECIPITATION DATA]       SYMBOLS USED IN COLUMN 16

AVERAGE MONTHLY: 60.6   TOTAL FOR MONTH:   2.87    1 = FOG OR MIST
DPTR FM NORMAL:     M   DPTR FM NORMAL:       M    2 = FOG REDUCING VISIBILITY
HIGHEST:    87 ON 18    GRTST 24HR  1.67 ON 14-14      TO 1/4 MILE OR LESS
LOWEST:     32 ON 16                               3 = THUNDER
                        SNOW, ICE PELLETS, HAIL    4 = ICE PELLETS
                        TOTAL MONTH:    M          5 = HAIL
                        GRTST 24HR    M  ON   M    6 = FREEZING RAIN OR DRIZZLE
                        GRTST DEPTH:  M  ON   M    7 = DUSTSTORM OR SANDSTORM:
                                                       VSBY 1/2 MILE OR LESS
                                                   8 = SMOKE OR HAZE
[NO. OF DAYS WITH]      [WEATHER - DAYS WITH]      9 = BLOWING SNOW
                                                   X = TORNADO
MAX 32 OR BELOW:   0    0.01 INCH OR MORE:   4
MAX 90 OR ABOVE:   0    0.10 INCH OR MORE:   4
MIN 32 OR BELOW:   1    0.50 INCH OR MORE:   2
MIN  0 OR BELOW:   0    1.00 INCH OR MORE:   1

[HDD (BASE 65) ]
TOTAL THIS MO.   115    CLEAR  (SCALE 0-3)   9
DPTR FM NORMAL     M    PTCLDY (SCALE 4-7)   5
TOTAL FM JUL 1   985    CLOUDY (SCALE 8-10)  6
DPTR FM NORMAL     M

[CDD (BASE 65) ]
TOTAL THIS MO.    32
DPTR FM NORMAL     M    [PRESSURE DATA]
TOTAL FM JAN 1    51    HIGHEST SLP M ON M
DPTR FM NORMAL     M    LOWEST  SLP M ON M

[REMARKS]
