000
CXUS54 KEWX 230910
CF6DZB
PRELIMINARY LOCAL CLIMATOLOGICAL DATA (WS FORM: F-6)

                                          STATION:   Horseshoe Bay
                                          MONTH:     JULY
                                          YEAR:      2017
                                          LATITUDE:   30 31 N
                                          LONGITUDE:  98 22 W

  TEMPERATURE IN F:       :PCPN:    SNOW:  WIND      :SUNSHINE: SKY     :PK WND
================================================================================
1   2   3   4   5  6A  6B    7    8   9   10  11  12  13   14  15   16   17  18
                                     12Z  AVG MX 2MIN
DY MAX MIN AVG DEP HDD CDD  WTR  SNW DPTH SPD SPD DIR MIN PSBL S-S WX    SPD DR
================================================================================

 1  96  70  83   M   0  18 0.04    M    M  6.0 10 160   M    M   4 3      21 160
 2  97  72  85   M   0  20 0.00    M    M  7.0 13 180   M    M   2        22 180
 3  97  74  86   M   0  21 0.00    M    M  8.0 17 180   M    M   1        22 180
 4  99  76  88   M   0  23 0.00    M    M  7.6 16 160   M    M   3        24 180
 5  98  75  87   M   0  22 0.00    M    M  4.3 13 170   M    M   4        25 170
 6  97  70  84   M   0  19 0.00    M    M  3.5  9 170   M    M   2        16 170
 7  97  71  84   M   0  19 0.00    M    M  3.8 17 150   M    M   2        27 150
 8 100  69  85   M   0  20 0.00    M    M  2.7  7 240   M    M   2         M  M
 9  98  74  86   M   0  21 0.30    M    M  3.7 10 120   M    M   2 3      21 120
10  98  69  84   M   0  19 0.00    M    M  5.8 12 230   M    M   0        22 170
11  98  74  86   M   0  21 0.00    M    M  6.5 14 140   M    M   1        20 180
12  96  75  86   M   0  21 0.00    M    M  6.6 12 180   M    M   1        20 180
13  99  72  86   M   0  21 0.00    M    M  4.8  9 180   M    M   2        20 180
14 100  72  86   M   0  21 0.00    M    M  2.6  9 140   M    M   2         M  M
15  98  72  85   M   0  20 0.00    M    M  3.4 15  80   M    M   1        23  80
16  99  69  84   M   0  19 0.00    M    M  2.4  9 140   M    M   1        17 140
17  94  73  84   M   0  19 0.04    M    M  1.2  8 160   M    M   4 3       M  M
18  98  72  85   M   0  20 0.00    M    M  3.5  8 130   M    M   2        21 150
19  99  70  85   M   0  20 0.00    M    M  5.2  9 130   M    M   2         M  M
20 101  73  87   M   0  22 0.00    M    M  4.6 10 130   M    M   1         M  M
21 101  73  87   M   0  22 0.00    M    M  4.9 13 170   M    M   0        18 180
22 102  74  88   M   0  23 0.00  0.0    0  4.9 13 180   M    M   1        17 180
================================================================================
SM 2162 1589         0 451  0.38     0.0 103.0          M       40
================================================================================
AV 98.3 72.2                               4.7 FASTST   M    M   2    MAX(MPH)
                                 MISC ---->  # 17 180               # 27  150
================================================================================
NOTES:
# LAST OF SEVERAL OCCURRENCES

COLUMN 17 PEAK WIND IN M.P.H.

PRELIMINARY LOCAL CLIMATOLOGICAL DATA (WS FORM: F-6) , PAGE 2

                                          STATION:  Horseshoe Bay
                                          MONTH:    JULY
                                          YEAR:     2017
                                          LATITUDE:   30 31 N
                                          LONGITUDE:  98 22 W

[TEMPERATURE DATA]      [PRECIPITATION DATA]       SYMBOLS USED IN COLUMN 16

AVERAGE MONTHLY: 85.3   TOTAL FOR MONTH:   0.38    1 = FOG OR MIST
DPTR FM NORMAL:     M   DPTR FM NORMAL:       M    2 = FOG REDUCING VISIBILITY
HIGHEST:   102 ON 22    GRTST 24HR  0.30 ON  9- 9      TO 1/4 MILE OR LESS
LOWEST:     69 ON 16,10                            3 = THUNDER
                        SNOW, ICE PELLETS, HAIL    4 = ICE PELLETS
                        TOTAL MONTH:   0.0 INCH    5 = HAIL
                        GRTST 24HR     0.0         6 = FREEZING RAIN OR DRIZZLE
                        GRTST DEPTH:   0           7 = DUSTSTORM OR SANDSTORM:
                                                       VSBY 1/2 MILE OR LESS
                                                   8 = SMOKE OR HAZE
[NO. OF DAYS WITH]      [WEATHER - DAYS WITH]      9 = BLOWING SNOW
                                                   X = TORNADO
MAX 32 OR BELOW:   0    0.01 INCH OR MORE:   3
MAX 90 OR ABOVE:  22    0.10 INCH OR MORE:   1
MIN 32 OR BELOW:   0    0.50 INCH OR MORE:   0
MIN  0 OR BELOW:   0    1.00 INCH OR MORE:   0

[HDD (BASE 65) ]
TOTAL THIS MO.     0    CLEAR  (SCALE 0-3)  19
DPTR FM NORMAL     M    PTCLDY (SCALE 4-7)   3
TOTAL FM JUL 1     0    CLOUDY (SCALE 8-10)  0
DPTR FM NORMAL     M

[CDD (BASE 65) ]
TOTAL THIS MO.   451
DPTR FM NORMAL     M    [PRESSURE DATA]
TOTAL FM JAN 1  1475    HIGHEST SLP M ON M
DPTR FM NORMAL     M    LOWEST  SLP M ON M

[REMARKS]
