000
CXUS53 KGID 290730
CF6EAR
PRELIMINARY LOCAL CLIMATOLOGICAL DATA (WS FORM: F-6)

                                          STATION:   KEARNEY
                                          MONTH:     APRIL
                                          YEAR:      2017
                                          LATITUDE:   40 43 N
                                          LONGITUDE:  99  0 W

  TEMPERATURE IN F:       :PCPN:    SNOW:  WIND      :SUNSHINE: SKY     :PK WND
================================================================================
1   2   3   4   5  6A  6B    7    8   9   10  11  12  13   14  15   16   17  18
                                     12Z  AVG MX 2MIN
DY MAX MIN AVG DEP HDD CDD  WTR  SNW DPTH SPD SPD DIR MIN PSBL S-S WX    SPD DR
================================================================================

 1  45  39  42  -1  23   0 0.01    M    M  6.1 10  50   M    M   9         M  M
 2  59  37  48   4  17   0 0.00    M    M  7.2 13 180   M    M   5         M  M
 3  57  39  48   4  17   0    T    M    M  9.3 22 340   M    M   8        27 330
 4  55  36  46   2  19   0 0.00    M    M 13.0 24  40   M    M   5        24 340
 5  59  34  47   2  18   0 0.00    M    M 15.7 23 360   M    M   2        32 340
 6  61  28  45   0  20   0 0.00    M    M  5.6 12 340   M    M   1         M  M
 7  70  34  52   6  13   0 0.00    M    M 17.9 32 180   M    M   0        40 180
 8  79  46  63  17   2   0 0.00    M    M  8.0 18 180   M    M   0        18 140
 9  72  45  59  13   6   0 0.01    M    M 10.2 31 320   M    M   3 3      38 320
10  48  30  39  -8  26   0 0.00    M    M 14.1 24 330   M    M   4        33 330
11  70  27  49   2  16   0 0.00    M    M  9.5 20 200   M    M   0        29 180
12  75  46  61  14   4   0 0.00    M    M 13.6 27 160   M    M   2        36 160
13  75  45  60  12   5   0 0.00    M    M  9.4 15  40   M    M   2        20 140
14  81  55  68  20   0   3 0.07    M    M 17.6 27 180   M    M   6 3      33 180
15  77  54  66  18   0   1 0.00    M    M 13.3 20 190   M    M   4        25 190
16  68  46  57   8   8   0    T    M    M 10.4 18 120   M    M   4        25 120
17  73  43  58   9   7   0 0.00    M    M 10.5 23 170   M    M   3        28 170
18  79  59  69  19   0   4 0.00    M    M 12.8 24 200   M    M   4        30 200
19  68  48  58   8   7   0 0.00    M    M 16.0 25  80   M    M   7        31  80
20  70  45  58   8   7   0 0.00    M    M 12.3 24 350   M    M   0        29 340
21  61  43  52   1  13   0 0.00    M    M 12.9 18  90   M    M   4        24  90
22  64  37  51   0  14   0 0.00    M    M  5.6 10  30   M    M   1        16  20
23  72  34  53   2  12   0 0.00    M    M 16.3 31 180   M    M   0        39 180
24  72  52  62  10   3   0 0.00    M    M 16.2 25 170   M    M   1        35 180
25  54  37  46  -6  19   0 0.13    M    M 17.2 22 360   M    M  10 3      29 350
26  46  34  40 -12  25   0 0.00    M    M 16.0 24 340   M    M   7        33 340
27  55  27  41 -12  24   0 0.01    M    M  8.1 20 140   M    M   6        25 140
28  46  34  40 -13  25   0 0.87    M    M 16.1 24  50   M    M  10        33  50
================================================================================
SM 1811 1134       350   8  1.10    M    340.9          M      108
================================================================================
AV 64.7 40.5                              12.2 FASTST   M    M   4    MAX(MPH)
                                 MISC ---->    32   M                 40    M
================================================================================
NOTES:
# LAST OF SEVERAL OCCURRENCES

COLUMN 17 PEAK WIND IN M.P.H.

PRELIMINARY LOCAL CLIMATOLOGICAL DATA (WS FORM: F-6) , PAGE 2

                                          STATION:  KEARNEY
                                          MONTH:    APRIL
                                          YEAR:     2017
                                          LATITUDE:   40 43 N
                                          LONGITUDE:  99  0 W

[TEMPERATURE DATA]      [PRECIPITATION DATA]       SYMBOLS USED IN COLUMN 16

AVERAGE MONTHLY: 52.6   TOTAL FOR MONTH:   1.10    1 = FOG OR MIST
DPTR FM NORMAL:   4.3   DPTR FM NORMAL:   -0.94    2 = FOG REDUCING VISIBILITY
HIGHEST:    81 ON 14    GRTST 24HR  0.87 ON 28-28      TO 1/4 MILE OR LESS
LOWEST:     27 ON 27,11                            3 = THUNDER
                        SNOW, ICE PELLETS, HAIL    4 = ICE PELLETS
                        TOTAL MONTH:    M          5 = HAIL
                        GRTST 24HR    M  ON   M    6 = FREEZING RAIN OR DRIZZLE
                        GRTST DEPTH:  M  ON   M    7 = DUSTSTORM OR SANDSTORM:
                                                       VSBY 1/2 MILE OR LESS
                                                   8 = SMOKE OR HAZE
[NO. OF DAYS WITH]      [WEATHER - DAYS WITH]      9 = BLOWING SNOW
                                                   X = TORNADO
MAX 32 OR BELOW:   0    0.01 INCH OR MORE:   6
MAX 90 OR ABOVE:   0    0.10 INCH OR MORE:   2
MIN 32 OR BELOW:   4    0.50 INCH OR MORE:   1
MIN  0 OR BELOW:   0    1.00 INCH OR MORE:   0

[HDD (BASE 65) ]
TOTAL THIS MO.   350    CLEAR  (SCALE 0-3)  12
DPTR FM NORMAL  -123    PTCLDY (SCALE 4-7)  12
TOTAL FM JUL 1  5035    CLOUDY (SCALE 8-10)  4
DPTR FM NORMAL -1210

[CDD (BASE 65) ]
TOTAL THIS MO.     8
DPTR FM NORMAL     7    [PRESSURE DATA]
TOTAL FM JAN 1     8    HIGHEST SLP M ON M
DPTR FM NORMAL     7    LOWEST  SLP M ON M

[REMARKS]
