000
CXUS56 KOTX 280900
CF6EAT
PRELIMINARY LOCAL CLIMATOLOGICAL DATA (WS FORM: F-6)

                                          STATION:   WENATCHEE WA PANGBORN FIELD
                                          MONTH:     FEBRUARY
                                          YEAR:      2015
                                          LATITUDE:   47 23 N
                                          LONGITUDE: 120 12 W

  TEMPERATURE IN F:       :PCPN:    SNOW:  WIND      :SUNSHINE: SKY     :PK WND
================================================================================
1   2   3   4   5  6A  6B    7    8   9   10  11  12  13   14  15   16   17  18
                                     12Z  AVG MX 2MIN
DY MAX MIN AVG DEP HDD CDD  WTR  SNW DPTH SPD SPD DIR MIN PSBL S-S WX    SPD DR
================================================================================

 1  40  34  37   5  28   0    T    M    M  2.4  9 130   M    M   8        12 120
 2  38  33  36   4  29   0 0.06    M    M  3.1  9 120   M    M   8 128    14 130
 3  41  31  36   4  29   0 0.00    M    M  1.5  9 290   M    M   6 1      10 300
 4  38  33  36   3  29   0 0.04    M    M  1.7  7 260   M    M  10 1       8 290
 5  41  35  38   5  27   0 0.05    M    M  3.1  8 250   M    M   9 12     11 240
 6  49  37  43  10  22   0    T    M    M  4.6 15 260   M    M   5 12     19 220
 7  57  38  48  15  17   0 0.17    M    M  3.7 18 320   M    M   7 12     23 320
 8  48  37  43  10  22   0 0.23    M    M  4.0 13 300   M    M   5 1      14 330
 9  52  39  46  12  19   0 0.04    M    M  4.2 10 310   M    M   9 12     12 290
10  58  40  49  15  16   0    T    M    M  3.9 12 120   M    M   3 1      15 130
11  51  44  48  14  17   0 0.00    M    M  2.7  8 260   M    M   8         9 260
12  59  42  51  17  14   0    T    M    M  2.4 10 270   M    M   4 8      12 270
13  56  39  48  14  17   0 0.00    M    M  2.2  9 300   M    M   0        12 290
14  62  40  51  17  14   0 0.00    M    M  6.1 18 310   M    M   0        21 300
15  57  35  46  11  19   0 0.00    M    M  5.6 13 300   M    M   0        14 310
16  54  31  43   8  22   0 0.00    M    M  4.7 12 280   M    M   0        15 280
17  55  31  43   8  22   0 0.00    M    M  3.1  9 280   M    M   0        11 300
18  52  32  42   7  23   0 0.00    M    M  2.3  8 350   M    M   0        11 360
19  51  37  44   8  21   0    T    M    M  2.5 15 270   M    M   4        16 270
20  61  36  49  13  16   0 0.00    M    M  8.0 23 320   M    M   1        29 320
21  55  36  46  10  19   0 0.00    M    M  7.4 22  60   M    M   5        28  40
22  47  27  37   1  28   0 0.00    M    M  4.1 14 140   M    M   0        17 140
23  50  25  38   1  27   0 0.00    M    M  6.0 14 130   M    M   0        17 130
24  52  31  42   5  23   0 0.00    M    M  5.6 24 290   M    M   0        30 290
25  55  35  45   7  20   0 0.00    M    M  6.4 14 300   M    M   3        19 300
26  54  43  49  11  16   0 0.00    M    M  5.8 13 140   M    M   8        16 140
27  47  38  43   5  22   0 0.31    M    M  7.7 20  10   M    M  10 1      35  60
================================================================================
SM 1380  959       578   0  0.90    M    114.8          M      113
================================================================================
AV 51.1 35.5                               4.3 FASTST   M    M   4    MAX(MPH)
                                 MISC ---->  # 24 290               # 35   60
================================================================================
NOTES:
# LAST OF SEVERAL OCCURRENCES

COLUMN 17 PEAK WIND IN M.P.H.

PRELIMINARY LOCAL CLIMATOLOGICAL DATA (WS FORM: F-6) , PAGE 2

                                          STATION:  WENATCHEE WA PANGBORN FIELD
                                          MONTH:    FEBRUARY
                                          YEAR:     2015
                                          LATITUDE:   47 23 N
                                          LONGITUDE: 120 12 W

[TEMPERATURE DATA]      [PRECIPITATION DATA]       SYMBOLS USED IN COLUMN 16

AVERAGE MONTHLY: 43.3   TOTAL FOR MONTH:   0.90    1 = FOG OR MIST
DPTR FM NORMAL:   8.6   DPTR FM NORMAL:    0.12    2 = FOG REDUCING VISIBILITY
HIGHEST:    62 ON 14    GRTST 24HR  0.31 ON 27-27      TO 1/4 MILE OR LESS
LOWEST:     25 ON 23                               3 = THUNDER
                        SNOW, ICE PELLETS, HAIL    4 = ICE PELLETS
                        TOTAL MONTH:    M          5 = HAIL
                        GRTST 24HR    M  ON   M    6 = FREEZING RAIN OR DRIZZLE
                        GRTST DEPTH:  M  ON   M    7 = DUSTSTORM OR SANDSTORM:
                                                       VSBY 1/2 MILE OR LESS
                                                   8 = SMOKE OR HAZE
[NO. OF DAYS WITH]      [WEATHER - DAYS WITH]      9 = BLOWING SNOW
                                                   X = TORNADO
MAX 32 OR BELOW:   0    0.01 INCH OR MORE:   7
MAX 90 OR ABOVE:   0    0.10 INCH OR MORE:   3
MIN 32 OR BELOW:   7    0.50 INCH OR MORE:   0
MIN  0 OR BELOW:   0    1.00 INCH OR MORE:   0

[HDD (BASE 65) ]
TOTAL THIS MO.   578    CLEAR  (SCALE 0-3)  12
DPTR FM NORMAL  -241    PTCLDY (SCALE 4-7)  11
TOTAL FM JUL 1  3607    CLOUDY (SCALE 8-10)  4
DPTR FM NORMAL  -832

[CDD (BASE 65) ]
TOTAL THIS MO.     0
DPTR FM NORMAL     0    [PRESSURE DATA]
TOTAL FM JAN 1     0    HIGHEST SLP M ON M
DPTR FM NORMAL     0    LOWEST  SLP  0.00 ON M

[REMARKS]
