000
CXUS52 KTAE 280800
CF6ECP
PRELIMINARY LOCAL CLIMATOLOGICAL DATA (WS FORM: F-6)

                                          STATION:   PANAMA CITY NW
                                          MONTH:     SEPTEMBER
                                          YEAR:      2016
                                          LATITUDE:   30 21 N
                                          LONGITUDE:  85 48 W

  TEMPERATURE IN F:       :PCPN:    SNOW:  WIND      :SUNSHINE: SKY     :PK WND
================================================================================
1   2   3   4   5  6A  6B    7    8   9   10  11  12  13   14  15   16   17  18
                                     12Z  AVG MX 2MIN
DY MAX MIN AVG DEP HDD CDD  WTR  SNW DPTH SPD SPD DIR MIN PSBL S-S WX    SPD DR
================================================================================

 1  84  76  80   M   0  15 0.14  0.0    0 10.5 21 310   M    M   6 1      26 340
 2  92  75  84   M   0  19    T  0.0    0  8.8 20 300   M    M   3 3      26 300
 3  90  75  83   M   0  18    T  0.0    0  4.6 20 120   M    M   5 13     27  90
 4  81  74  78   M   0  13 0.63  0.0    0  4.1 10 240   M    M   8 13     15  90
 5  90  72  81   M   0  16 0.00  0.0    0  5.0 13 120   M    M   7        16 100
 6  91  69  80   M   0  15 0.00  0.0    0  3.5 13  40   M    M   1        17  30
 7  92  66  79   M   0  14 0.00  0.0    0  2.3 17  40   M    M   2        23  30
 8  92  66  79   M   0  14 0.00  0.0    0  3.5 13 180   M    M   0        15 200
 9  93  66  80   M   0  15    T  0.0    0  3.9 14 180   M    M   3        17 180
10  96  69  83   M   0  18 0.00  0.0    0  3.3 12 220   M    M   0 3      19 220
11  90  71  81   M   0  16 0.01  0.0    0  2.9  9 180   M    M   1        15 190
12  89  73  81   M   0  16 0.33  0.0    0  6.0 21 110   M    M   2 13     26 120
13  91  73  82   M   0  17 0.08  0.0    0  7.7 20  20   M    M   4        25  10
14  88  72  80   M   0  15 0.00  0.0    0  4.4 13 350   M    M   5        16  30
15  92  72  82   M   0  17 0.00  0.0    0  4.6 14  10   M    M   2        17 360
16  86  73  80   M   0  15 0.22  0.0    0  5.5 15  50   M    M   6 13     19  90
17  86  75  81   M   0  16 0.01  0.0    0  5.1 14 140   M    M   5 13     17 140
18  88  75  82   M   0  17 0.09  0.0    0  4.8 15 190   M    M   2 1      19 190
19  91  74  83   M   0  18 0.14    M    0  3.5  9 220   M    M   2 13      M  M
20  96  73  85   M   0  20 0.00  0.0    0  5.2  M   M   M    M   2         M  M
21  94  73  84   M   0  19 0.00  0.0    0  4.7  M   M   M    M   3         M  M
22  95  72  84   M   0  19 0.00  0.0    0  5.3  M   M   M    M   1         M  M
23  93  69  81   M   0  16 0.00  0.0    0   M   M 360   M    M   1         M  M
24  94  69  82   M   0  17 0.00  0.0    0  5.1 10 190   M    M   3         M  M
25  92  69  81   M   0  16    T  0.0    0  5.5  9 180   M    M   3 1       M  M
26  88  68  78   M   0  13 0.21  0.0    0  5.1 12  90   M    M   2 3       M  M
27  88  67  78   M   0  13 0.02  0.0    0  2.8 13 180   M    M   0        16 180
================================================================================
SM 2442 1926         0 437  1.88     0.0 127.7          M       79
================================================================================
AV 90.4 71.3                               4.9 FASTST   M    M   3    MAX(MPH)
                                 MISC ---->  # 21 310               # 27   90
================================================================================
NOTES:
# LAST OF SEVERAL OCCURRENCES

COLUMN 17 PEAK WIND IN M.P.H.

PRELIMINARY LOCAL CLIMATOLOGICAL DATA (WS FORM: F-6) , PAGE 2

                                          STATION:  PANAMA CITY NW
                                          MONTH:    SEPTEMBER
                                          YEAR:     2016
                                          LATITUDE:   30 21 N
                                          LONGITUDE:  85 48 W

[TEMPERATURE DATA]      [PRECIPITATION DATA]       SYMBOLS USED IN COLUMN 16

AVERAGE MONTHLY: 80.9   TOTAL FOR MONTH:   1.88    1 = FOG OR MIST
DPTR FM NORMAL:     M   DPTR FM NORMAL:       M    2 = FOG REDUCING VISIBILITY
HIGHEST:    96 ON 20,10 GRTST 24HR  0.63 ON  4- 4      TO 1/4 MILE OR LESS
LOWEST:     66 ON  9, 8                            3 = THUNDER
                        SNOW, ICE PELLETS, HAIL    4 = ICE PELLETS
                        TOTAL MONTH:   0.0 INCH    5 = HAIL
                        GRTST 24HR     0.0         6 = FREEZING RAIN OR DRIZZLE
                        GRTST DEPTH:   0           7 = DUSTSTORM OR SANDSTORM:
                                                       VSBY 1/2 MILE OR LESS
                                                   8 = SMOKE OR HAZE
[NO. OF DAYS WITH]      [WEATHER - DAYS WITH]      9 = BLOWING SNOW
                                                   X = TORNADO
MAX 32 OR BELOW:   0    0.01 INCH OR MORE:  11
MAX 90 OR ABOVE:  18    0.10 INCH OR MORE:   6
MIN 32 OR BELOW:   0    0.50 INCH OR MORE:   1
MIN  0 OR BELOW:   0    1.00 INCH OR MORE:   0

[HDD (BASE 65) ]
TOTAL THIS MO.     0    CLEAR  (SCALE 0-3)  18
DPTR FM NORMAL     M    PTCLDY (SCALE 4-7)   9
TOTAL FM JUL 1     0    CLOUDY (SCALE 8-10)  0
DPTR FM NORMAL     M

[CDD (BASE 65) ]
TOTAL THIS MO.   437
DPTR FM NORMAL     M    [PRESSURE DATA]
TOTAL FM JAN 1  2509    HIGHEST SLP M ON M
DPTR FM NORMAL     M    LOWEST  SLP 29.69 ON  2

[REMARKS]
