000
CXUS52 KTAE 240800
CF6ECP
PRELIMINARY LOCAL CLIMATOLOGICAL DATA (WS FORM: F-6)

                                          STATION:   PANAMA CITY NW
                                          MONTH:     MAY
                                          YEAR:      2016
                                          LATITUDE:   30 21 N
                                          LONGITUDE:  85 48 W

  TEMPERATURE IN F:       :PCPN:    SNOW:  WIND      :SUNSHINE: SKY     :PK WND
================================================================================
1   2   3   4   5  6A  6B    7    8   9   10  11  12  13   14  15   16   17  18
                                     12Z  AVG MX 2MIN
DY MAX MIN AVG DEP HDD CDD  WTR  SNW DPTH SPD SPD DIR MIN PSBL S-S WX    SPD DR
================================================================================

 1  84  70  77   M   0  12 0.00  0.0    0  7.3 20 140   M    M   4 12     24 150
 2  84  69  77   M   0  12 0.00  0.0    0  6.4 15 180   M    M   5 1      20 170
 3  84  67  76   M   0  11 0.02  0.0    0  5.5 51 230   M    M   7 12     51 230
 4  78  58  68   M   0   3 0.00  0.0    0  8.1 21 310   M    M   4        25 310
 5  78  53  66   M   0   1 0.00  0.0    0  8.9 23 280   M    M   1        30 310
 6  77  49  63   M   2   0 0.00  0.0    0  8.6 22 300   M    M   1        26 300
 7  82  49  66   M   0   1 0.00  0.0    0  6.9 18 220   M    M   0        30 250
 8  84  53  69   M   0   4 0.00  0.0    0  5.3 17 190   M    M   0        28 230
 9  81  57  69   M   0   4 0.00  0.0    0  6.3 17 200   M    M   1 1      24 200
10  79  61  70   M   0   5    T  0.0    0  5.9 17 140   M    M   4 3      23 140
11  85  57  71   M   0   6 0.00  0.0    0  4.7 14 170   M    M   0 1      19 190
12  88  63  76   M   0  11 0.00  0.0    0  5.4 20 180   M    M   5 128    23 180
13  88  66  77   M   0  12 0.04  0.0    0  5.9 15 310   M    M   4 12     21 310
14  89  58  74   M   0   9 0.00  0.0    0  6.6 17 220   M    M   0        25 270
15  88  60  74   M   0   9 0.00  0.0    0  6.5 14 340   M    M   0 1      23 290
16  90  60  75   M   0  10 0.00  0.0    0  6.3 16 140   M    M   0        20 160
17  83  69  76   M   0  11 0.01  0.0    0  6.4 20 150   M    M   6 1      26 110
18  89  68  79   M   0  14 0.00  0.0    0  6.1 17 160   M    M   4 1      22 170
19  88  71  80   M   0  15 0.00  0.0    0  5.6 16 220   M    M   4 12     29 180
20  73  67  70   M   0   5 1.14  0.0    0  5.7 31 250   M    M   6 13     39 260
21  87  68  78   M   0  13    T  0.0    0  6.5 20 210   M    M   6 13     29 250
22  84  60  72   M   0   7 0.00  0.0    0  5.7 17 320   M    M   0        25 300
23  85  55  70   M   0   5 0.00  0.0    0  4.0 15 160   M    M   0        20 240
================================================================================
SM 1928 1408         2 180  1.21     0.0 144.6          M       62
================================================================================
AV 83.8 61.2                               6.3 FASTST   M    M   3    MAX(MPH)
                                 MISC ---->  # 51 230               # 51  230
================================================================================
NOTES:
# LAST OF SEVERAL OCCURRENCES

COLUMN 17 PEAK WIND IN M.P.H.

PRELIMINARY LOCAL CLIMATOLOGICAL DATA (WS FORM: F-6) , PAGE 2

                                          STATION:  PANAMA CITY NW
                                          MONTH:    MAY
                                          YEAR:     2016
                                          LATITUDE:   30 21 N
                                          LONGITUDE:  85 48 W

[TEMPERATURE DATA]      [PRECIPITATION DATA]       SYMBOLS USED IN COLUMN 16

AVERAGE MONTHLY: 72.5   TOTAL FOR MONTH:   1.21    1 = FOG OR MIST
DPTR FM NORMAL:     M   DPTR FM NORMAL:       M    2 = FOG REDUCING VISIBILITY
HIGHEST:    90 ON 16    GRTST 24HR  1.14 ON 20-20      TO 1/4 MILE OR LESS
LOWEST:     49 ON  7, 6                            3 = THUNDER
                        SNOW, ICE PELLETS, HAIL    4 = ICE PELLETS
                        TOTAL MONTH:   0.0 INCH    5 = HAIL
                        GRTST 24HR     0.0         6 = FREEZING RAIN OR DRIZZLE
                        GRTST DEPTH:   0           7 = DUSTSTORM OR SANDSTORM:
                                                       VSBY 1/2 MILE OR LESS
                                                   8 = SMOKE OR HAZE
[NO. OF DAYS WITH]      [WEATHER - DAYS WITH]      9 = BLOWING SNOW
                                                   X = TORNADO
MAX 32 OR BELOW:   0    0.01 INCH OR MORE:   4
MAX 90 OR ABOVE:   1    0.10 INCH OR MORE:   1
MIN 32 OR BELOW:   0    0.50 INCH OR MORE:   1
MIN  0 OR BELOW:   0    1.00 INCH OR MORE:   1

[HDD (BASE 65) ]
TOTAL THIS MO.     2    CLEAR  (SCALE 0-3)  11
DPTR FM NORMAL     M    PTCLDY (SCALE 4-7)  12
TOTAL FM JUL 1  1077    CLOUDY (SCALE 8-10)  0
DPTR FM NORMAL     M

[CDD (BASE 65) ]
TOTAL THIS MO.   180
DPTR FM NORMAL     M    [PRESSURE DATA]
TOTAL FM JAN 1   366    HIGHEST SLP M ON M
DPTR FM NORMAL     M    LOWEST  SLP 29.77 ON  4

[REMARKS]
