000
CXUS52 KTAE 010800
CF6ECP
PRELIMINARY LOCAL CLIMATOLOGICAL DATA (WS FORM: F-6)

                                          STATION:   PANAMA CITY NW
                                          MONTH:     JUNE
                                          YEAR:      2015
                                          LATITUDE:   30 21 N
                                          LONGITUDE:  85 48 W

  TEMPERATURE IN F:       :PCPN:    SNOW:  WIND      :SUNSHINE: SKY     :PK WND
================================================================================
1   2   3   4   5  6A  6B    7    8   9   10  11  12  13   14  15   16   17  18
                                     12Z  AVG MX 2MIN
DY MAX MIN AVG DEP HDD CDD  WTR  SNW DPTH SPD SPD DIR MIN PSBL S-S WX    SPD DR
================================================================================

 1  84  67  76   M   0  11 0.00  0.0    0  4.1 17 310   M    M   3 3      22 320
 2  84  68  76   M   0  11 1.65  0.0    0  3.7 23 150   M    M   3 13     27 140
 3  85  70  78   M   0  13 0.06  0.0    0  5.6 16 220   M    M   3 1      20 170
 4  88  71  80   M   0  15 0.83  0.0    0  3.7 23  50   M    M   5 138    40  30
 5  89  70  80   M   0  15 0.09  0.0    0  4.4 14  10   M    M   4 13     18  10
 6  92  71  82   M   0  17 0.00  0.0    0  3.6 13 200   M    M   2        16 220
 7  91  70  81   M   0  16 0.07  0.0    0  2.9 18 290   M    M   2 18     23 290
 8  87  72  80   M   0  15 0.00  0.0    0  6.1 17 180   M    M   2 1      20 170
 9  84  72  78   M   0  13 0.15  0.0    0  4.0 18 260   M    M   1 138    24 220
10  83  71  77   M   0  12 0.08  0.0    0  4.0 15 150   M    M   3 13     18 140
11  82  71  77   M   0  12 0.28  0.0    0  6.2 24 160   M    M   4 13     30 160
12  89  74  82   M   0  17    T  0.0    0  6.9 17 150   M    M   3        24 140
13  90  74  82   M   0  17    T  0.0    0  7.5 16 170   M    M   2 1      22 170
14  90  72  81   M   0  16 0.00  0.0    0  5.7 15 180   M    M   1 1      19 180
15  92  72  82   M   0  17 0.00  0.0    0  6.2 17 170   M    M   0 1      23 190
16  92  70  81   M   0  16    T  0.0    0  4.8 15 160   M    M   2 1       M  M
17  94  73  84   M   0  19    T  0.0    0  4.3 14 190   M    M   2 18     18 150
18  93  74  84   M   0  19    T  0.0    0  4.9 17 210   M    M   1        22 190
19  91  72  82   M   0  17 0.00  0.0    0  6.6 17 190   M    M   3        27 170
20  93  73  83   M   0  18    T  0.0    0  7.3 20 210   M    M   3        27 180
21  95  75  85   M   0  20 0.11  0.0    0  4.5 17 250   M    M   1 13     21 250
22   M   M   M   M   M   M    M    M    M   M   M   M   M    M   M 13      M  M
23  94  73  84   M   0  19 0.24  0.0    0  4.4 20 170   M    M   3 13     23  20
24  90  73  82   M   0  17 0.03  0.0    0  4.6 18 330   M    M   3 3      24 320
25  91  72  82   M   0  17    T  0.0    0  5.5 22 250   M    M   2 3      27 230
26  87  76  82   M   0  17 0.58  0.0    0  8.1 18 220   M    M   4 13     27 180
27  90  74  82   M   0  17 0.31  0.0    0  8.0 23 310   M    M   5 13     30 320
28  84  74  79   M   0  14 0.10  0.0    0  6.7 22 220   M    M   1 13     32 210
29  87  73  80   M   0  15 0.00  0.0    0  6.0 20 230   M    M   3 13     24 210
30  90  69  80   M   0  15 0.17  0.0    0  6.8 48 270   M    M   3 138    68 260
================================================================================
SM 2581 2086         0 457  4.75     0.0 157.1          M       74
================================================================================
AV 89.0 71.9                               5.4 FASTST   M    M   3    MAX(MPH)
                                 MISC ---->  # 48 270               # 68  260
================================================================================
NOTES:
# LAST OF SEVERAL OCCURRENCES

COLUMN 17 PEAK WIND IN M.P.H.

PRELIMINARY LOCAL CLIMATOLOGICAL DATA (WS FORM: F-6) , PAGE 2

                                          STATION:  PANAMA CITY NW
                                          MONTH:    JUNE
                                          YEAR:     2015
                                          LATITUDE:   30 21 N
                                          LONGITUDE:  85 48 W

[TEMPERATURE DATA]      [PRECIPITATION DATA]       SYMBOLS USED IN COLUMN 16

AVERAGE MONTHLY: 80.5   TOTAL FOR MONTH:   4.75    1 = FOG OR MIST
DPTR FM NORMAL:     M   DPTR FM NORMAL:       M    2 = FOG REDUCING VISIBILITY
HIGHEST:    95 ON 21    GRTST 24HR  1.71 ON  2- 3      TO 1/4 MILE OR LESS
LOWEST:     67 ON  1                               3 = THUNDER
                        SNOW, ICE PELLETS, HAIL    4 = ICE PELLETS
                        TOTAL MONTH:   0.0 INCH    5 = HAIL
                        GRTST 24HR     0.0         6 = FREEZING RAIN OR DRIZZLE
                        GRTST DEPTH:   0           7 = DUSTSTORM OR SANDSTORM:
                                                       VSBY 1/2 MILE OR LESS
                                                   8 = SMOKE OR HAZE
[NO. OF DAYS WITH]      [WEATHER - DAYS WITH]      9 = BLOWING SNOW
                                                   X = TORNADO
MAX 32 OR BELOW:   0    0.01 INCH OR MORE:  15
MAX 90 OR ABOVE:  16    0.10 INCH OR MORE:  10
MIN 32 OR BELOW:   0    0.50 INCH OR MORE:   3
MIN  0 OR BELOW:   0    1.00 INCH OR MORE:   1

[HDD (BASE 65) ]
TOTAL THIS MO.     0    CLEAR  (SCALE 0-3)  22
DPTR FM NORMAL     M    PTCLDY (SCALE 4-7)   7
TOTAL FM JUL 1  1482    CLOUDY (SCALE 8-10)  0
DPTR FM NORMAL     M

[CDD (BASE 65) ]
TOTAL THIS MO.   457
DPTR FM NORMAL     M    [PRESSURE DATA]
TOTAL FM JAN 1  1124    HIGHEST SLP 30.21 ON 12
DPTR FM NORMAL     M    LOWEST  SLP 29.87 ON  3

[REMARKS]
#FINAL-06-15#
