000
CXUS54 KEWX 260910
CF6ECU
PRELIMINARY LOCAL CLIMATOLOGICAL DATA (WS FORM: F-6)

                                          STATION:   Edwards County Airport
                                          MONTH:     NOVEMBER
                                          YEAR:      2014
                                          LATITUDE:   29 57 N
                                          LONGITUDE: 100 10 W

  TEMPERATURE IN F:       :PCPN:    SNOW:  WIND      :SUNSHINE: SKY     :PK WND
================================================================================
1   2   3   4   5  6A  6B    7    8   9   10  11  12  13   14  15   16   17  18
                                     12Z  AVG MX 2MIN
DY MAX MIN AVG DEP HDD CDD  WTR  SNW DPTH SPD SPD DIR MIN PSBL S-S WX    SPD DR
================================================================================

 1  68  45  57   M   8   0    M    M    M  8.0 13 140   M    M   0        17 140
 2  68  54  61   M   4   0    M    M    M 16.1 22 150   M    M   7        32 150
 3  70  61  66   M   0   1    M    M    M 15.8 20 150   M    M  10        29 140
 4  66  54  60   M   5   0    M    M    M  3.9 18 150   M    M   9 1      28 150
 5  54  52  53   M  12   0    M    M    M  0.0  M   M   M    M  10 1       M  M
 6  61  52  57   M   8   0    M    M    M  0.0  M   M   M    M   9         M  M
 7  66  48  57   M   8   0    M    M    M   M   M   M   M    M   6         M  M
 8  70  46  58   M   7   0    M    M    M  0.0  M   M   M    M   0         M  M
 9  72  43  58   M   7   0    M    M    M  0.0  M   M   M    M   0         M  M
10  73  52  63   M   2   0    M    M    M  0.0  M   M   M    M   0         M  M
11  61  37  49   M  16   0    M    M    M  0.0  M   M   M    M   1         M  M
12  43  32  38   M  27   0    M    M    M  0.0  M   M   M    M   6         M  M
13  36  28  32   M  33   0    M    M    M  0.0  M   M   M    M  10         M  M
14  45  32  39   M  26   0    M    M    M   M   M   M   M    M   7         M  M
15  55  34  45   M  20   0    M    M    M   M   M   M   M    M   6 12      M  M
16  54  30  42   M  23   0    M    M    M  0.0  M   M   M    M   9 12      M  M
17  48  27  38   M  27   0    M    M    M  0.0  M   M   M    M   1         M  M
18  52  30  41   M  24   0    M    M    M  0.0  M   M   M    M   0         M  M
19  64  37  51   M  14   0    M    M    M   M   M   M   M    M   0         M  M
20  70  48  59   M   6   0    M    M    M   M   M   M   M    M   5 12      M  M
21  72  57  65   M   0   0    M    M    M   M   M   M   M    M   9 1       M  M
22  72  55  64   M   1   0    M    M    M   M   M   M   M    M   7 13      M  M
23  75  48  62   M   3   0    M    M    M   M   M   M   M    M   0         M  M
24  59  39  49   M  16   0    M    M    M   M   M   M   M    M   0         M  M
25  61  37  49   M  16   0 0.00    M    M   M   M   M   M    M   0         M  M
================================================================================
SM 1535 1078       313   1  0.00    M     43.8          M      112
================================================================================
AV 61.4 43.1                               2.9 FASTST   M    M   4    MAX(MPH)
                                 MISC ---->    22   M                 32    M
================================================================================
NOTES:
# LAST OF SEVERAL OCCURRENCES

COLUMN 17 PEAK WIND IN M.P.H.

PRELIMINARY LOCAL CLIMATOLOGICAL DATA (WS FORM: F-6) , PAGE 2

                                          STATION:  Edwards County Airport
                                          MONTH:    NOVEMBER
                                          YEAR:     2014
                                          LATITUDE:   29 57 N
                                          LONGITUDE: 100 10 W

[TEMPERATURE DATA]      [PRECIPITATION DATA]       SYMBOLS USED IN COLUMN 16

AVERAGE MONTHLY: 52.3   TOTAL FOR MONTH:   0.00    1 = FOG OR MIST
DPTR FM NORMAL:     M   DPTR FM NORMAL:       M    2 = FOG REDUCING VISIBILITY
HIGHEST:    75 ON 23    GRTST 24HR  0.00 ON 25-25      TO 1/4 MILE OR LESS
LOWEST:     27 ON 17                               3 = THUNDER
                        SNOW, ICE PELLETS, HAIL    4 = ICE PELLETS
                        TOTAL MONTH:    M          5 = HAIL
                        GRTST 24HR    M  ON   M    6 = FREEZING RAIN OR DRIZZLE
                        GRTST DEPTH:  M  ON   M    7 = DUSTSTORM OR SANDSTORM:
                                                       VSBY 1/2 MILE OR LESS
                                                   8 = SMOKE OR HAZE
[NO. OF DAYS WITH]      [WEATHER - DAYS WITH]      9 = BLOWING SNOW
                                                   X = TORNADO
MAX 32 OR BELOW:   0    0.01 INCH OR MORE:   0
MAX 90 OR ABOVE:   0    0.10 INCH OR MORE:   0
MIN 32 OR BELOW:   6    0.50 INCH OR MORE:   0
MIN  0 OR BELOW:   0    1.00 INCH OR MORE:   0

[HDD (BASE 65) ]
TOTAL THIS MO.   313    CLEAR  (SCALE 0-3)  11
DPTR FM NORMAL     M    PTCLDY (SCALE 4-7)   7
TOTAL FM JUL 1   321    CLOUDY (SCALE 8-10)  7
DPTR FM NORMAL     M

[CDD (BASE 65) ]
TOTAL THIS MO.     1
DPTR FM NORMAL     M    [PRESSURE DATA]
TOTAL FM JAN 1  2510    HIGHEST SLP M ON M
DPTR FM NORMAL     M    LOWEST  SLP M ON M

[REMARKS]
