000
CXUS54 KEWX 290910
CF6ECU
PRELIMINARY LOCAL CLIMATOLOGICAL DATA (WS FORM: F-6)

                                          STATION:   Edwards County Airport
                                          MONTH:     JUNE
                                          YEAR:      2015
                                          LATITUDE:   29 57 N
                                          LONGITUDE: 100 10 W

  TEMPERATURE IN F:       :PCPN:    SNOW:  WIND      :SUNSHINE: SKY     :PK WND
================================================================================
1   2   3   4   5  6A  6B    7    8   9   10  11  12  13   14  15   16   17  18
                                     12Z  AVG MX 2MIN
DY MAX MIN AVG DEP HDD CDD  WTR  SNW DPTH SPD SPD DIR MIN PSBL S-S WX    SPD DR
================================================================================

 1  86  79  83   M   0  18 0.00  0.0    0  6.0 12 160   M    M   0         M  M
 2  86  68  77   M   0  12 0.00  0.0    0  9.1 13 150   M    M   2 18     18 170
 3  86  66  76   M   0  11 0.00  0.0    0 12.1 15 160   M    M   3        21 160
 4  86  70  78   M   0  13 0.00    M    0 10.4 15 160   M    M   5        24 150
 5  86  68  77   M   0  12 0.00  0.0    0 10.0 15 160   M    M   4        22 150
 6   M   M   M   M   M   M 0.00  0.0    0  8.9 13 150   M    M   3        17 150
 7   M   M   M   M   M   M 0.00  0.0    0  8.0 13 150   M    M   1 8      17 150
 8   M   M   M   M   M   M 0.00  0.0    0  7.3 14 160   M    M   4        18 160
 9   M   M   M   M   M   M 0.00  0.0    0  4.7  9 180   M    M   2 8       M  M
10  91  73  82   M   0  17 0.00  0.0    0  7.2 13 170   M    M   1         M  M
11  90  70  80   M   0  15 0.00    M    0 13.0 16 160   M    M   3        23 160
12  90  72  81   M   0  16 0.00    M    0 15.0 24 160   M    M   6        30 160
13  91  72  82   M   0  17 0.00  0.0    0 12.5 17 160   M    M   6        33 140
14  90  64  77   M   0  12 0.14  0.0    0 10.7 24 280   M    M   3 8      30 280
15  84  70  77   M   0  12 0.18  0.0    0  7.4 17 150   M    M   6 18     23 150
16  82  79  81   M   0  16 0.07  0.0    0  5.1  8  30   M    M   7 18      M  M
17  84  73  79   M   0  14 0.04  0.0    0  3.7 12  20   M    M   5        17  20
18  90  70  80   M   0  15 0.00  0.0    0  6.4 14 160   M    M   5 18     21 160
19  81  70  76   M   0  11 0.00  0.0    0  6.3 12 170   M    M   4 18      M  M
20  82  70  76   M   0  11 0.01  0.0    0 11.4 17 160   M    M   7 18     28 160
21  82  68  75   M   0  10 0.00  0.0    0 12.7 17 160   M    M   7 18     23 140
22  82  70  76   M   0  11 0.00  0.0    0 12.7 20 160   M    M   6 18     27 160
23  84  72  78   M   0  13 0.00    M    0  9.8 15 170   M    M   4        21 140
24  84  72  78   M   0  13 0.00    M    0 10.3 14 150   M    M   3 1      21 150
25  86  72  79   M   0  14 0.00  0.0    0  9.9 14 150   M    M   5 1      18 160
26  90  72  81   M   0  16 0.00  0.0    0  8.7 14 160   M    M   2 1      20 160
27  82  68  75   M   0  10 0.02  0.0    0  4.9 10  70   M    M   3 1       M  M
28  84  66  75   M   0  10 0.00  0.0    0  4.5 12 220   M    M   3 128     M  M
================================================================================
SM 2059 1694         0 319  0.46     0.0 248.7          M      110
================================================================================
AV 85.8 70.6                               8.9 FASTST   M    M   4    MAX(MPH)
                                 MISC ---->    24   M                 33    M
================================================================================
NOTES:
# LAST OF SEVERAL OCCURRENCES

COLUMN 17 PEAK WIND IN M.P.H.

PRELIMINARY LOCAL CLIMATOLOGICAL DATA (WS FORM: F-6) , PAGE 2

                                          STATION:  Edwards County Airport
                                          MONTH:    JUNE
                                          YEAR:     2015
                                          LATITUDE:   29 57 N
                                          LONGITUDE: 100 10 W

[TEMPERATURE DATA]      [PRECIPITATION DATA]       SYMBOLS USED IN COLUMN 16

AVERAGE MONTHLY: 78.2   TOTAL FOR MONTH:   0.46    1 = FOG OR MIST
DPTR FM NORMAL:     M   DPTR FM NORMAL:       M    2 = FOG REDUCING VISIBILITY
HIGHEST:    91 ON 13,10 GRTST 24HR  0.18 ON 15-15      TO 1/4 MILE OR LESS
LOWEST:     64 ON 14                               3 = THUNDER
                        SNOW, ICE PELLETS, HAIL    4 = ICE PELLETS
                        TOTAL MONTH:   0.0 INCH    5 = HAIL
                        GRTST 24HR     0.0         6 = FREEZING RAIN OR DRIZZLE
                        GRTST DEPTH:   0           7 = DUSTSTORM OR SANDSTORM:
                                                       VSBY 1/2 MILE OR LESS
                                                   8 = SMOKE OR HAZE
[NO. OF DAYS WITH]      [WEATHER - DAYS WITH]      9 = BLOWING SNOW
                                                   X = TORNADO
MAX 32 OR BELOW:   0    0.01 INCH OR MORE:   6
MAX 90 OR ABOVE:   7    0.10 INCH OR MORE:   2
MIN 32 OR BELOW:   0    0.50 INCH OR MORE:   0
MIN  0 OR BELOW:   0    1.00 INCH OR MORE:   0

[HDD (BASE 65) ]
TOTAL THIS MO.     0    CLEAR  (SCALE 0-3)  10
DPTR FM NORMAL     M    PTCLDY (SCALE 4-7)  18
TOTAL FM JUL 1  2039    CLOUDY (SCALE 8-10)  0
DPTR FM NORMAL     M

[CDD (BASE 65) ]
TOTAL THIS MO.   319
DPTR FM NORMAL     M    [PRESSURE DATA]
TOTAL FM JAN 1   653    HIGHEST SLP M ON M
DPTR FM NORMAL     M    LOWEST  SLP M ON M

[REMARKS]
