000
CXUS55 KVEF 300940
CF6EED
PRELIMINARY LOCAL CLIMATOLOGICAL DATA (WS FORM: F-6)

                                          STATION:   NEEDLES CA
                                          MONTH:     APRIL
                                          YEAR:      2016
                                          LATITUDE:   34 46 N
                                          LONGITUDE: 114 37 W

  TEMPERATURE IN F:       :PCPN:    SNOW:  WIND      :SUNSHINE: SKY     :PK WND
================================================================================
1   2   3   4   5  6A  6B    7    8   9   10  11  12  13   14  15   16   17  18
                                     12Z  AVG MX 2MIN
DY MAX MIN AVG DEP HDD CDD  WTR  SNW DPTH SPD SPD DIR MIN PSBL S-S WX    SPD DR
================================================================================

 1  84  58  71   3   0   6 0.00  0.0    0 12.3 25  30   M    M   0        32  20
 2  89  56  73   5   0   8 0.00  0.0    0  4.3 13 260   M    M   0        14 260
 3  91  59  75   7   0  10 0.00  0.0    0  5.9 15 260   M    M   0        22 140
 4  93  61  77   9   0  12 0.00  0.0    0  5.6 15 240   M    M   0        18 260
 5  97  62  80  11   0  15 0.00  0.0    0  7.3 21  20   M    M   0        25  20
 6  96  72  84  15   0  19 0.00  0.0    0 15.9 29  30   M    M   0        35  20
 7  89  72  81  12   0  16    T  0.0    0 10.2 35 200   M    M   2        46 210
 8  77  61  69  -1   0   4 0.67  0.0    0  4.8 24 220   M    M   8 3      32 200
 9  79  61  70   0   0   5 0.02  0.0    0  7.4 21 210   M    M   7 3      27 220
10  67  57  62  -8   3   0 0.59  0.0    0  3.9 20 230   M    M   7 13     24 270
11  74  60  67  -3   0   2    T  0.0    0  3.0 13 330   M    M   6        15 330
12  85  57  71   0   0   6 0.00  0.0    0  4.6 12 240   M    M   0        13 250
13  88  63  76   5   0  11 0.00  0.0    0  6.2 16 170   M    M   0        23 180
14  88  68  78   7   0  13 0.00  0.0    0 10.2 23 280   M    M   0        28 280
15  80  64  72   0   0   7 0.00  0.0    0 18.4 39  20   M    M   0 8      48  10
16  82  63  73   1   0   8 0.00  0.0    0 18.2 37  20   M    M   0        43  20
17  85  65  75   3   0  10 0.00  0.0    0 14.3 26  20   M    M   0        34  10
18  88  60  74   2   0   9 0.00  0.0    0 10.2 25  20   M    M   0        32  30
19  93  60  77   4   0  12 0.00  0.0    0  5.7 14 110   M    M   0        16 100
20  98  65  82   9   0  17 0.00  0.0    0  7.0 20 260   M    M   0        26 240
21  99  66  83   9   0  18 0.00  0.0    0  7.6 22 200   M    M   0        27 200
22  97  68  83   9   0  18 0.00  0.0    0 12.8 31 190   M    M   0        40 230
23  87  66  77   3   0  12 0.00  0.0    0 11.7 28 270   M    M   0        36 300
24  91  60  76   1   0  11 0.00  0.0    0  8.6 24 230   M    M   0        29 240
25  78  64  71  -4   0   6 0.00  0.0    0 18.9 31 250   M    M   1        39 260
26  83  58  71  -4   0   6 0.00  0.0    0  9.0 16 100   M    M   0        20 110
27  85  58  72  -4   0   7 0.23  0.0    0 11.9 36 280   M    M   2 3      47 310
28  73  56  65 -11   0   0 0.08  0.0    0  5.1 20 300   M    M   3 3      23 310
29  85  58  72  -4   0   7 0.00  0.0    0  6.1 20 270   M    M   1        24 280
================================================================================
SM 2501 1798         3 275  1.59     0.0 267.1          M       37
================================================================================
AV 86.2 62.0                               9.2 FASTST   M    M   1    MAX(MPH)
                                 MISC ---->  # 39  20               # 48   10
================================================================================
NOTES:
# LAST OF SEVERAL OCCURRENCES

COLUMN 17 PEAK WIND IN M.P.H.

PRELIMINARY LOCAL CLIMATOLOGICAL DATA (WS FORM: F-6) , PAGE 2

                                          STATION:  NEEDLES CA
                                          MONTH:    APRIL
                                          YEAR:     2016
                                          LATITUDE:   34 46 N
                                          LONGITUDE: 114 37 W

[TEMPERATURE DATA]      [PRECIPITATION DATA]       SYMBOLS USED IN COLUMN 16

AVERAGE MONTHLY: 74.1   TOTAL FOR MONTH:   1.59    1 = FOG OR MIST
DPTR FM NORMAL:   2.4   DPTR FM NORMAL:    1.38    2 = FOG REDUCING VISIBILITY
HIGHEST:    99 ON 21    GRTST 24HR  0.67 ON  8- 8      TO 1/4 MILE OR LESS
LOWEST:     56 ON 28, 2                            3 = THUNDER
                        SNOW, ICE PELLETS, HAIL    4 = ICE PELLETS
                        TOTAL MONTH:   0.0 INCH    5 = HAIL
                        GRTST 24HR     0.0         6 = FREEZING RAIN OR DRIZZLE
                        GRTST DEPTH:   0           7 = DUSTSTORM OR SANDSTORM:
                                                       VSBY 1/2 MILE OR LESS
                                                   8 = SMOKE OR HAZE
[NO. OF DAYS WITH]      [WEATHER - DAYS WITH]      9 = BLOWING SNOW
                                                   X = TORNADO
MAX 32 OR BELOW:   0    0.01 INCH OR MORE:   5
MAX 90 OR ABOVE:   9    0.10 INCH OR MORE:   3
MIN 32 OR BELOW:   0    0.50 INCH OR MORE:   2
MIN  0 OR BELOW:   0    1.00 INCH OR MORE:   0

[HDD (BASE 65) ]
TOTAL THIS MO.     3    CLEAR  (SCALE 0-3)  24
DPTR FM NORMAL   -16    PTCLDY (SCALE 4-7)   5
TOTAL FM JUL 1   968    CLOUDY (SCALE 8-10)  0
DPTR FM NORMAL  -199

[CDD (BASE 65) ]
TOTAL THIS MO.   275
DPTR FM NORMAL    57    [PRESSURE DATA]
TOTAL FM JAN 1   512    HIGHEST SLP M ON M
DPTR FM NORMAL   211    LOWEST  SLP 29.44 ON 27

[REMARKS]
