000
CXUS55 KVEF 230940
CF6EED
PRELIMINARY LOCAL CLIMATOLOGICAL DATA (WS FORM: F-6)

                                          STATION:   NEEDLES CA
                                          MONTH:     OCTOBER
                                          YEAR:      2017
                                          LATITUDE:   34 46 N
                                          LONGITUDE: 114 37 W

  TEMPERATURE IN F:       :PCPN:    SNOW:  WIND      :SUNSHINE: SKY     :PK WND
================================================================================
1   2   3   4   5  6A  6B    7    8   9   10  11  12  13   14  15   16   17  18
                                     12Z  AVG MX 2MIN
DY MAX MIN AVG DEP HDD CDD  WTR  SNW DPTH SPD SPD DIR MIN PSBL S-S WX    SPD DR
================================================================================

 1  98  71  85   4   0  20 0.00  0.0    0  9.2 17 220   M    M   0        23 250
 2  88  67  78  -3   0  13 0.00  0.0    0 10.6 30  20   M    M   0        35  30
 3  93  60  77  -3   0  12 0.00  0.0    0  9.9 26 210   M    M   0        35 200
 4  92  67  80   0   0  15 0.00  0.0    0  6.5 15 250   M    M   0        19  20
 5  95  63  79   0   0  14 0.00  0.0    0  4.7 12 240   M    M   0        12 240
 6  93  63  78  -1   0  13 0.00  0.0    0 13.1 29  20   M    M   0        36  10
 7  98  67  83   5   0  18 0.00  0.0    0  6.6 14  20   M    M   0        20  30
 8  98  64  81   3   0  16 0.00  0.0    0 10.4 38  10   M    M   1        50  20
 9  82  66  74  -4   0   9 0.00  0.0    0 24.0 43  20   M    M   1        55  10
10  88  62  75  -2   0  10 0.00  0.0    0  7.3 20 360   M    M   0        24 360
11  94  59  77   0   0  12 0.00  0.0    0  6.0 15 200   M    M   0        19 190
12  94  63  79   3   0  14 0.00  0.0    0  5.8 14 250   M    M   0        16 250
13  93  60  77   1   0  12 0.00  0.0    0  5.1 13 250   M    M   0        15 250
14  89  60  75  -1   0  10 0.00  0.0    0 14.8 33  20   M    M   0        41  10
15  88  66  77   2   0  12 0.00  0.0    0 14.4 28  20   M    M   0        33  20
16  94  63  79   4   0  14 0.00  0.0    0  7.8 18 360   M    M   0        23 360
17  96  64  80   6   0  15 0.00  0.0    0  4.4 10 270   M    M   0        13  10
18  92  65  79   5   0  14 0.00  0.0    0  4.3 10 250   M    M   0        14  10
19  96  64  80   6   0  15 0.00  0.0    0  6.0 17 260   M    M   0        21 260
20  89  68  79   6   0  14 0.00  0.0    0 10.2 23 250   M    M   0        29 250
21  82  64  73   0   0   8 0.00  0.0    0 12.7 29  30   M    M   0        33 360
22  92  64  78   6   0  13 0.00  0.0    0  8.6 18  20   M    M   0        23  30
================================================================================
SM 2024 1410         0 293  0.00     0.0 202.4          M        2
================================================================================
AV 92.0 64.1                               9.2 FASTST   M    M   0    MAX(MPH)
                                 MISC ---->  # 43  20               # 55   10
================================================================================
NOTES:
# LAST OF SEVERAL OCCURRENCES

COLUMN 17 PEAK WIND IN M.P.H.

PRELIMINARY LOCAL CLIMATOLOGICAL DATA (WS FORM: F-6) , PAGE 2

                                          STATION:  NEEDLES CA
                                          MONTH:    OCTOBER
                                          YEAR:     2017
                                          LATITUDE:   34 46 N
                                          LONGITUDE: 114 37 W

[TEMPERATURE DATA]      [PRECIPITATION DATA]       SYMBOLS USED IN COLUMN 16

AVERAGE MONTHLY: 78.1   TOTAL FOR MONTH:   0.00    1 = FOG OR MIST
DPTR FM NORMAL:   1.4   DPTR FM NORMAL:   -0.18    2 = FOG REDUCING VISIBILITY
HIGHEST:    98 ON  8, 7 GRTST 24HR  0.00 ON 22-22      TO 1/4 MILE OR LESS
LOWEST:     59 ON 11                               3 = THUNDER
                        SNOW, ICE PELLETS, HAIL    4 = ICE PELLETS
                        TOTAL MONTH:   0.0 INCH    5 = HAIL
                        GRTST 24HR     0.0         6 = FREEZING RAIN OR DRIZZLE
                        GRTST DEPTH:   0           7 = DUSTSTORM OR SANDSTORM:
                                                       VSBY 1/2 MILE OR LESS
                                                   8 = SMOKE OR HAZE
[NO. OF DAYS WITH]      [WEATHER - DAYS WITH]      9 = BLOWING SNOW
                                                   X = TORNADO
MAX 32 OR BELOW:   0    0.01 INCH OR MORE:   0
MAX 90 OR ABOVE:  15    0.10 INCH OR MORE:   0
MIN 32 OR BELOW:   0    0.50 INCH OR MORE:   0
MIN  0 OR BELOW:   0    1.00 INCH OR MORE:   0

[HDD (BASE 65) ]
TOTAL THIS MO.     0    CLEAR  (SCALE 0-3)  22
DPTR FM NORMAL     0    PTCLDY (SCALE 4-7)   0
TOTAL FM JUL 1     0    CLOUDY (SCALE 8-10)  0
DPTR FM NORMAL     0

[CDD (BASE 65) ]
TOTAL THIS MO.   293
DPTR FM NORMAL    35    [PRESSURE DATA]
TOTAL FM JAN 1  5279    HIGHEST SLP M ON M
DPTR FM NORMAL   844    LOWEST  SLP 29.43 ON  1

[REMARKS]
