000
CXUS51 KRLX 301134
CF6EKN
PRELIMINARY LOCAL CLIMATOLOGICAL DATA (WS FORM: F-6)

                                          STATION:   ELKINS WV
                                          MONTH:     JULY
                                          YEAR:      2015
                                          LATITUDE:   38 52 N
                                          LONGITUDE:  79 51 W

  TEMPERATURE IN F:       :PCPN:    SNOW:  WIND      :SUNSHINE: SKY     :PK WND
================================================================================
1   2   3   4   5  6A  6B    7    8   9   10  11  12  13   14  15   16   17  18
                                     12Z  AVG MX 2MIN
DY MAX MIN AVG DEP HDD CDD  WTR  SNW DPTH SPD SPD DIR MIN PSBL S-S WX    SPD DR
================================================================================

 1  76  57  67  -2   0   2    T  0.0    0  4.4 14 250   M    M   5 18     20 250
 2  73  57  65  -4   0   0 0.02  0.0    0  0.9  9 350   M    M   5 18     12 360
 3  75  56  66  -4   0   1 0.07  0.0    0  3.2 14 140   M    M   9 18     18 150
 4  77  59  68  -2   0   3 0.25  0.0    0  3.0 14 310   M    M   5 18     19 310
 5  81  58  70   0   0   5 0.26  0.0    0  1.7 13 140   M    M   7 128    16 140
 6  76  64  70   0   0   5 0.47  0.0    0  1.8  9 280   M    M   8 1      13 300
 7  85  61  73   3   0   8 0.49  0.0    0  4.6 23 260   M    M   4 128    39 250
 8  74  67  71   1   0   6 0.98  0.0    0  4.3 12 250   M    M   9 1      18 260
 9  82  67  75   5   0  10 0.52  0.0    0  8.4 20 250   M    M   7 1      29 250
10  80  67  74   4   0   9 0.05  0.0    0  2.3 10 280   M    M   9 1      15 280
11  80  62  71   1   0   6 0.05  0.0    0  3.5 14 310   M    M   5 128    17 310
12  80  60  70   0   0   5    T  0.0    0  2.6  8 140   M    M   7 128    10 140
13  82  62  72   2   0   7 0.03  0.0    0  2.5 13 170   M    M   6 12     17 170
14  83  62  73   3   0   8 0.36  0.0    0  5.5 23 270   M    M   5 1      37 230
15  77  65  71   1   0   6 0.26  0.0    0  4.1 13  10   M    M   7 18     22 350
16  81  60  71   1   0   6 0.00  0.0    0  1.5  9 340   M    M   3 1      12 330
17  86  60  73   3   0   8    T  0.0    0  3.1 12 290   M    M   3 1      15 280
18  86  66  76   6   0  11 0.54  0.0    0  2.4 17 290   M    M   4 1      25 310
19  87  68  78   8   0  13    T  0.0    0  2.3 13 280   M    M   3 18     15 290
20  84  68  76   6   0  11    T  0.0    0  2.0 10 310   M    M   4 1      14 310
21  82  64  73   3   0   8 0.19  0.0    0  3.0 15 340   M    M   7 1      20 320
22  77  57  67  -3   0   2 0.00  0.0    0  2.7 12 300   M    M   4 12     16 300
23  79  55  67  -3   0   2 0.00  0.0    0  2.6 12 290   M    M   3 12     13 280
24  81  54  68  -2   0   3 0.00  0.0    0  2.1 10 350   M    M   3 128    13 340
25  84  54  69  -1   0   4 0.00  0.0    0  1.8  8 290   M    M   1 12     10 280
26  87  58  73   3   0   8 0.00  0.0    0  2.0 10 320   M    M   3 12     14 310
27  86  68  77   7   0  12    T  0.0    0  2.1 12 310   M    M   4 18     14 300
28  87  65  76   6   0  11 0.00  0.0    0  2.2 12 320   M    M   4 1      15 290
29  87  65  76   6   0  11    T  0.0    0  2.9 10 290   M    M   3 1      14 210
================================================================================
SM 2355 1786         0 191  4.54     0.0  85.5          M      147
================================================================================
AV 81.2 61.6                               2.9 FASTST   M    M   5    MAX(MPH)
                                 MISC ---->  # 23 260               # 39  250
================================================================================
NOTES:
# LAST OF SEVERAL OCCURRENCES

COLUMN 17 PEAK WIND IN M.P.H.

PRELIMINARY LOCAL CLIMATOLOGICAL DATA (WS FORM: F-6) , PAGE 2

                                          STATION:  ELKINS WV
                                          MONTH:    JULY
                                          YEAR:     2015
                                          LATITUDE:   38 52 N
                                          LONGITUDE:  79 51 W

[TEMPERATURE DATA]      [PRECIPITATION DATA]       SYMBOLS USED IN COLUMN 16

AVERAGE MONTHLY: 71.4   TOTAL FOR MONTH:   4.54    1 = FOG OR MIST
DPTR FM NORMAL:   1.5   DPTR FM NORMAL:   -0.50    2 = FOG REDUCING VISIBILITY
HIGHEST:    87 ON 29,28 GRTST 24HR  1.16 ON  7- 8      TO 1/4 MILE OR LESS
LOWEST:     54 ON 25,24                            3 = THUNDER
                        SNOW, ICE PELLETS, HAIL    4 = ICE PELLETS
                        TOTAL MONTH:   0.0 INCH    5 = HAIL
                        GRTST 24HR     0.0         6 = FREEZING RAIN OR DRIZZLE
                        GRTST DEPTH:   0           7 = DUSTSTORM OR SANDSTORM:
                                                       VSBY 1/2 MILE OR LESS
                                                   8 = SMOKE OR HAZE
[NO. OF DAYS WITH]      [WEATHER - DAYS WITH]      9 = BLOWING SNOW
                                                   X = TORNADO
MAX 32 OR BELOW:   0    0.01 INCH OR MORE:  15
MAX 90 OR ABOVE:   0    0.10 INCH OR MORE:  10
MIN 32 OR BELOW:   0    0.50 INCH OR MORE:   3
MIN  0 OR BELOW:   0    1.00 INCH OR MORE:   0

[HDD (BASE 65) ]
TOTAL THIS MO.     0    CLEAR  (SCALE 0-3)   5
DPTR FM NORMAL    -8    PTCLDY (SCALE 4-7)  21
TOTAL FM JUL 1     0    CLOUDY (SCALE 8-10)  3
DPTR FM NORMAL    -8

[CDD (BASE 65) ]
TOTAL THIS MO.   191
DPTR FM NORMAL    44    [PRESSURE DATA]
TOTAL FM JAN 1   409    HIGHEST SLP M ON M
DPTR FM NORMAL   147    LOWEST  SLP 29.58 ON 14

[REMARKS]
