000
CXUS53 KTOP 010200
CF6EMP
PRELIMINARY LOCAL CLIMATOLOGICAL DATA (WS FORM: F-6)

                                          STATION:   Emporia KS
                                          MONTH:     JANUARY
                                          YEAR:      2015
                                          LATITUDE:   38 19 N
                                          LONGITUDE:  96 12 W

  TEMPERATURE IN F:       :PCPN:    SNOW:  WIND      :SUNSHINE: SKY     :PK WND
================================================================================
1   2   3   4   5  6A  6B    7    8   9   10  11  12  13   14  15   16   17  18
                                     12Z  AVG MX 2MIN
DY MAX MIN AVG DEP HDD CDD  WTR  SNW DPTH SPD SPD DIR MIN PSBL S-S WX    SPD DR
================================================================================

 1  33  15  24  -7  41   0 0.00    M    M  8.8 18 220   M    M   6 8      23 210
 2  34  28  31   0  34   0    T    M    M  5.6 14 180   M    M  10 18     17 190
 3  42  15  29  -2  36   0 0.06    M    M  5.8 30 320   M    M  10 128    37 330
 4  19   6  13 -18  52   0    T    M    M 12.3 30 320   M    M   3 1      38 330
 5  29   4  17 -14  48   0 0.00    M    M  7.0 20 140   M    M   0        25 150
 6  29  16  23  -8  42   0 0.00    M    M  9.8 25 330   M    M   1        33 320
 7  22  -1  11 -20  54   0    T    M    M 14.9 29 360   M    M   3        38  10
 8  32  -1  16 -15  49   0 0.00    M    M 16.1 31 210   M    M   2        39 170
 9  24   6  15 -16  50   0 0.00    M    M 12.9 25 330   M    M   2        33 340
10  41   6  24  -7  41   0 0.00    M    M 13.9 26 190   M    M   1        32 190
11  39  23  31   0  34   0    T    M    M  9.8 18 180   M    M   6 1      22 170
12  33  14  24  -7  41   0    T    M    M 14.3 23  10   M    M   3        30 360
13  27   7  17 -14  48   0 0.00    M    M  5.9 13  90   M    M   4        16 100
14  42  22  32   1  33   0 0.00    M    M  5.3 13 250   M    M   5        16 260
15  51  18  35   4  30   0 0.00    M    M  6.7 18 290   M    M   0        22 310
16  62  30  46  15  19   0 0.00    M    M 12.9 25 200   M    M   0        31 210
17  58  32  45  14  20   0 0.00    M    M 13.7 32 320   M    M   0        43 320
18  57  30  44  13  21   0 0.00    M    M 10.4 24 230   M    M   0        31 230
19  69  26  48  17  17   0 0.00    M    M  8.0 21 300   M    M   0        29 300
20  54  28  41  10  24   0 0.00    M    M  6.9 14 330   M    M   3        17 320
21  49  24  37   6  28   0 0.00    M    M  7.4 17 320   M    M   1        22 330
22  38  21  30  -1  35   0 0.00    M    M  5.2 12  30   M    M   4 1      13  20
23  49  17  33   2  32   0 0.00    M    M  8.3 18 220   M    M   1 1      23 230
24  61  28  45  14  20   0    T    M    M 10.6 26 280   M    M   2        40 280
25  49  28  39   8  26   0    T    M    M 16.9 33 330   M    M   7        43 330
26  66  24  45  14  20   0 0.00    M    M  8.9 23 330   M    M   0        29 320
27  63  29  46  14  19   0 0.00    M    M  8.8 17 140   M    M   0        23 130
28  76  37  57  25   8   0 0.00    M    M 15.6 30 230   M    M   0        36 220
29  53  26  40   8  25   0 0.00    M    M 14.2 30 350   M    M   5        41 340
30  42  19  31  -1  34   0    T    M    M  4.1 14 190   M    M   1 1      17 190
================================================================================
SM 1343  577       981   0  0.06    M    301.0          M       80
================================================================================
AV 44.8 19.2                              10.0 FASTST   M    M   3    MAX(MPH)
                                 MISC ---->  # 33 330               # 43  320
================================================================================
NOTES:
# LAST OF SEVERAL OCCURRENCES

COLUMN 17 PEAK WIND IN M.P.H.

PRELIMINARY LOCAL CLIMATOLOGICAL DATA (WS FORM: F-6) , PAGE 2

                                          STATION:  Emporia KS
                                          MONTH:    JANUARY
                                          YEAR:     2015
                                          LATITUDE:   38 19 N
                                          LONGITUDE:  96 12 W

[TEMPERATURE DATA]      [PRECIPITATION DATA]       SYMBOLS USED IN COLUMN 16

AVERAGE MONTHLY: 32.0   TOTAL FOR MONTH:   0.06    1 = FOG OR MIST
DPTR FM NORMAL:   0.9   DPTR FM NORMAL:   -0.53    2 = FOG REDUCING VISIBILITY
HIGHEST:    76 ON 28    GRTST 24HR  0.06 ON  2- 3      TO 1/4 MILE OR LESS
LOWEST:     -1 ON  8, 7                            3 = THUNDER
                        SNOW, ICE PELLETS, HAIL    4 = ICE PELLETS
                        TOTAL MONTH:    M          5 = HAIL
                        GRTST 24HR    M  ON   M    6 = FREEZING RAIN OR DRIZZLE
                        GRTST DEPTH:  M  ON   M    7 = DUSTSTORM OR SANDSTORM:
                                                       VSBY 1/2 MILE OR LESS
                                                   8 = SMOKE OR HAZE
[NO. OF DAYS WITH]      [WEATHER - DAYS WITH]      9 = BLOWING SNOW
                                                   X = TORNADO
MAX 32 OR BELOW:   7    0.01 INCH OR MORE:   1
MAX 90 OR ABOVE:   0    0.10 INCH OR MORE:   0
MIN 32 OR BELOW:  29    0.50 INCH OR MORE:   0
MIN  0 OR BELOW:   2    1.00 INCH OR MORE:   0

[HDD (BASE 65) ]
TOTAL THIS MO.   981    CLEAR  (SCALE 0-3)  18
DPTR FM NORMAL   -36    PTCLDY (SCALE 4-7)  10
TOTAL FM JUL 1  2962    CLOUDY (SCALE 8-10)  2
DPTR FM NORMAL    12

[CDD (BASE 65) ]
TOTAL THIS MO.     0
DPTR FM NORMAL     0    [PRESSURE DATA]
TOTAL FM JAN 1     0    HIGHEST SLP M ON M
DPTR FM NORMAL     0    LOWEST  SLP 29.67 ON 28

[REMARKS]
#FINAL-01-15#
