000
CXUS53 KTOP 220800
CF6EMP
PRELIMINARY LOCAL CLIMATOLOGICAL DATA (WS FORM: F-6)

                                          STATION:   Emporia KS
                                          MONTH:     JANUARY
                                          YEAR:      2017
                                          LATITUDE:   38 19 N
                                          LONGITUDE:  96 12 W

  TEMPERATURE IN F:       :PCPN:    SNOW:  WIND      :SUNSHINE: SKY     :PK WND
================================================================================
1   2   3   4   5  6A  6B    7    8   9   10  11  12  13   14  15   16   17  18
                                     12Z  AVG MX 2MIN
DY MAX MIN AVG DEP HDD CDD  WTR  SNW DPTH SPD SPD DIR MIN PSBL S-S WX    SPD DR
================================================================================

 1  52  18  35   4  30   0 0.00    M    M  8.0 16  90   M    M   5 1      22 100
 2  53  42  48  17  17   0 0.01    M    M  7.8 13 160   M    M  10 12     23 160
 3  53  16  35   4  30   0    M    M    M 15.4 26 330   M    M   6 12     35 340
 4  26   9  18 -13  47   0    T    M    M  9.4 17  10   M    M   3 1      22  10
 5  17   6  12 -19  53   0 0.03    M    M 10.0 18 340   M    M   6 128    24 330
 6  18   0   9 -22  56   0 0.00    M    M  4.3 10 190   M    M   0        12 290
 7  29   3  16 -15  49   0 0.00    M    M  6.8 15 300   M    M   0        17 300
 8  42   8  25  -6  40   0 0.00    M    M 14.7 32 190   M    M   0 18     42 190
 9  50  24  37   6  28   0 0.00    M    M 16.8 31 180   M    M   0        41 190
10  57  31  44  13  21   0    T    M    M 15.7 33 190   M    M   1        42 190
11  65  22  44  13  21   0 0.00    M    M 16.8 28 190   M    M   2 1      35 180
12  30  15  23  -8  42   0 0.00    M    M 11.4 20 340   M    M   3 18     24 340
13  27  19  23  -8  42   0    T    M    M  9.3 16  60   M    M   7 16     19  50
14  36  24  30  -1  35   0 0.01    M    M  5.1 12  30   M    M  10 1      16 350
15  34  29  32   1  33   0 0.31    M    M  8.2 14  50   M    M  10 16     17  50
16  49  34  42  11  23   0 0.66    M    M 11.5 22 200   M    M   9 1      28 180
17  50  29  40   9  25   0 0.00    M    M  7.2 14 310   M    M   5 1      18 300
18  55  28  42  11  23   0 0.00    M    M  9.4 17 160   M    M   4 1      21 160
19  47  39  43  12  22   0    T    M    M  8.4 16 140   M    M  10 12     19 120
20  52  32  42  11  23   0    T    M    M  6.3 14 170   M    M   8 128    17 170
21  56  30  43  12  22   0 0.03    M    M  7.3 17 250   M    M   5 12     24 250
================================================================================
SM  898  458       682   0  1.05    M    209.8          M      104
================================================================================
AV 42.8 21.8                              10.0 FASTST   M    M   5    MAX(MPH)
                                 MISC ---->  # 33 190               # 42  190
================================================================================
NOTES:
# LAST OF SEVERAL OCCURRENCES

COLUMN 17 PEAK WIND IN M.P.H.

PRELIMINARY LOCAL CLIMATOLOGICAL DATA (WS FORM: F-6) , PAGE 2

                                          STATION:  Emporia KS
                                          MONTH:    JANUARY
                                          YEAR:     2017
                                          LATITUDE:   38 19 N
                                          LONGITUDE:  96 12 W

[TEMPERATURE DATA]      [PRECIPITATION DATA]       SYMBOLS USED IN COLUMN 16

AVERAGE MONTHLY: 32.3   TOTAL FOR MONTH:   1.05    1 = FOG OR MIST
DPTR FM NORMAL:   1.3   DPTR FM NORMAL:    0.73    2 = FOG REDUCING VISIBILITY
HIGHEST:    65 ON 11    GRTST 24HR  0.83 ON 15-16      TO 1/4 MILE OR LESS
LOWEST:      0 ON  6                               3 = THUNDER
                        SNOW, ICE PELLETS, HAIL    4 = ICE PELLETS
                        TOTAL MONTH:    M          5 = HAIL
                        GRTST 24HR    M  ON   M    6 = FREEZING RAIN OR DRIZZLE
                        GRTST DEPTH:  M  ON   M    7 = DUSTSTORM OR SANDSTORM:
                                                       VSBY 1/2 MILE OR LESS
                                                   8 = SMOKE OR HAZE
[NO. OF DAYS WITH]      [WEATHER - DAYS WITH]      9 = BLOWING SNOW
                                                   X = TORNADO
MAX 32 OR BELOW:   6    0.01 INCH OR MORE:   6
MAX 90 OR ABOVE:   0    0.10 INCH OR MORE:   2
MIN 32 OR BELOW:  18    0.50 INCH OR MORE:   1
MIN  0 OR BELOW:   1    1.00 INCH OR MORE:   0

[HDD (BASE 65) ]
TOTAL THIS MO.   682    CLEAR  (SCALE 0-3)   8
DPTR FM NORMAL   -32    PTCLDY (SCALE 4-7)   7
TOTAL FM JUL 1  2278    CLOUDY (SCALE 8-10)  6
DPTR FM NORMAL  -369

[CDD (BASE 65) ]
TOTAL THIS MO.     0
DPTR FM NORMAL     0    [PRESSURE DATA]
TOTAL FM JAN 1     0    HIGHEST SLP M ON M
DPTR FM NORMAL     0    LOWEST  SLP 29.32 ON 10

[REMARKS]
