000
CXUS53 KMKX 260735
CF6ENW
PRELIMINARY LOCAL CLIMATOLOGICAL DATA (WS FORM: F-6)

                                          STATION:   KENOSHA WI
                                          MONTH:     FEBRUARY
                                          YEAR:      2015
                                          LATITUDE:   42 35 N
                                          LONGITUDE:  87 56 W

  TEMPERATURE IN F:       :PCPN:    SNOW:  WIND      :SUNSHINE: SKY     :PK WND
================================================================================
1   2   3   4   5  6A  6B    7    8   9   10  11  12  13   14  15   16   17  18
                                     12Z  AVG MX 2MIN
DY MAX MIN AVG DEP HDD CDD  WTR  SNW DPTH SPD SPD DIR MIN PSBL S-S WX    SPD DR
================================================================================

 1  30  14  22   0  43   0    M    M    M 21.2 31  50   M    M  10 12     38  30
 2  13   3   8 -14  57   0    T    M    0 11.4 20 350   M    M   4 18     27 340
 3  23  -1  11 -11  54   0 0.05    M    0  6.4 13 240   M    M   6 128    15 210
 4  20  -2   9 -13  56   0 0.00  0.0    0  8.2 17 330   M    M   6 1      23 330
 5  15  -9   3 -20  62   0 0.00    M    M 11.6 24 250   M    M   2        31 240
 6  30  12  21  -2  44   0 0.00    M    M  7.7 24 250   M    M   2 18     32 250
 7  42  15  29   6  36   0 0.00    M    M  4.3 10 190   M    M   1 18     13 190
 8  36  23  30   7  35   0 0.00    M    M  9.8 22  10   M    M   8 1      29  20
 9  26  14  20  -4  45   0 0.00  0.0    0  9.6 17  30   M    M   8 18     22  20
10  29  14  22  -2  43   0    T    M    0  9.2 21 160   M    M   6        26 140
11  35  16  26   2  39   0    T    M    0 13.9 24 310   M    M   8 18     32 300
12  16   0   8 -16  57   0    T    M    0 10.5 22 330   M    M   2 8      31 330
13  26  -3  12 -13  53   0    T    M    0 11.7 22 240   M    M   6        26 240
14  26  -1  13 -12  52   0    T    M    0 17.2 31 340   M    M   5 8      40 330
15  14  -6   4 -21  61   0    T    M    0  7.1 16 330   M    M   6 18     20 320
16  19   5  12 -14  53   0    T    M    M  3.9 12 260   M    M   8 1      14 260
17  16   7  12 -14  53   0    T    M    M 10.3 18 300   M    M   8 18     23 290
18   7  -5   1 -25  64   0    T    M    M 13.1 23 290   M    M   7 8      29 310
19   3 -11  -4 -31  69   0 0.00  0.0    0  8.9 20 310   M    M   0        24 310
20  18 -11   4 -23  61   0    T    M    0 11.3 23 200   M    M   7 8      28 190
21  29  18  24  -3  41   0    T    M    0  4.6 16 330   M    M  10 8      22 330
22  25   0  13 -15  52   0    T    M    0 10.1 18 310   M    M   2        22 330
23   9 -10   0 -28  65   0 0.00    M    M  9.5 16 240   M    M   0 8      21 230
24  29   4  17 -11  48   0    T    M    M 18.7 30 250   M    M   5        37 240
25  21   2  12 -17  53   0 0.01    M    M  7.0 14 330   M    M   6 1      18 360
================================================================================
SM  557   88      1296   0  0.06     0.0 257.2          M      133
================================================================================
AV 22.3  3.5                              10.3 FASTST   M    M   5    MAX(MPH)
                                 MISC ---->  # 31  50               # 40  330
================================================================================
NOTES:
# LAST OF SEVERAL OCCURRENCES

COLUMN 17 PEAK WIND IN M.P.H.

PRELIMINARY LOCAL CLIMATOLOGICAL DATA (WS FORM: F-6) , PAGE 2

                                          STATION:  KENOSHA WI
                                          MONTH:    FEBRUARY
                                          YEAR:     2015
                                          LATITUDE:   42 35 N
                                          LONGITUDE:  87 56 W

[TEMPERATURE DATA]      [PRECIPITATION DATA]       SYMBOLS USED IN COLUMN 16

AVERAGE MONTHLY: 12.9   TOTAL FOR MONTH:   0.06    1 = FOG OR MIST
DPTR FM NORMAL: -12.0   DPTR FM NORMAL:   -1.13    2 = FOG REDUCING VISIBILITY
HIGHEST:    42 ON  7    GRTST 24HR  0.07 ON 31- 1      TO 1/4 MILE OR LESS
LOWEST:    -11 ON 20,19                            3 = THUNDER
                        SNOW, ICE PELLETS, HAIL    4 = ICE PELLETS
                        TOTAL MONTH:   0.0 INCH    5 = HAIL
                        GRTST 24HR     0.0         6 = FREEZING RAIN OR DRIZZLE
                        GRTST DEPTH:   0           7 = DUSTSTORM OR SANDSTORM:
                                                       VSBY 1/2 MILE OR LESS
                                                   8 = SMOKE OR HAZE
[NO. OF DAYS WITH]      [WEATHER - DAYS WITH]      9 = BLOWING SNOW
                                                   X = TORNADO
MAX 32 OR BELOW:  22    0.01 INCH OR MORE:   2
MAX 90 OR ABOVE:   0    0.10 INCH OR MORE:   0
MIN 32 OR BELOW:  25    0.50 INCH OR MORE:   0
MIN  0 OR BELOW:  12    1.00 INCH OR MORE:   0

[HDD (BASE 65) ]
TOTAL THIS MO.  1296    CLEAR  (SCALE 0-3)   7
DPTR FM NORMAL   295    PTCLDY (SCALE 4-7)  15
TOTAL FM JUL 1  5358    CLOUDY (SCALE 8-10)  3
DPTR FM NORMAL   367

[CDD (BASE 65) ]
TOTAL THIS MO.     0
DPTR FM NORMAL     0    [PRESSURE DATA]
TOTAL FM JAN 1     0    HIGHEST SLP M ON M
DPTR FM NORMAL     0    LOWEST  SLP 29.58 ON  7

[REMARKS]
