000
CXUS53 KMKX 170658
CF6ENW
PRELIMINARY LOCAL CLIMATOLOGICAL DATA (WS FORM: F-6)

                                          STATION:   KENOSHA WI
                                          MONTH:     OCTOBER
                                          YEAR:      2017
                                          LATITUDE:   42 35 N
                                          LONGITUDE:  87 56 W

  TEMPERATURE IN F:       :PCPN:    SNOW:  WIND      :SUNSHINE: SKY     :PK WND
================================================================================
1   2   3   4   5  6A  6B    7    8   9   10  11  12  13   14  15   16   17  18
                                     12Z  AVG MX 2MIN
DY MAX MIN AVG DEP HDD CDD  WTR  SNW DPTH SPD SPD DIR MIN PSBL S-S WX    SPD DR
================================================================================

 1  70  42  56   0   9   0 0.00  0.0    0  8.7 16 130   M    M   0        21 130
 2  81  61  71  15   0   6 0.00  0.0    0 11.1 18 140   M    M   2        24 210
 3  80  66  73  18   0   8 0.00  0.0    0 12.3 21 210   M    M   3        28 210
 4  76  48  62   7   3   0    T  0.0    0  8.0 20 250   M    M   4        24 220
 5  72  43  58   4   7   0 0.02    M    0  5.2 14 330   M    M   5        20 320
 6  68  59  64  10   1   0 0.02  0.0    0  8.8 16 170   M    M  10 12     22 160
 7  79  59  69  15   0   4 0.20  0.0    0 16.0 29 240   M    M   8 1      38 210
 8  79  51  65  12   0   0 0.00  0.0    0  7.9 18 260   M    M   0        23 150
 9  82  47  65  12   0   0 0.00  0.0    0  6.2 16  40   M    M   1 12     20  80
10  60  54  57   4   8   0 0.51  0.0    0 13.7 22  60   M    M   8 1      29  60
11  59  54  57   5   8   0 1.02  0.0    0 14.0 22  60   M    M  10 1      27  60
12  59  56  58   6   7   0    T  0.0    0  7.5 15  90   M    M  10 1      17 100
13  69  56  63  11   2   0 0.13    M    M  6.2 10  60   M    M   9 1      14 210
14  66  60  63  12   2   0 1.50    M    M 10.1 22 190   M    M  10 13     29 200
15  67  40  54   3  11   0 0.04    M    M 13.6 28 300   M    M   7 18     37 280
16  62  38  50  -1  15   0 0.00    M    M  6.5 16 250   M    M   2        22 240
================================================================================
SM 1129  834        73  18  3.44     0.0 155.8          M       89
================================================================================
AV 70.6 52.1                               9.7 FASTST   M    M   6    MAX(MPH)
                                 MISC ---->  # 29 240               # 38  210
================================================================================
NOTES:
# LAST OF SEVERAL OCCURRENCES

COLUMN 17 PEAK WIND IN M.P.H.

PRELIMINARY LOCAL CLIMATOLOGICAL DATA (WS FORM: F-6) , PAGE 2

                                          STATION:  KENOSHA WI
                                          MONTH:    OCTOBER
                                          YEAR:     2017
                                          LATITUDE:   42 35 N
                                          LONGITUDE:  87 56 W

[TEMPERATURE DATA]      [PRECIPITATION DATA]       SYMBOLS USED IN COLUMN 16

AVERAGE MONTHLY: 61.3   TOTAL FOR MONTH:   3.44    1 = FOG OR MIST
DPTR FM NORMAL:   8.1   DPTR FM NORMAL:    1.97    2 = FOG REDUCING VISIBILITY
HIGHEST:    82 ON  9    GRTST 24HR  1.50 ON 14-14      TO 1/4 MILE OR LESS
LOWEST:     38 ON 16                               3 = THUNDER
                        SNOW, ICE PELLETS, HAIL    4 = ICE PELLETS
                        TOTAL MONTH:   0.0 INCH    5 = HAIL
                        GRTST 24HR     0.0         6 = FREEZING RAIN OR DRIZZLE
                        GRTST DEPTH:   0           7 = DUSTSTORM OR SANDSTORM:
                                                       VSBY 1/2 MILE OR LESS
                                                   8 = SMOKE OR HAZE
[NO. OF DAYS WITH]      [WEATHER - DAYS WITH]      9 = BLOWING SNOW
                                                   X = TORNADO
MAX 32 OR BELOW:   0    0.01 INCH OR MORE:   8
MAX 90 OR ABOVE:   0    0.10 INCH OR MORE:   5
MIN 32 OR BELOW:   0    0.50 INCH OR MORE:   3
MIN  0 OR BELOW:   0    1.00 INCH OR MORE:   2

[HDD (BASE 65) ]
TOTAL THIS MO.    73    CLEAR  (SCALE 0-3)   5
DPTR FM NORMAL  -123    PTCLDY (SCALE 4-7)   6
TOTAL FM JUL 1   203    CLOUDY (SCALE 8-10)  5
DPTR FM NORMAL  -169

[CDD (BASE 65) ]
TOTAL THIS MO.    18
DPTR FM NORMAL    11    [PRESSURE DATA]
TOTAL FM JAN 1   607    HIGHEST SLP M ON M
DPTR FM NORMAL    63    LOWEST  SLP 29.43 ON  7

[REMARKS]
