000
CXUS51 KCLE 280800
CF6ERI
PRELIMINARY LOCAL CLIMATOLOGICAL DATA (WS FORM: F-6)

                                          STATION:   ERIE PA
                                          MONTH:     APRIL
                                          YEAR:      2016
                                          LATITUDE:   42  4 N
                                          LONGITUDE:  80 11 W

  TEMPERATURE IN F:       :PCPN:    SNOW:  WIND      :SUNSHINE: SKY     :PK WND
================================================================================
1   2   3   4   5  6A  6B    7    8   9   10  11  12  13   14  15   16   17  18
                                     12Z  AVG MX 2MIN
DY MAX MIN AVG DEP HDD CDD  WTR  SNW DPTH SPD SPD DIR MIN PSBL S-S WX    SPD DR
================================================================================

 1  62  39  51   9  14   0 0.03  0.0    0 13.0 25 260   M    M   6        38 250
 2  42  30  36  -6  29   0 0.22  0.7    0 13.3 30 320   M    M   8 18     46 320
 3  39  26  33  -9  32   0 0.01  0.2    0 13.7 29 300   M    M   9        41 290
 4  44  25  35  -8  30   0 0.04  0.2    0 13.9 25  40   M    M   9 168    33  20
 5  33  24  29 -14  36   0 0.00  0.0    0  8.1 15  10   M    M   2        23 360
 6  55  28  42  -2  23   0 0.13  0.0    0 17.3 31 180   M    M   7 3      43 200
 7  52  33  43  -1  22   0 0.21  0.1    0 12.5 33 180   M    M   9 1      43 180
 8  39  30  35  -9  30   0 0.06  0.6    1 12.2 22 270   M    M   9 1      33 270
 9  35  26  31 -14  34   0 0.05  0.9    1 14.4 26  10   M    M   9 1      35  30
10  42  20  31 -14  34   0 0.07  0.2    0 13.8 26 160   M    M   7 68     36 160
11  55  41  48   2  17   0 0.39  0.0    0 16.1 28 180   M    M  10 18     37 180
12  43  29  36 -10  29   0 0.00  0.0    0  8.8 17 280   M    M   3        26 280
13  44  26  35 -11  30   0 0.00  0.0    0  8.0 17  50   M    M   3        22  50
14  52  29  41  -6  24   0 0.00  0.0    0 10.1 22  50   M    M   0        30  40
15  67  36  52   5  13   0 0.00  0.0    0  9.3 24  50   M    M   0 8      29  50
16  66  42  54   7  11   0 0.00  0.0    0  7.7 18  50   M    M   0 8      24  50
17  70  42  56   8   9   0 0.00  0.0    0  3.9 13  50   M    M   0        15  20
18  70  42  56   8   9   0 0.00  0.0    0  4.9 10 280   M    M   0        14 280
19  61  40  51   3  14   0 0.00  0.0    0  9.5 22  50   M    M   3        29  50
20  61  37  49   0  16   0 0.00  0.0    0  8.6 20  50   M    M   0        23  50
21  71  46  59  10   6   0    T  0.0    0 10.4 22 190   M    M   7        29 170
22  67  48  58   8   7   0    T  0.0    0  9.5 20  50   M    M   6 18     26  50
23  51  37  44  -6  21   0 0.00  0.0    0  9.1 20  50   M    M   5 1      23  50
24  56  33  45  -5  20   0 0.00  0.0    0  5.4 16  40   M    M   1        19  40
25  61  43  52   1  13   0 0.03  0.0    0  7.3 21  50   M    M   5 8      27  50
26  48  37  43  -8  22   0 0.24  0.0    0 10.6 25 340   M    M   9 13     46 330
27  53  33  43  -8  22   0 0.00  0.0    0  8.1 18  40   M    M   1 1      24  40
================================================================================
SM 1439  922       567   0  1.48     2.9 279.5          M      128
================================================================================
AV 53.3 34.1                              10.4 FASTST   M    M   5    MAX(MPH)
                                 MISC ---->  # 33 180               # 46  320
================================================================================
NOTES:
# LAST OF SEVERAL OCCURRENCES

COLUMN 17 PEAK WIND IN M.P.H.

PRELIMINARY LOCAL CLIMATOLOGICAL DATA (WS FORM: F-6) , PAGE 2

                                          STATION:  ERIE PA
                                          MONTH:    APRIL
                                          YEAR:     2016
                                          LATITUDE:   42  4 N
                                          LONGITUDE:  80 11 W

[TEMPERATURE DATA]      [PRECIPITATION DATA]       SYMBOLS USED IN COLUMN 16

AVERAGE MONTHLY: 43.7   TOTAL FOR MONTH:   1.48    1 = FOG OR MIST
DPTR FM NORMAL:  -2.9   DPTR FM NORMAL:   -1.54    2 = FOG REDUCING VISIBILITY
HIGHEST:    71 ON 21    GRTST 24HR  0.43 ON 10-11      TO 1/4 MILE OR LESS
LOWEST:     20 ON 10                               3 = THUNDER
                        SNOW, ICE PELLETS, HAIL    4 = ICE PELLETS
                        TOTAL MONTH:   2.9 INCHES  5 = HAIL
                        GRTST 24HR   0.9 ON   M    6 = FREEZING RAIN OR DRIZZLE
                        GRTST DEPTH:   1 ON  9, 8  7 = DUSTSTORM OR SANDSTORM:
                                                       VSBY 1/2 MILE OR LESS
                                                   8 = SMOKE OR HAZE
[NO. OF DAYS WITH]      [WEATHER - DAYS WITH]      9 = BLOWING SNOW
                                                   X = TORNADO
MAX 32 OR BELOW:   0    0.01 INCH OR MORE:  12
MAX 90 OR ABOVE:   0    0.10 INCH OR MORE:   5
MIN 32 OR BELOW:  11    0.50 INCH OR MORE:   0
MIN  0 OR BELOW:   0    1.00 INCH OR MORE:   0

[HDD (BASE 65) ]
TOTAL THIS MO.   567    CLEAR  (SCALE 0-3)  11
DPTR FM NORMAL    65    PTCLDY (SCALE 4-7)   9
TOTAL FM JUL 1  4841    CLOUDY (SCALE 8-10)  7
DPTR FM NORMAL  -937

[CDD (BASE 65) ]
TOTAL THIS MO.     0
DPTR FM NORMAL     0    [PRESSURE DATA]
TOTAL FM JAN 1     0    HIGHEST SLP M ON M
DPTR FM NORMAL    -1    LOWEST  SLP 29.39 ON  7

[REMARKS]
