000
CXUS51 KCLE 280800
CF6ERI
PRELIMINARY LOCAL CLIMATOLOGICAL DATA (WS FORM: F-6)

                                          STATION:   ERIE PA
                                          MONTH:     AUGUST
                                          YEAR:      2015
                                          LATITUDE:   42  4 N
                                          LONGITUDE:  80 11 W

  TEMPERATURE IN F:       :PCPN:    SNOW:  WIND      :SUNSHINE: SKY     :PK WND
================================================================================
1   2   3   4   5  6A  6B    7    8   9   10  11  12  13   14  15   16   17  18
                                     12Z  AVG MX 2MIN
DY MAX MIN AVG DEP HDD CDD  WTR  SNW DPTH SPD SPD DIR MIN PSBL S-S WX    SPD DR
================================================================================

 1  79  64  72   0   0   7 0.00  0.0    0  7.2 17 290   M    M   4        22 290
 2  89  64  77   5   0  12    T  0.0    0 11.0 29 200   M    M   0        40 200
 3  78  66  72   0   0   7 0.01  0.0    0  9.1 22 200   M    M   4        32 290
 4  81  63  72   0   0   7 0.00  0.0    0  8.5 20 260   M    M   3        28 270
 5  75  61  68  -3   0   3 0.00  0.0    0  7.4 15 280   M    M   3        21 320
 6  75  54  65  -6   0   0 0.00  0.0    0  6.9 17  30   M    M   0        21  30
 7  79  57  68  -3   0   3 0.00  0.0    0  8.8 20  60   M    M   1        25  60
 8  82  65  74   3   0   9 0.00  0.0    0 10.0 23  50   M    M   5        28  50
 9  80  63  72   1   0   7 0.00  0.0    0  5.9 17  30   M    M   4        22  30
10  87  65  76   5   0  11 0.37  0.0    0  3.7 18 210   M    M   6 13     25 210
11  76  68  72   1   0   7 0.00  0.0    0  9.8 15 300   M    M   8 1      22 260
12  74  65  70  -1   0   5 0.00  0.0    0  9.1 16 290   M    M   7        22 300
13  79  53  66  -5   0   1 0.00  0.0    0  9.1 20 270   M    M   4        26 270
14  85  69  77   6   0  12 0.16  0.0    0  9.6 20 220   M    M   2 13     26 210
15  80  66  73   2   0   8    T  0.0    0  4.6 12 310   M    M   2 3      14 300
16  84  64  74   3   0   9 0.00  0.0    0  5.6 15 280   M    M   0        20 270
17  87  69  78   7   0  13 0.00  0.0    0  6.6 13 280   M    M   1 8       M  M
18  83  71  77   6   0  12 0.11  0.0    0  4.6 10 140   M    M   4 138    13 150
19  92  69  81  11   0  16 0.00  0.0    0 10.4 18 210   M    M   1        23 170
20  77  70  74   4   0   9 0.32  0.0    0 12.2 22 190   M    M   4 1      29 280
21  76  59  68  -2   0   3 0.00  0.0    0 10.6 20 260   M    M   4        29 290
22  76  55  66  -4   0   1 0.00  0.0    0  6.1 15  30   M    M   0        21  50
23  80  60  70   0   0   5 0.00  0.0    0  7.8 15 170   M    M   0        19 170
24  77  64  71   1   0   6 0.00  0.0    0 11.1 21 270   M    M   5        28 290
25  67  58  63  -7   2   0 0.26  0.0    0  8.1 16 210   M    M  10 18     21 200
26  70  58  64  -6   1   0 0.14  0.0    0  6.9 14 270   M    M  10 1      18 260
27  70  56  63  -6   2   0    T  0.0    0  5.9 12 270   M    M   7        17 320
================================================================================
SM 2138 1696         5 173  1.37     0.0 216.6          M       99
================================================================================
AV 79.2 62.8                               8.0 FASTST   M    M   4    MAX(MPH)
                                 MISC ---->  # 29 200               # 40  200
================================================================================
NOTES:
# LAST OF SEVERAL OCCURRENCES

COLUMN 17 PEAK WIND IN M.P.H.

PRELIMINARY LOCAL CLIMATOLOGICAL DATA (WS FORM: F-6) , PAGE 2

                                          STATION:  ERIE PA
                                          MONTH:    AUGUST
                                          YEAR:     2015
                                          LATITUDE:   42  4 N
                                          LONGITUDE:  80 11 W

[TEMPERATURE DATA]      [PRECIPITATION DATA]       SYMBOLS USED IN COLUMN 16

AVERAGE MONTHLY: 71.0   TOTAL FOR MONTH:   1.37    1 = FOG OR MIST
DPTR FM NORMAL:   0.2   DPTR FM NORMAL:   -1.66    2 = FOG REDUCING VISIBILITY
HIGHEST:    92 ON 19    GRTST 24HR  1.30 ON 25-26      TO 1/4 MILE OR LESS
LOWEST:     53 ON 13                               3 = THUNDER
                        SNOW, ICE PELLETS, HAIL    4 = ICE PELLETS
                        TOTAL MONTH:   0.0 INCH    5 = HAIL
                        GRTST 24HR     0.0         6 = FREEZING RAIN OR DRIZZLE
                        GRTST DEPTH:   0           7 = DUSTSTORM OR SANDSTORM:
                                                       VSBY 1/2 MILE OR LESS
                                                   8 = SMOKE OR HAZE
[NO. OF DAYS WITH]      [WEATHER - DAYS WITH]      9 = BLOWING SNOW
                                                   X = TORNADO
MAX 32 OR BELOW:   0    0.01 INCH OR MORE:   7
MAX 90 OR ABOVE:   1    0.10 INCH OR MORE:   6
MIN 32 OR BELOW:   0    0.50 INCH OR MORE:   0
MIN  0 OR BELOW:   0    1.00 INCH OR MORE:   0

[HDD (BASE 65) ]
TOTAL THIS MO.     5    CLEAR  (SCALE 0-3)  11
DPTR FM NORMAL     3    PTCLDY (SCALE 4-7)  14
TOTAL FM JUL 1    17    CLOUDY (SCALE 8-10)  2
DPTR FM NORMAL     8

[CDD (BASE 65) ]
TOTAL THIS MO.   173
DPTR FM NORMAL     8    [PRESSURE DATA]
TOTAL FM JAN 1   584    HIGHEST SLP M ON M
DPTR FM NORMAL    44    LOWEST  SLP 29.73 ON M

[REMARKS]
