000
CXUS51 KCLE 270804
CF6ERI
PRELIMINARY LOCAL CLIMATOLOGICAL DATA (WS FORM: F-6)

                                          STATION:   ERIE PA
                                          MONTH:     MARCH
                                          YEAR:      2015
                                          LATITUDE:   42  4 N
                                          LONGITUDE:  80 11 W

  TEMPERATURE IN F:       :PCPN:    SNOW:  WIND      :SUNSHINE: SKY     :PK WND
================================================================================
1   2   3   4   5  6A  6B    7    8   9   10  11  12  13   14  15   16   17  18
                                     12Z  AVG MX 2MIN
DY MAX MIN AVG DEP HDD CDD  WTR  SNW DPTH SPD SPD DIR MIN PSBL S-S WX    SPD DR
================================================================================

 1  31  11  21 -10  44   0 0.37  3.4   14  4.9 15 260   M    M  10 128    22 270
 2  25  11  18 -13  47   0    T  0.1   17 10.8 23 260   M    M   5 18     29 260
 3  41  11  26  -5  39   0 0.34  0.9   17 14.0 30 180   M    M   8 168    40 180
 4  37  24  31  -1  34   0 0.00  0.0   14  9.8 22 250   M    M   9        33 250
 5  24   1  13 -19  52   0 0.00  0.0   14  8.8 22 300   M    M   4 8      28 300
 6  24   0  12 -20  53   0 0.00  0.0   14 10.2 22 200   M    M   0        29 200
 7  38  20  29  -3  36   0 0.01  0.2   14 11.4 23 200   M    M   9 8      29 190
 8  38  30  34   1  31   0 0.00  0.0   14  8.9 17 270   M    M   4 18     27 240
 9  43  30  37   4  28   0 0.00  0.0   14  5.2 13 260   M    M   1 8      20 240
10  47  31  39   6  26   0    T  0.0   11  8.0 15 170   M    M   6 18     19 160
11  44  32  38   4  27   0 0.00  0.0   10  8.1 14 250   M    M   6 128    20 250
12  39  23  31  -3  34   0 0.00  0.0    7  5.3 14  50   M    M   0 8      16  40
13  54  27  41   7  24   0 0.00  0.0    6 12.4 24 190   M    M   3        35 180
14  46  36  41   6  24   0 0.09  0.0    3 11.8 20 160   M    M  10 128    25 160
15  36  30  33  -2  32   0 0.00  0.0    0 10.7 17 260   M    M   8        24 290
16  56  34  45   9  20   0    T  0.0    0 10.5 20 250   M    M   2        26 170
17  59  27  43   7  22   0 0.03  0.0    0  9.6 18 320   M    M   6 18     25 320
18  39  24  32  -4  33   0 0.00  0.0    0  7.9 22 270   M    M   0        31 270
19  36  21  29  -7  36   0 0.00  0.0    0  6.3 16  30   M    M   0        19  40
20  47  30  39   2  26   0 0.01    T    0  7.5 18 160   M    M   9        23 150
21  44  28  36  -1  29   0 0.09  0.0    0  9.1 24 260   M    M   9 18     37 260
22  28  19  24 -14  41   0 0.00  0.0    0  6.6 15 260   M    M   1        20 280
23  27  15  21 -17  44   0 0.00  0.0    0  9.2 20  40   M    M   2 8      24  40
24  36  17  27 -11  38   0 0.00  0.0    0  7.8 14  40   M    M   0        16  30
25  52  26  39   0  26   0 0.06  0.0    0 14.9 29 150   M    M   4 18     37 160
26  45  33  39   0  26   0 0.48  0.6    0  5.5 15 260   M    M  10 128    20 220
================================================================================
SM 1036  591       872   0  1.48     5.2 235.2          M      126
================================================================================
AV 39.8 22.7                               9.0 FASTST   M    M   5    MAX(MPH)
                                 MISC ---->  # 30 180               # 40  180
================================================================================
NOTES:
# LAST OF SEVERAL OCCURRENCES

COLUMN 17 PEAK WIND IN M.P.H.

PRELIMINARY LOCAL CLIMATOLOGICAL DATA (WS FORM: F-6) , PAGE 2

                                          STATION:  ERIE PA
                                          MONTH:    MARCH
                                          YEAR:     2015
                                          LATITUDE:   42  4 N
                                          LONGITUDE:  80 11 W

[TEMPERATURE DATA]      [PRECIPITATION DATA]       SYMBOLS USED IN COLUMN 16

AVERAGE MONTHLY: 31.3   TOTAL FOR MONTH:   1.48    1 = FOG OR MIST
DPTR FM NORMAL:  -3.4   DPTR FM NORMAL:   -0.95    2 = FOG REDUCING VISIBILITY
HIGHEST:    59 ON 17    GRTST 24HR  0.48 ON 26-26      TO 1/4 MILE OR LESS
LOWEST:      0 ON  6                               3 = THUNDER
                        SNOW, ICE PELLETS, HAIL    4 = ICE PELLETS
                        TOTAL MONTH:   5.2 INCHES  5 = HAIL
                        GRTST 24HR   3.4 ON   M    6 = FREEZING RAIN OR DRIZZLE
                        GRTST DEPTH:  17 ON  3, 2  7 = DUSTSTORM OR SANDSTORM:
                                                       VSBY 1/2 MILE OR LESS
                                                   8 = SMOKE OR HAZE
[NO. OF DAYS WITH]      [WEATHER - DAYS WITH]      9 = BLOWING SNOW
                                                   X = TORNADO
MAX 32 OR BELOW:   6    0.01 INCH OR MORE:   9
MAX 90 OR ABOVE:   0    0.10 INCH OR MORE:   3
MIN 32 OR BELOW:  23    0.50 INCH OR MORE:   0
MIN  0 OR BELOW:   1    1.00 INCH OR MORE:   0

[HDD (BASE 65) ]
TOTAL THIS MO.   872    CLEAR  (SCALE 0-3)  10
DPTR FM NORMAL    84    PTCLDY (SCALE 4-7)   9
TOTAL FM JUL 1  5748    CLOUDY (SCALE 8-10)  7
DPTR FM NORMAL   595

[CDD (BASE 65) ]
TOTAL THIS MO.     0
DPTR FM NORMAL     0    [PRESSURE DATA]
TOTAL FM JAN 1     0    HIGHEST SLP M ON M
DPTR FM NORMAL     0    LOWEST  SLP 29.60 ON  3

[REMARKS]
