000
CXUS53 KDMX 220920
CF6EST
PRELIMINARY LOCAL CLIMATOLOGICAL DATA (WS FORM: F-6)

                                          STATION:   ESTHERVILLE IA
                                          MONTH:     FEBRUARY
                                          YEAR:      2018
                                          LATITUDE:   43 24 N
                                          LONGITUDE:  94 45 W

  TEMPERATURE IN F:       :PCPN:    SNOW:  WIND      :SUNSHINE: SKY     :PK WND
================================================================================
1   2   3   4   5  6A  6B    7    8   9   10  11  12  13   14  15   16   17  18
                                     12Z  AVG MX 2MIN
DY MAX MIN AVG DEP HDD CDD  WTR  SNW DPTH SPD SPD DIR MIN PSBL S-S WX    SPD DR
================================================================================

 1   9  -7   1 -16  64   0 0.00  0.0    0 15.2 25 330   M    M   0        30 340
 2  20 -11   5 -12  60   0 0.00  0.0    0 11.3 23 180   M    M   5        27 180
 3  34  10  22   5  43   0    T    M    0 14.5 31 350   M    M  10 1      36 350
 4  10  -8   1 -17  64   0    T    T    0 17.2 31 330   M    M   4 1      39 350
 5  12  -6   3 -15  62   0    M    M    M 12.9 23 330   M    M   5 128    28 330
 6   5 -14  -4 -22  69   0    M    M    M  8.4 15 340   M    M   7 18     19 330
 7   8  -3   3 -15  62   0    T    M    M  9.4 16 290   M    M   4 1      19 320
 8  13  -5   4 -14  61   0    M    M    M  7.3 20  30   M    M   7 128    23  30
 9   9   1   5 -14  60   0    T    M    M 13.6 23  30   M    M   4 1      26  40
10  10  -9   1 -18  64   0 0.00  0.0    M  6.9 14 240   M    M   2        16 240
11  13  -4   5 -14  60   0 0.00  0.0    M 10.4 21 280   M    M   0        24 280
12   9  -8   1 -19  64   0 0.00  0.0    M  7.9 15 160   M    M   1        17 170
13  26   9  18  -2  47   0 0.00  0.0    M 14.9 24 180   M    M   3 1      27 180
14  40  13  27   7  38   0 0.00  0.0    M 12.7 20 250   M    M   0 1      24 250
15  34   8  21   1  44   0    T    M    M 17.2 33 330   M    M   5 1      41 330
16  19  -5   7 -14  58   0 0.00  0.0    M 13.8 30 340   M    M   0        37 330
17  32  12  22   1  43   0 0.02    M    M 12.6 24 290   M    M   4 1      28 290
18  40  12  26   5  39   0 0.00  0.0    M 17.7 37 170   M    M   1 18     46 160
19  23  17  20  -2  45   0    M    M    M 19.9 32  20   M    M   9 16     94  30
20  18   5  12 -10  53   0    M    M    M 16.7 26 310   M    M   6 1      33 310
21  18   0   9 -13  56   0 0.00  0.0    M  5.8 14 310   M    M   2        17 300
================================================================================
SM  402    7      1156   0  0.02    T    266.3          M       79
================================================================================
AV 19.1  0.3                              12.7 FASTST   M    M   4    MAX(MPH)
                                 MISC ---->  # 37 170               # 94   30
================================================================================
NOTES:
# LAST OF SEVERAL OCCURRENCES

COLUMN 17 PEAK WIND IN M.P.H.

PRELIMINARY LOCAL CLIMATOLOGICAL DATA (WS FORM: F-6) , PAGE 2

                                          STATION:  ESTHERVILLE IA
                                          MONTH:    FEBRUARY
                                          YEAR:     2018
                                          LATITUDE:   43 24 N
                                          LONGITUDE:  94 45 W

[TEMPERATURE DATA]      [PRECIPITATION DATA]       SYMBOLS USED IN COLUMN 16

AVERAGE MONTHLY:  9.7   TOTAL FOR MONTH:   0.02    1 = FOG OR MIST
DPTR FM NORMAL:  -9.6   DPTR FM NORMAL:   -0.24    2 = FOG REDUCING VISIBILITY
HIGHEST:    40 ON 18,14 GRTST 24HR  0.03 ON  7- 8      TO 1/4 MILE OR LESS
LOWEST:    -14 ON  6                               3 = THUNDER
                        SNOW, ICE PELLETS, HAIL    4 = ICE PELLETS
                        TOTAL MONTH:    T          5 = HAIL
                        GRTST 24HR    T  ON  4- 4  6 = FREEZING RAIN OR DRIZZLE
                        GRTST DEPTH:   0           7 = DUSTSTORM OR SANDSTORM:
                                                       VSBY 1/2 MILE OR LESS
                                                   8 = SMOKE OR HAZE
[NO. OF DAYS WITH]      [WEATHER - DAYS WITH]      9 = BLOWING SNOW
                                                   X = TORNADO
MAX 32 OR BELOW:  17    0.01 INCH OR MORE:   1
MAX 90 OR ABOVE:   0    0.10 INCH OR MORE:   0
MIN 32 OR BELOW:  21    0.50 INCH OR MORE:   0
MIN  0 OR BELOW:  12    1.00 INCH OR MORE:   0

[HDD (BASE 65) ]
TOTAL THIS MO.  1156    CLEAR  (SCALE 0-3)   8
DPTR FM NORMAL   196    PTCLDY (SCALE 4-7)  11
TOTAL FM JUL 1  5728    CLOUDY (SCALE 8-10)  2
DPTR FM NORMAL    97

[CDD (BASE 65) ]
TOTAL THIS MO.     0
DPTR FM NORMAL     0    [PRESSURE DATA]
TOTAL FM JAN 1     0    HIGHEST SLP  0.00 ON M
DPTR FM NORMAL     0    LOWEST  SLP 29.64 ON M

[REMARKS]
