286
CXUS53 KPAH 250632
CF6EVV
PRELIMINARY LOCAL CLIMATOLOGICAL DATA (WS FORM: F-6)

                                          STATION:   EVANSVILLE IN
                                          MONTH:     AUGUST
                                          YEAR:      2016
                                          LATITUDE:   38  2 N
                                          LONGITUDE:  87 32 W

  TEMPERATURE IN F:       :PCPN:    SNOW:  WIND      :SUNSHINE: SKY     :PK WND
================================================================================
1   2   3   4   5  6A  6B    7    8   9   10  11  12  13   14  15   16   17  18
                                     12Z  AVG MX 2MIN
DY MAX MIN AVG DEP HDD CDD  WTR  SNW DPTH SPD SPD DIR MIN PSBL S-S WX    SPD DR
================================================================================

 1  84  73  79   1   0  14    T  0.0    0  3.3 12 280   M    M   4 1      17 280
 2  90  71  81   3   0  16    T  0.0    0  1.8 12 350   M    M   3 13     15 360
 3  87  72  80   2   0  15    T  0.0    0  2.6  8 330   M    M   2 13     11  10
 4  92  72  82   4   0  17 0.00  0.0    0  2.4  9 340   M    M   3 1      12 310
 5  93  72  83   5   0  18    T  0.0    0  4.3 13 340   M    M   2 1      17 260
 6  88  73  81   4   0  16 0.00  0.0    0  4.6 12 320   M    M   4        15 320
 7  88  69  79   2   0  14 0.00  0.0    0  5.8 12 360   M    M   2        14  10
 8  88  67  78   1   0  13 0.00  0.0    0  5.8 14 100   M    M   0        19 100
 9  91  69  80   3   0  15 0.00  0.0    0  2.3  9 330   M    M   2        11 340
10  87  74  81   4   0  16 0.93  0.0    0  1.8 15 200   M    M   5 1      19 170
11  89  76  83   6   0  18 0.00  0.0    0  4.5 12 150   M    M   5 1      15 170
12  88  77  83   6   0  18    T  0.0    0  6.7 15 170   M    M   6 1      21 190
13  83  74  79   2   0  14 0.13  0.0    0  7.8 21 220   M    M   9 13     24 250
14  83  74  79   2   0  14 0.95  0.0    0  4.5 18 340   M    M   7 13     24 310
15  85  72  79   2   0  14 0.43  0.0    0  7.8 20 230   M    M   2 18     25 230
16  76  73  75  -2   0  10 0.30  0.0    0  6.1 15 220   M    M   9 1      19 210
17  82  72  77   0   0  12 0.23  0.0    0  3.4  9 180   M    M   5 1      12 210
18  83  71  77   0   0  12 0.00  0.0    0  3.8  9 220   M    M   5 18     12 200
19  85  72  79   2   0  14 0.00  0.0    0  6.1 14 220   M    M   6        18 220
20  86  74  80   3   0  15 0.03  0.0    0  9.2 26 220   M    M   7 18     34 220
21  80  63  72  -5   0   7 0.00  0.0    0  5.4 14 280   M    M   3        19 280
22  82  59  71  -5   0   6 0.00  0.0    0  1.8  8  80   M    M   2        11  80
23  82  60  71  -5   0   6 0.00  0.0    0  3.2 10 200   M    M   2 1      16 150
24  90  70  80   4   0  15 0.00  0.0    0  8.5 22 220   M    M   2        27 220
================================================================================
SM 2062 1699         0 329  3.00     0.0 113.5          M       97
================================================================================
AV 85.9 70.8                               4.7 FASTST   M    M   4    MAX(MPH)
                                 MISC ---->  # 26 220               # 34  220
================================================================================
NOTES:
# LAST OF SEVERAL OCCURRENCES

COLUMN 17 PEAK WIND IN M.P.H.

PRELIMINARY LOCAL CLIMATOLOGICAL DATA (WS FORM: F-6) , PAGE 2

                                          STATION:  EVANSVILLE IN
                                          MONTH:    AUGUST
                                          YEAR:     2016
                                          LATITUDE:   38  2 N
                                          LONGITUDE:  87 32 W

[TEMPERATURE DATA]      [PRECIPITATION DATA]       SYMBOLS USED IN COLUMN 16

AVERAGE MONTHLY: 78.4   TOTAL FOR MONTH:   3.00    1 = FOG OR MIST
DPTR FM NORMAL:   1.3   DPTR FM NORMAL:    0.67    2 = FOG REDUCING VISIBILITY
HIGHEST:    93 ON  5    GRTST 24HR  1.25 ON 14-15      TO 1/4 MILE OR LESS
LOWEST:     59 ON 22                               3 = THUNDER
                        SNOW, ICE PELLETS, HAIL    4 = ICE PELLETS
                        TOTAL MONTH:   0.0 INCH    5 = HAIL
                        GRTST 24HR     0.0         6 = FREEZING RAIN OR DRIZZLE
                        GRTST DEPTH:   0           7 = DUSTSTORM OR SANDSTORM:
                                                       VSBY 1/2 MILE OR LESS
                                                   8 = SMOKE OR HAZE
[NO. OF DAYS WITH]      [WEATHER - DAYS WITH]      9 = BLOWING SNOW
                                                   X = TORNADO
MAX 32 OR BELOW:   0    0.01 INCH OR MORE:   7
MAX 90 OR ABOVE:   5    0.10 INCH OR MORE:   6
MIN 32 OR BELOW:   0    0.50 INCH OR MORE:   2
MIN  0 OR BELOW:   0    1.00 INCH OR MORE:   0

[HDD (BASE 65) ]
TOTAL THIS MO.     0    CLEAR  (SCALE 0-3)  11
DPTR FM NORMAL     0    PTCLDY (SCALE 4-7)  11
TOTAL FM JUL 1     0    CLOUDY (SCALE 8-10)  2
DPTR FM NORMAL     0

[CDD (BASE 65) ]
TOTAL THIS MO.   329
DPTR FM NORMAL    41    [PRESSURE DATA]
TOTAL FM JAN 1  1266    HIGHEST SLP M ON M
DPTR FM NORMAL   142    LOWEST  SLP 29.70 ON 20

[REMARKS]
