000
CXUS53 KPAH 302302
CF6EVV
PRELIMINARY LOCAL CLIMATOLOGICAL DATA (WS FORM: F-6)

                                          STATION:   EVANSVILLE IN
                                          MONTH:     OCTOBER
                                          YEAR:      2014
                                          LATITUDE:   38  2 N
                                          LONGITUDE:  87 32 W

  TEMPERATURE IN F:       :PCPN:    SNOW:  WIND      :SUNSHINE: SKY     :PK WND
================================================================================
1   2   3   4   5  6A  6B    7    8   9   10  11  12  13   14  15   16   17  18
                                     12Z  AVG MX 2MIN
DY MAX MIN AVG DEP HDD CDD  WTR  SNW DPTH SPD SPD DIR MIN PSBL S-S WX    SPD DR
================================================================================

 1  87  59  73  10   0   8 0.00  0.0    0  3.6 12 260   M    M   1 18     16 270
 2  89  64  77  15   0  12 0.14  0.0    0  8.4 21 180   M    M   6 13     28 160
 3  73  45  59  -3   6   0 0.28  0.0    0 10.9 24 240   M    M   7 138    35 310
 4  56  39  48 -14  17   0 0.00  0.0    0  8.7 23 250   M    M   1        30 260
 5  71  38  55  -6  10   0 0.00  0.0    0  6.2 21 220   M    M   4        24 210
 6  72  50  61   0   4   0 0.14  0.0    0  7.8 22 230   M    M   4 13     33 290
 7  77  56  67   7   0   2 0.07  0.0    0  9.9 24 230   M    M   4 1      30 240
 8  77  47  62   2   3   0 0.00  0.0    0  4.1 15 270   M    M   0        21 270
 9  75  54  65   5   0   0 0.14  0.0    0  4.7 22  40   M    M   4 13     25 260
10  60  51  56  -4   9   0 0.21  0.0    0  9.2 16  30   M    M   9 1      19  30
11  59  51  55  -4  10   0 0.01  0.0    0  7.6 13  50   M    M  10        15  30
12  69  53  61   2   4   0 0.18  0.0    0  4.1  9 170   M    M  10 1      13 120
13  78  64  71  13   0   6 1.77  0.0    0 10.1 39 230   M    M   8 138    47 220
14  66  55  61   3   4   0 0.44  0.0    0 14.2 29 220   M    M  10 18     37 210
15  57  52  55  -3  10   0 0.22  0.0    0  8.3 15 270   M    M  10 1      21 270
16  61  51  56  -2   9   0 0.00  0.0    0  5.8 12 280   M    M   7        15 270
17  74  51  63   6   2   0 0.00  0.0    0  7.9 22 260   M    M   1 8      28 250
18  62  50  56  -1   9   0 0.00  0.0    0  7.3 16 310   M    M   8        23 310
19  61  40  51  -6  14   0 0.00  0.0    0  1.6  9 200   M    M   1        14 230
20  72  46  59   3   6   0 0.06  0.0    0  7.5 17 240   M    M   4 1      23 240
21  65  45  55  -1  10   0 0.00  0.0    0  6.1 15  20   M    M   1        19 360
22  63  41  52  -4  13   0 0.00  0.0    0  4.3 12  30   M    M   0        19  50
23  63  38  51  -5  14   0 0.00  0.0    0  2.2  9 180   M    M   0 1      11 120
24  70  42  56   1   9   0 0.00  0.0    0  2.4  9 260   M    M   3 1      13 220
25  80  52  66  11   0   1 0.00  0.0    0  5.1 10 280   M    M   3 1      13 280
26  75  48  62   8   3   0 0.00  0.0    0  2.8  9 130   M    M   0        14 100
27  83  56  70  16   0   5 0.00  0.0    0 11.0 29 210   M    M   0 1      36 220
28  71  56  64  10   1   0 0.53  0.0    0  6.7 20 300   M    M   8 1      29 300
29  61  42  52  -2  13   0 0.00  0.0    0  6.2 16 300   M    M   0        22 320
================================================================================
SM 2027 1436       180  34  4.19     0.0 194.7          M      124
================================================================================
AV 69.9 49.5                               6.7 FASTST   M    M   4    MAX(MPH)
                                 MISC ---->  # 39 230               # 47  220
================================================================================
NOTES:
# LAST OF SEVERAL OCCURRENCES

COLUMN 17 PEAK WIND IN M.P.H.

PRELIMINARY LOCAL CLIMATOLOGICAL DATA (WS FORM: F-6) , PAGE 2

                                          STATION:  EVANSVILLE IN
                                          MONTH:    OCTOBER
                                          YEAR:     2014
                                          LATITUDE:   38  2 N
                                          LONGITUDE:  87 32 W

[TEMPERATURE DATA]      [PRECIPITATION DATA]       SYMBOLS USED IN COLUMN 16

AVERAGE MONTHLY: 59.7   TOTAL FOR MONTH:   4.19    1 = FOG OR MIST
DPTR FM NORMAL:   1.7   DPTR FM NORMAL:    1.17    2 = FOG REDUCING VISIBILITY
HIGHEST:    89 ON  2    GRTST 24HR  1.84 ON 13-14      TO 1/4 MILE OR LESS
LOWEST:     38 ON 23, 5                            3 = THUNDER
                        SNOW, ICE PELLETS, HAIL    4 = ICE PELLETS
                        TOTAL MONTH:   0.0 INCH    5 = HAIL
                        GRTST 24HR     0.0         6 = FREEZING RAIN OR DRIZZLE
                        GRTST DEPTH:   0           7 = DUSTSTORM OR SANDSTORM:
                                                       VSBY 1/2 MILE OR LESS
                                                   8 = SMOKE OR HAZE
[NO. OF DAYS WITH]      [WEATHER - DAYS WITH]      9 = BLOWING SNOW
                                                   X = TORNADO
MAX 32 OR BELOW:   0    0.01 INCH OR MORE:  13
MAX 90 OR ABOVE:   0    0.10 INCH OR MORE:  10
MIN 32 OR BELOW:   0    0.50 INCH OR MORE:   2
MIN  0 OR BELOW:   0    1.00 INCH OR MORE:   1

[HDD (BASE 65) ]
TOTAL THIS MO.   180    CLEAR  (SCALE 0-3)  11
DPTR FM NORMAL   -53    PTCLDY (SCALE 4-7)  12
TOTAL FM JUL 1   216    CLOUDY (SCALE 8-10)  6
DPTR FM NORMAL   -64

[CDD (BASE 65) ]
TOTAL THIS MO.    34
DPTR FM NORMAL     6    [PRESSURE DATA]
TOTAL FM JAN 1  1477    HIGHEST SLP M ON M
DPTR FM NORMAL    83    LOWEST  SLP 29.53 ON 14

[REMARKS]
