000
CXUS56 KSLC 281338
CF6EVW
PRELIMINARY LOCAL CLIMATOLOGICAL DATA (WS FORM: F-6)

                                          STATION:   EVANSTON WY
                                          MONTH:     MARCH
                                          YEAR:      2015
                                          LATITUDE:   41 16 N
                                          LONGITUDE: 111  2 W

  TEMPERATURE IN F:       :PCPN:    SNOW:  WIND      :SUNSHINE: SKY     :PK WND
================================================================================
1   2   3   4   5  6A  6B    7    8   9   10  11  12  13   14  15   16   17  18
                                     12Z  AVG MX 2MIN
DY MAX MIN AVG DEP HDD CDD  WTR  SNW DPTH SPD SPD DIR MIN PSBL S-S WX    SPD DR
================================================================================

 1  31  17  24  -2  41   0    T    M    0 10.0 17  80   M    M   7        21  80
 2  35  23  29   3  36   0 0.10    M    0  9.6 24 250   M    M  10 128    30 240
 3  28  10  19  -8  46   0 0.10    M    0 11.4 23 250   M    M   6 12     26 290
 4  28   8  18  -9  47   0 0.00  0.0    0 10.8 17 250   M    M   2        22 260
 5  35   8  22  -5  43   0 0.00  0.0    0 11.7 22 260   M    M   0        25 260
 6  44  19  32   4  33   0 0.00  0.0    0  9.8 15 230   M    M   0        18 230
 7  51  25  38  10  27   0 0.00  0.0    0  6.2 16 260   M    M   0        20 250
 8  49  26  38  10  27   0 0.00  0.0    0  6.2 16 250   M    M   0        19 240
 9  52  27  40  11  25   0 0.00  0.0    0  8.3 18 240   M    M   0        22 240
10  54  29  42  13  23   0 0.00  0.0    0  6.9 14 250   M    M   0        20 270
11  56  33  45  16  20   0 0.00  0.0    0  8.1 28 230   M    M   3        34 230
12  49  35  42  12  23   0    T    M    0  8.3 20 360   M    M   9        24 340
13  55  30  43  13  22   0 0.00  0.0    0  7.5 18  70   M    M   0        22  80
14  58  32  45  15  20   0 0.00  0.0    0 10.8 24 230   M    M   0        29 230
15  66  38  52  21  13   0 0.00  0.0    0 11.4 25 230   M    M   0        33 240
16  66  40  53  22  12   0 0.00  0.0    0  7.9 18 250   M    M   0        23 210
17  63  35  49  18  16   0 0.00  0.0    0 11.9 23 240   M    M   1        29 220
18  54  33  44  12  21   0 0.00  0.0    0  7.3 23 260   M    M   3        29 260
19  54  28  41   9  24   0 0.00  0.0    0  5.9 16 360   M    M   0        20 350
20  62  29  46  14  19   0 0.00  0.0    0  7.2 16 270   M    M   0        23 270
21  63  34  49  17  16   0 0.00  0.0    0 10.8 26 250   M    M   1        35 270
22  56  33  45  12  20   0 0.00  0.0    0  6.4 20 270   M    M   5        25 320
23  46  27  37   4  28   0 0.24    M    0 13.7 33 260   M    M   8 12     42 260
24  42  24  33   0  32   0    T    M    0 16.7 33 250   M    M   5 1      42 250
25  43  21  32  -2  33   0    T    M    0  9.7 22 280   M    M   2        26 290
26  58  25  42   8  23   0 0.00  0.0    0  8.1 22 290   M    M   0        32 260
27  65  33  49  15  16   0 0.00  0.0    0  8.6 18 240   M    M   0        26 250
================================================================================
SM 1363  722       706   0  0.44     0.0 251.2          M       62
================================================================================
AV 50.5 26.7                               9.3 FASTST   M    M   2    MAX(MPH)
                                 MISC ---->  # 33 260               # 42  260
================================================================================
NOTES:
# LAST OF SEVERAL OCCURRENCES

COLUMN 17 PEAK WIND IN M.P.H.

PRELIMINARY LOCAL CLIMATOLOGICAL DATA (WS FORM: F-6) , PAGE 2

                                          STATION:  EVANSTON WY
                                          MONTH:    MARCH
                                          YEAR:     2015
                                          LATITUDE:   41 16 N
                                          LONGITUDE: 111  2 W

[TEMPERATURE DATA]      [PRECIPITATION DATA]       SYMBOLS USED IN COLUMN 16

AVERAGE MONTHLY: 38.6   TOTAL FOR MONTH:   0.44    1 = FOG OR MIST
DPTR FM NORMAL:   8.4   DPTR FM NORMAL:   -0.26    2 = FOG REDUCING VISIBILITY
HIGHEST:    66 ON 16,15 GRTST 24HR  0.24 ON 23-23      TO 1/4 MILE OR LESS
LOWEST:      8 ON  5, 4                            3 = THUNDER
                        SNOW, ICE PELLETS, HAIL    4 = ICE PELLETS
                        TOTAL MONTH:   0.0 INCH    5 = HAIL
                        GRTST 24HR     0.0         6 = FREEZING RAIN OR DRIZZLE
                        GRTST DEPTH:   0           7 = DUSTSTORM OR SANDSTORM:
                                                       VSBY 1/2 MILE OR LESS
                                                   8 = SMOKE OR HAZE
[NO. OF DAYS WITH]      [WEATHER - DAYS WITH]      9 = BLOWING SNOW
                                                   X = TORNADO
MAX 32 OR BELOW:   3    0.01 INCH OR MORE:   3
MAX 90 OR ABOVE:   0    0.10 INCH OR MORE:   3
MIN 32 OR BELOW:  18    0.50 INCH OR MORE:   0
MIN  0 OR BELOW:   0    1.00 INCH OR MORE:   0

[HDD (BASE 65) ]
TOTAL THIS MO.   706    CLEAR  (SCALE 0-3)  20
DPTR FM NORMAL  -233    PTCLDY (SCALE 4-7)   5
TOTAL FM JUL 1  5678    CLOUDY (SCALE 8-10)  2
DPTR FM NORMAL -1269

[CDD (BASE 65) ]
TOTAL THIS MO.     0
DPTR FM NORMAL     0    [PRESSURE DATA]
TOTAL FM JAN 1     0    HIGHEST SLP M ON M
DPTR FM NORMAL     0    LOWEST  SLP 29.54 ON  2

[REMARKS]
