000
CXUS51 KOKX 280702
CF6EWR
PRELIMINARY LOCAL CLIMATOLOGICAL DATA (WS FORM: F-6)

                                          STATION:   NEWARK NJ
                                          MONTH:     MAY
                                          YEAR:      2017
                                          LATITUDE:   40 42 N
                                          LONGITUDE:  74 10 W

  TEMPERATURE IN F:       :PCPN:    SNOW:  WIND      :SUNSHINE: SKY     :PK WND
================================================================================
1   2   3   4   5  6A  6B    7    8   9   10  11  12  13   14  15   16   17  18
                                     12Z  AVG MX 2MIN
DY MAX MIN AVG DEP HDD CDD  WTR  SNW DPTH SPD SPD DIR MIN PSBL S-S WX    SPD DR
================================================================================

 1  75  50  63   5   2   0 0.00  0.0    0  7.1 16 180   M    M   8 18     22 180
 2  76  63  70  12   0   5    T  0.0    0 17.3 43 260   M    M   8        54 250
 3  67  49  58  -1   7   0 0.00  0.0    0 16.2 25 330   M    M   5        36 310
 4  61  44  53  -6  12   0 0.00  0.0    0  9.8 18 150   M    M   6        24 140
 5  60  53  57  -2   8   0 3.05  0.0    0 10.6 20  90   M    M  10 13     28  90
 6  66  53  60   0   5   0 0.10  0.0    0 11.8 25 240   M    M   8 1      30 240
 7  58  47  53  -7  12   0    T  0.0    0 13.3 25 290   M    M   8        30 290
 8  60  43  52  -8  13   0    T  0.0    0 10.3 24 320   M    M   7        34 280
 9  64  45  55  -5  10   0 0.00  0.0    0  8.2 17 300   M    M   7        23 300
10  64  49  57  -4   8   0 0.00  0.0    0  5.0 14 250   M    M   7        17 240
11  62  46  54  -7  11   0 0.00  0.0    0  6.9 14  20   M    M   8        16 120
12  62  45  54  -7  11   0 0.00  0.0    0  6.8 15 150   M    M   8        20 120
13  53  43  48 -14  17   0 1.79  0.0    0 12.3 24  20   M    M  10 1      32  30
14  70  44  57  -5   8   0 0.09  0.0    0 13.7 28 310   M    M   6        36 310
15  71  53  62   0   3   0 0.00  0.0    0 18.0 31 290   M    M   5        40 320
16  81  55  68   5   0   3 0.00  0.0    0  8.3 20 240   M    M   5        25 270
17  92  59  76  13   0  11 0.00  0.0    0 10.7 24 240   M    M   4        30 190
18  94  74  84  21   0  19 0.00  0.0    0 13.4 25 220   M    M   6        35 230
19  93  66  80  16   0  15 0.00  0.0    0 14.9 25 260   M    M   5        32 240
20  66  53  60  -4   5   0    T  0.0    0 10.1 23  20   M    M   8        27  10
21  66  51  59  -5   6   0 0.00  0.0    0  7.8 16 150   M    M   7        22 150
22  60  55  58  -6   7   0 0.70  0.0    0  4.4 13 280   M    M  10 1      17 110
23  70  56  63  -2   2   0 0.00  0.0    0  6.0 14  10   M    M  10        18 330
24  70  57  64  -1   1   0 0.04  0.0    0  7.2 15 150   M    M   9        21 130
25  59  56  58  -8   7   0 0.95  0.0    0 10.0 17  40   M    M  10 13     23  60
26  76  55  66   0   0   1 0.15  0.0    0 11.1 23 260   M    M   8 1      27 240
27  74  58  66   0   0   1 0.00  0.0    0  6.1 13 260   M    M   7        15 270
================================================================================
SM 1870 1422       155  55  6.87     0.0 277.3          M      200
================================================================================
AV 69.3 52.7                              10.3 FASTST   M    M   7    MAX(MPH)
                                 MISC ---->  # 43 260               # 54  250
================================================================================
NOTES:
# LAST OF SEVERAL OCCURRENCES

COLUMN 17 PEAK WIND IN M.P.H.

PRELIMINARY LOCAL CLIMATOLOGICAL DATA (WS FORM: F-6) , PAGE 2

                                          STATION:  NEWARK NJ
                                          MONTH:    MAY
                                          YEAR:     2017
                                          LATITUDE:   40 42 N
                                          LONGITUDE:  74 10 W

[TEMPERATURE DATA]      [PRECIPITATION DATA]       SYMBOLS USED IN COLUMN 16

AVERAGE MONTHLY: 61.0   TOTAL FOR MONTH:   6.87    1 = FOG OR MIST
DPTR FM NORMAL:  -1.1   DPTR FM NORMAL:    3.35    2 = FOG REDUCING VISIBILITY
HIGHEST:    94 ON 18    GRTST 24HR  3.05 ON  5- 5      TO 1/4 MILE OR LESS
LOWEST:     43 ON 13, 8                            3 = THUNDER
                        SNOW, ICE PELLETS, HAIL    4 = ICE PELLETS
                        TOTAL MONTH:   0.0 INCH    5 = HAIL
                        GRTST 24HR     0.0         6 = FREEZING RAIN OR DRIZZLE
                        GRTST DEPTH:   0           7 = DUSTSTORM OR SANDSTORM:
                                                       VSBY 1/2 MILE OR LESS
                                                   8 = SMOKE OR HAZE
[NO. OF DAYS WITH]      [WEATHER - DAYS WITH]      9 = BLOWING SNOW
                                                   X = TORNADO
MAX 32 OR BELOW:   0    0.01 INCH OR MORE:   8
MAX 90 OR ABOVE:   3    0.10 INCH OR MORE:   6
MIN 32 OR BELOW:   0    0.50 INCH OR MORE:   4
MIN  0 OR BELOW:   0    1.00 INCH OR MORE:   2

[HDD (BASE 65) ]
TOTAL THIS MO.   155    CLEAR  (SCALE 0-3)   0
DPTR FM NORMAL    27    PTCLDY (SCALE 4-7)  19
TOTAL FM JUL 1  4201    CLOUDY (SCALE 8-10)  8
DPTR FM NORMAL  -647

[CDD (BASE 65) ]
TOTAL THIS MO.    55
DPTR FM NORMAL     7    [PRESSURE DATA]
TOTAL FM JAN 1    91    HIGHEST SLP M ON M
DPTR FM NORMAL    31    LOWEST  SLP 29.35 ON  6

[REMARKS]
