000
CXUS53 KIND 160730
CF6EYE
PRELIMINARY LOCAL CLIMATOLOGICAL DATA (WS FORM: F-6)

                                          STATION:   INDIANAPOLIS EAGLE CREEK IN
                                          MONTH:     JANUARY
                                          YEAR:      2018
                                          LATITUDE:   39 49 N
                                          LONGITUDE:  86 18 W

  TEMPERATURE IN F:       :PCPN:    SNOW:  WIND      :SUNSHINE: SKY     :PK WND
================================================================================
1   2   3   4   5  6A  6B    7    8   9   10  11  12  13   14  15   16   17  18
                                     12Z  AVG MX 2MIN
DY MAX MIN AVG DEP HDD CDD  WTR  SNW DPTH SPD SPD DIR MIN PSBL S-S WX    SPD DR
================================================================================

 1   2  -9  -3 -31  68   0 0.00    M    M  8.5 16 300   M    M   0        20 300
 2  10 -12  -1 -29  66   0 0.00    M    M  3.6  8 220   M    M   0        13 250
 3  20   0  10 -18  55   0    T    M    M  8.4 18 310   M    M   8 1      22 300
 4  12  -1   6 -22  59   0    T    M    M 10.4 16 290   M    M   3        20 310
 5   9  -6   2 -26  63   0 0.00    M    M  7.6 17 300   M    M   0 8      21 310
 6  15  -4   6 -22  59   0 0.00    M    M  2.9  9 140   M    M   0        14 150
 7  35   7  21  -7  44   0 0.01    M    M  8.5 15 170   M    M   5        20 160
 8  36  30  33   5  32   0 0.10    M    M  7.2 17 210   M    M  10 1      24 220
 9  40  28  34   6  31   0 0.00    M    M  4.0  9 130   M    M   7 18     12 130
10  57  35  46  18  19   0 0.02    M    M  8.0 15 190   M    M  10 1      22 190
11  57  40  49  21  16   0 0.48    M    M  8.1 20 320   M    M  10 1      26 210
12  40  19  30   2  35   0 0.23    M    M 17.4 26 360   M    M  10 168    37  10
13  19   6  13 -15  52   0    T    M    M  7.5 21 350   M    M   3        29  30
14  20   0  10 -18  55   0    T    M    M  5.0 13 150   M    M   2 1      21 140
15  25   5  15 -13  50   0 0.04    M    M  8.4 20 280   M    M   9 1      23 280
================================================================================
SM  397  138       704   0  0.88    M    115.5          M       77
================================================================================
AV 26.5  9.2                               7.7 FASTST   M    M   5    MAX(MPH)
                                 MISC ---->  # 26 360               # 37   10
================================================================================
NOTES:
# LAST OF SEVERAL OCCURRENCES

COLUMN 17 PEAK WIND IN M.P.H.

PRELIMINARY LOCAL CLIMATOLOGICAL DATA (WS FORM: F-6) , PAGE 2

                                          STATION:  INDIANAPOLIS EAGLE CREEK IN
                                          MONTH:    JANUARY
                                          YEAR:     2018
                                          LATITUDE:   39 49 N
                                          LONGITUDE:  86 18 W

[TEMPERATURE DATA]      [PRECIPITATION DATA]       SYMBOLS USED IN COLUMN 16

AVERAGE MONTHLY: 17.8   TOTAL FOR MONTH:   0.88    1 = FOG OR MIST
DPTR FM NORMAL: -10.2   DPTR FM NORMAL:   -0.61    2 = FOG REDUCING VISIBILITY
HIGHEST:    57 ON 11,10 GRTST 24HR  0.48 ON 11-11      TO 1/4 MILE OR LESS
LOWEST:    -12 ON  2                               3 = THUNDER
                        SNOW, ICE PELLETS, HAIL    4 = ICE PELLETS
                        TOTAL MONTH:    M          5 = HAIL
                        GRTST 24HR    M  ON   M    6 = FREEZING RAIN OR DRIZZLE
                        GRTST DEPTH:  M  ON   M    7 = DUSTSTORM OR SANDSTORM:
                                                       VSBY 1/2 MILE OR LESS
                                                   8 = SMOKE OR HAZE
[NO. OF DAYS WITH]      [WEATHER - DAYS WITH]      9 = BLOWING SNOW
                                                   X = TORNADO
MAX 32 OR BELOW:   9    0.01 INCH OR MORE:   6
MAX 90 OR ABOVE:   0    0.10 INCH OR MORE:   3
MIN 32 OR BELOW:  13    0.50 INCH OR MORE:   0
MIN  0 OR BELOW:   7    1.00 INCH OR MORE:   0

[HDD (BASE 65) ]
TOTAL THIS MO.   704    CLEAR  (SCALE 0-3)   6
DPTR FM NORMAL   149    PTCLDY (SCALE 4-7)   4
TOTAL FM JUL 1  2659    CLOUDY (SCALE 8-10)  5
DPTR FM NORMAL    48

[CDD (BASE 65) ]
TOTAL THIS MO.     0
DPTR FM NORMAL     0    [PRESSURE DATA]
TOTAL FM JAN 1     0    HIGHEST SLP M ON M
DPTR FM NORMAL     0    LOWEST  SLP 29.76 ON 11

[REMARKS]
