000
CXUS52 KKEY 230753
CF6EYW
PRELIMINARY LOCAL CLIMATOLOGICAL DATA (WS FORM: F-6)

                                          STATION:   KEY WEST
                                          MONTH:     JANUARY
                                          YEAR:      2017
                                          LATITUDE:   24 32 N
                                          LONGITUDE:  81 45 W

  TEMPERATURE IN F:       :PCPN:    SNOW:  WIND      :SUNSHINE: SKY     :PK WND
================================================================================
1   2   3   4   5  6A  6B    7    8   9   10  11  12  13   14  15   16   17  18
                                     12Z  AVG MX 2MIN
DY MAX MIN AVG DEP HDD CDD  WTR  SNW DPTH SPD SPD DIR MIN PSBL S-S WX    SPD DR
================================================================================

 1  79  74  77   7   0  12 0.02  0.0    0 11.1 17 150   M    M   4 1      23 120
 2  81  76  79  10   0  14    T  0.0    0 12.6 17 130   M    M   1        24 130
 3  81  75  78   9   0  13 0.00  0.0    0  6.3 15 130   M    M   2        20 130
 4  81  75  78   9   0  13 0.14  0.0    0  6.1 14 280   M    M   4 1      17 300
 5  81  71  76   7   0  11 0.00  0.0    0  4.6 12 350   M    M   3        15 330
 6  82  71  77   8   0  12 0.00  0.0    0  7.6 15 100   M    M   2        18 160
 7  82  62  72   3   0   7 0.07  0.0    0 14.5 30 340   M    M   5 1      39 330
 8  67  57  62  -7   3   0 0.00  0.0    0 19.2 25  10   M    M   4        35  10
 9  72  58  65  -4   0   0 0.00  0.0    0 12.9 21  30   M    M   0        29  20
10  75  63  69   0   0   4    T  0.0    0 11.4 21  70   M    M   4        30  80
11  77  66  72   3   0   7 0.02  0.0    0 10.5 18  90   M    M   8 1      24  60
12  79  68  74   5   0   9    T  0.0    0  9.9 21  90   M    M   2        29  90
13  80  69  75   6   0  10 0.05  0.0    0 10.0 20  90   M    M   3 1      28  90
14  80  69  75   6   0  10 0.00  0.0    M  9.5 17  80   M    M   3        24  80
15  80  70  75   6   0  10 0.00  0.0    0  9.0 18  90   M    M   6        23  80
16  81  72  77   8   0  12 0.01  0.0    0 11.5 20 120   M    M   5        27 110
17  81  73  77   8   0  12    T  0.0    0 14.3 22 110   M    M   3        27 110
18  80  70  75   6   0  10 0.00  0.0    M  8.2 16 140   M    M   1        20 110
19  79  66  73   4   0   8 0.00  0.0    M  6.7 14 130   M    M   0        18 130
20  80  71  76   7   0  11 0.00  0.0    0  6.6 14 160   M    M   1        18 170
21  80  72  76   7   0  11 0.00  0.0    M 10.0 21 180   M    M   2        25 180
22  82  77  80  11   0  15 0.00  0.0    M 18.7 30 200   M    M   1        38 210
================================================================================
SM 1740 1525         3 211  0.31     0.0 231.2          M       64
================================================================================
AV 79.1 69.3                              10.5 FASTST   M    M   3    MAX(MPH)
                                 MISC ---->  # 30 340               # 39  330
================================================================================
NOTES:
# LAST OF SEVERAL OCCURRENCES

COLUMN 17 PEAK WIND IN M.P.H.

PRELIMINARY LOCAL CLIMATOLOGICAL DATA (WS FORM: F-6) , PAGE 2

                                          STATION:  KEY WEST
                                          MONTH:    JANUARY
                                          YEAR:     2017
                                          LATITUDE:   24 32 N
                                          LONGITUDE:  81 45 W

[TEMPERATURE DATA]      [PRECIPITATION DATA]       SYMBOLS USED IN COLUMN 16

AVERAGE MONTHLY: 74.2   TOTAL FOR MONTH:   0.31    1 = FOG OR MIST
DPTR FM NORMAL:   5.2   DPTR FM NORMAL:   -1.15    2 = FOG REDUCING VISIBILITY
HIGHEST:    82 ON 22, 7 GRTST 24HR  0.14 ON  4- 4      TO 1/4 MILE OR LESS
LOWEST:     57 ON  8                               3 = THUNDER
                        SNOW, ICE PELLETS, HAIL    4 = ICE PELLETS
                        TOTAL MONTH:   0.0 INCH    5 = HAIL
                        GRTST 24HR     0.0         6 = FREEZING RAIN OR DRIZZLE
                        GRTST DEPTH:   0           7 = DUSTSTORM OR SANDSTORM:
                                                       VSBY 1/2 MILE OR LESS
                                                   8 = SMOKE OR HAZE
[NO. OF DAYS WITH]      [WEATHER - DAYS WITH]      9 = BLOWING SNOW
                                                   X = TORNADO
MAX 32 OR BELOW:   0    0.01 INCH OR MORE:   6
MAX 90 OR ABOVE:   0    0.10 INCH OR MORE:   1
MIN 32 OR BELOW:   0    0.50 INCH OR MORE:   0
MIN  0 OR BELOW:   0    1.00 INCH OR MORE:   0

[HDD (BASE 65) ]
TOTAL THIS MO.     3    CLEAR  (SCALE 0-3)  13
DPTR FM NORMAL   -19    PTCLDY (SCALE 4-7)   9
TOTAL FM JUL 1     3    CLOUDY (SCALE 8-10)  0
DPTR FM NORMAL   -37

[CDD (BASE 65) ]
TOTAL THIS MO.   211
DPTR FM NORMAL    99    [PRESSURE DATA]
TOTAL FM JAN 1   211    HIGHEST SLP M ON M
DPTR FM NORMAL    99    LOWEST  SLP 29.66 ON 22

[REMARKS]
