894
CXUS52 KKEY 300534
CF6EYW
PRELIMINARY LOCAL CLIMATOLOGICAL DATA (WS FORM: F-6)

                                          STATION:   KEY WEST
                                          MONTH:     AUGUST
                                          YEAR:      2016
                                          LATITUDE:   24 32 N
                                          LONGITUDE:  81 45 W

  TEMPERATURE IN F:       :PCPN:    SNOW:  WIND      :SUNSHINE: SKY     :PK WND
================================================================================
1   2   3   4   5  6A  6B    7    8   9   10  11  12  13   14  15   16   17  18
                                     12Z  AVG MX 2MIN
DY MAX MIN AVG DEP HDD CDD  WTR  SNW DPTH SPD SPD DIR MIN PSBL S-S WX    SPD DR
================================================================================

 1  91  83  87   2   0  22 0.00  0.0    0 13.5 21 100   M    M   2 3      26 110
 2  92  74  83  -2   0  18 2.56  0.0    0 13.4 24 100   M    M   3 13     31 120
 3  88  77  83  -2   0  18 0.00  0.0    0 11.4 16 130   M    M   1        21 150
 4  89  84  87   2   0  22 0.00  0.0    0 12.3 18 160   M    M   1        22 160
 5  89  83  86   1   0  21 0.00  0.0    0 10.0 18 170   M    M   1        24 140
 6  91  84  88   3   0  23 0.00  0.0    0  9.4 20 150   M    M   1        24 150
 7  89  85  87   2   0  22    T  0.0    0  7.1 12 140   M    M   1        15 170
 8  89  80  85   0   0  20 0.01  0.0    0  7.4 15 110   M    M   2        20 120
 9  90  78  84  -1   0  19 0.15  0.0    0  9.0 24 190   M    M   3 13     34 170
10  91  78  85   0   0  20    T  0.0    0  6.5 13 100   M    M   0        17 140
11  89  84  87   2   0  22 0.00  0.0    0  9.0 18 110   M    M   1        24 100
12  90  79  85   0   0  20 0.10  0.0    0 10.9 28 100   M    M   1 138    36 110
13  90  79  85   0   0  20 0.02  0.0    0 14.2 28 130   M    M   1 13     36 130
14  91  77  84  -1   0  19 0.01  0.0    0 13.8 22 100   M    M   2        27 100
15  90  82  86   1   0  21    T  0.0    0 14.3 22 130   M    M   2 3      28 130
16  89  81  85   0   0  20 0.09  0.0    0 13.0 18 100   M    M   3 13     24  90
17  89  77  83  -1   0  18 0.06  0.0    0  9.4 16 110   M    M   2 13     25 130
18  90  80  85   1   0  20 0.00  0.0    0  7.6 15 100   M    M   1 3      18 100
19  89  81  85   1   0  20 0.00  0.0    0  5.4 12 130   M    M   1 3      15 110
20  91  82  87   3   0  22 0.00  0.0    0  5.4 12 150   M    M   1        15 130
21  90  83  87   3   0  22 0.00  0.0    0  5.8 10 130   M    M   2        15 140
22  92  84  88   4   0  23 0.00  0.0    0  5.1  9 150   M    M   1        13 140
23  91  78  85   1   0  20 0.79  0.0    0  6.1 20  30   M    M   4 123    28  30
24  87  72  80  -4   0  15 2.55  0.0    0  8.3 30 130   M    M   3 13     38 140
25  91  75  83  -1   0  18 0.58  0.0    0  6.0 24 130   M    M   2 13     32 120
26  91  79  85   1   0  20 0.49  0.0    0  8.3 17 100   M    M   1 13     24  10
27  86  73  80  -4   0  15 1.09  0.0    0  6.2 25  10   M    M   3 13     33  10
28  90  78  84   0   0  19 0.02  0.0    0 15.0 25 150   M    M   4 13     32 150
29  86  78  82  -2   0  17 0.17  0.0    0 14.9 29 160   M    M   4 1      37 160
================================================================================
SM 2601 2308         0 576  8.69     0.0 278.7          M       54
================================================================================
AV 89.7 79.6                               9.6 FASTST   M    M   2    MAX(MPH)
                                 MISC ---->  # 30 130               # 38  140
================================================================================
NOTES:
# LAST OF SEVERAL OCCURRENCES

COLUMN 17 PEAK WIND IN M.P.H.

PRELIMINARY LOCAL CLIMATOLOGICAL DATA (WS FORM: F-6) , PAGE 2

                                          STATION:  KEY WEST
                                          MONTH:    AUGUST
                                          YEAR:     2016
                                          LATITUDE:   24 32 N
                                          LONGITUDE:  81 45 W

[TEMPERATURE DATA]      [PRECIPITATION DATA]       SYMBOLS USED IN COLUMN 16

AVERAGE MONTHLY: 84.6   TOTAL FOR MONTH:   8.69    1 = FOG OR MIST
DPTR FM NORMAL:   0.1   DPTR FM NORMAL:    3.71    2 = FOG REDUCING VISIBILITY
HIGHEST:    92 ON 22, 2 GRTST 24HR  3.31 ON 23-24      TO 1/4 MILE OR LESS
LOWEST:     72 ON 24                               3 = THUNDER
                        SNOW, ICE PELLETS, HAIL    4 = ICE PELLETS
                        TOTAL MONTH:   0.0 INCH    5 = HAIL
                        GRTST 24HR     0.0         6 = FREEZING RAIN OR DRIZZLE
                        GRTST DEPTH:   0           7 = DUSTSTORM OR SANDSTORM:
                                                       VSBY 1/2 MILE OR LESS
                                                   8 = SMOKE OR HAZE
[NO. OF DAYS WITH]      [WEATHER - DAYS WITH]      9 = BLOWING SNOW
                                                   X = TORNADO
MAX 32 OR BELOW:   0    0.01 INCH OR MORE:  15
MAX 90 OR ABOVE:  17    0.10 INCH OR MORE:   9
MIN 32 OR BELOW:   0    0.50 INCH OR MORE:   5
MIN  0 OR BELOW:   0    1.00 INCH OR MORE:   3

[HDD (BASE 65) ]
TOTAL THIS MO.     0    CLEAR  (SCALE 0-3)  26
DPTR FM NORMAL     0    PTCLDY (SCALE 4-7)   3
TOTAL FM JUL 1     0    CLOUDY (SCALE 8-10)  0
DPTR FM NORMAL     0

[CDD (BASE 65) ]
TOTAL THIS MO.   576
DPTR FM NORMAL     8    [PRESSURE DATA]
TOTAL FM JAN 1  3271    HIGHEST SLP M ON M
DPTR FM NORMAL   118    LOWEST  SLP 29.79 ON 28

[REMARKS]
