000
CXAK56 PAFG 161448
CF6FAI
PRELIMINARY LOCAL CLIMATOLOGICAL DATA (WS FORM: F-6)

                                          STATION:   FAIRBANKS AK
                                          MONTH:     OCTOBER
                                          YEAR:      2017
                                          LATITUDE:   64 49 N
                                          LONGITUDE: 147 52 W

  TEMPERATURE IN F:       :PCPN:    SNOW:  WIND      :SUNSHINE: SKY     :PK WND
================================================================================
1   2   3   4   5  6A  6B    7    8   9   10  11  12  13   14  15   16   17  18
                                     12Z  AVG MX 2MIN
DY MAX MIN AVG DEP HDD CDD  WTR  SNW DPTH SPD SPD DIR MIN PSBL S-S WX    SPD DR
================================================================================

 1  51  33  42   6  23   0    T  0.0    0  6.2 13  80   M    M   5        17  70
 2  56  37  47  11  18   0    T  0.0    0  4.4 12  70   M    M   8        15  70
 3  59  38  49  14  16   0 0.00  0.0    0  3.5 10  70   M    M   7        11  70
 4  50  33  42   8  23   0    T  0.0    0  2.8  8 200   M    M   8 1      12 210
 5  52  30  41   8  24   0 0.00  0.0    0  1.5  9 360   M    M   8        11 360
 6  47  32  40   7  25   0 0.00  0.0    0  3.8 14 260   M    M   8 12     19 220
 7  48  36  42  10  23   0 0.00  0.0    0  5.7 13 250   M    M   8        17 250
 8  43  36  40   9  25   0 0.12  0.0    0  6.6 16 280   M    M   9        20 280
 9  40  32  36   6  29   0 0.14  0.1    0  6.3 16 270   M    M   9 1      20 270
10  43  32  38   8  27   0 1.40  2.0    1  5.7 14 230   M    M   9 1      25 250
11  43  26  35   6  30   0 0.02    T    0  4.5 13 260   M    M   6        16 260
12  41  26  34   6  31   0 0.13  0.3    0  8.0 17  60   M    M   6 1      20  70
13  40  32  36   9  29   0 0.15  0.5    T  1.5  6  80   M    M   8 12      7  30
14  37  32  35   9  30   0    T  0.0    0  2.3  6  40   M    M   9 12      7  20
15  37  30  34   9  31   0 0.00  0.0    0  6.2 13 330   M    M   8        14 330
================================================================================
SM  687  485       384   0  1.96     2.9  69.0          M      116
================================================================================
AV 45.8 32.3                               4.6 FASTST   M    M   8    MAX(MPH)
                                 MISC ---->  # 17  60               # 25  250
================================================================================
NOTES:
# LAST OF SEVERAL OCCURRENCES

COLUMN 17 PEAK WIND IN M.P.H.

PRELIMINARY LOCAL CLIMATOLOGICAL DATA (WS FORM: F-6) , PAGE 2

                                          STATION:  FAIRBANKS AK
                                          MONTH:    OCTOBER
                                          YEAR:     2017
                                          LATITUDE:   64 49 N
                                          LONGITUDE: 147 52 W

[TEMPERATURE DATA]      [PRECIPITATION DATA]       SYMBOLS USED IN COLUMN 16

AVERAGE MONTHLY: 39.1   TOTAL FOR MONTH:   1.96    1 = FOG OR MIST
DPTR FM NORMAL:   8.1   DPTR FM NORMAL:    1.54    2 = FOG REDUCING VISIBILITY
HIGHEST:    59 ON  3    GRTST 24HR  1.40 ON 10-10      TO 1/4 MILE OR LESS
LOWEST:     26 ON 12,11                            3 = THUNDER
                        SNOW, ICE PELLETS, HAIL    4 = ICE PELLETS
                        TOTAL MONTH:   2.9 INCHES  5 = HAIL
                        GRTST 24HR   2.0 ON 10-10  6 = FREEZING RAIN OR DRIZZLE
                        GRTST DEPTH:   1 ON 10     7 = DUSTSTORM OR SANDSTORM:
                                                       VSBY 1/2 MILE OR LESS
                                                   8 = SMOKE OR HAZE
[NO. OF DAYS WITH]      [WEATHER - DAYS WITH]      9 = BLOWING SNOW
                                                   X = TORNADO
MAX 32 OR BELOW:   0    0.01 INCH OR MORE:   6
MAX 90 OR ABOVE:   0    0.10 INCH OR MORE:   5
MIN 32 OR BELOW:   9    0.50 INCH OR MORE:   1
MIN  0 OR BELOW:   0    1.00 INCH OR MORE:   1

[HDD (BASE 65) ]
TOTAL THIS MO.   384    CLEAR  (SCALE 0-3)   0
DPTR FM NORMAL  -126    PTCLDY (SCALE 4-7)  10
TOTAL FM JUL 1  1111    CLOUDY (SCALE 8-10)  5
DPTR FM NORMAL  -393

[CDD (BASE 65) ]
TOTAL THIS MO.     0
DPTR FM NORMAL     0    [PRESSURE DATA]
TOTAL FM JAN 1   104    HIGHEST SLP M ON M
DPTR FM NORMAL    43    LOWEST  SLP 29.16 ON  5

[REMARKS]
