000
CXAK56 PAFG 221332
CF6FAI
PRELIMINARY LOCAL CLIMATOLOGICAL DATA (WS FORM: F-6)

                                          STATION:   FAIRBANKS AK
                                          MONTH:     APRIL
                                          YEAR:      2014
                                          LATITUDE:   64 49 N
                                          LONGITUDE: 147 52 W

  TEMPERATURE IN F:       :PCPN:    SNOW:  WIND      :SUNSHINE: SKY     :PK WND
================================================================================
1   2   3   4   5  6A  6B    7    8   9   10  11  12  13   14  15   16   17  18
                                     12Z  AVG MX 2MIN
DY MAX MIN AVG DEP HDD CDD  WTR  SNW DPTH SPD SPD DIR MIN PSBL S-S WX    SPD DR
================================================================================

 1  41  12  27   5  38   0 0.00  0.0   19  7.2 12  10   M    M   1        15  10
 2  37   7  22   0  43   0 0.00  0.0   19  2.9 10  10   M    M   6        12 360
 3  40  10  25   2  40   0 0.00  0.0   19  3.7 10 360   M    M   7        12  10
 4  44  13  29   5  36   0 0.00  0.0   19  3.7 12  30   M    M   7        12  30
 5  42  15  29   4  36   0 0.00  0.0   19  2.3  9 340   M    M   8        12 350
 6  32  26  29   3  36   0 0.10  1.1   20  2.5  6 240   M    M  10 1       7 240
 7  30  17  24  -2  41   0 0.10  1.8   21  6.5 16 320   M    M  10 1      22 320
 8  17   2  10 -17  55   0    T    T   20  6.3 15 200   M    M   8 1      19 190
 9  19 -12   4 -24  61   0 0.00  0.0   20  3.8 12 200   M    M   3        16 190
10  31 -13   9 -20  56   0 0.00  0.0   20  0.6  9  50   M    M   1        10  50
11  35  -6  15 -15  50   0 0.00  0.0   20  0.9  6  20   M    M   3         7  50
12  44   9  27  -3  38   0 0.00  0.0   20  3.0 10  40   M    M   6        12  40
13  53  18  36   5  29   0 0.00  0.0   19  2.0 14 230   M    M   7        23 240
14  52  19  36   4  29   0 0.00  0.0   17  2.3  8 360   M    M   4        11 360
15  52  26  39   7  26   0    T  0.0   15  4.9 13 140   M    M   5        16 140
16  51  27  39   6  26   0 0.00  0.0   13  2.1  8 300   M    M   5        10 300
17  55  26  41   7  24   0    T  0.0   11  5.2 15 110   M    M   5        20 100
18  54  31  43   8  22   0    T  0.0    9  3.3 12 360   M    M   7        14 360
19  53  27  40   4  25   0 0.00  0.0    7  6.5 16  10   M    M   4        20  10
20  52  36  44   8  21   0 0.00  0.0    5 10.4 17  20   M    M   3        20  20
21  57  37  47  10  18   0 0.00  0.0    2  7.2 16  40   M    M   6        18  50
================================================================================
SM  891  327       750   0  0.20     2.9  87.3          M      116
================================================================================
AV 42.4 15.6                               4.2 FASTST   M    M   6    MAX(MPH)
                                 MISC ---->  # 17  20               # 23  240
================================================================================
NOTES:
# LAST OF SEVERAL OCCURRENCES

COLUMN 17 PEAK WIND IN M.P.H.

PRELIMINARY LOCAL CLIMATOLOGICAL DATA (WS FORM: F-6) , PAGE 2

                                          STATION:  FAIRBANKS AK
                                          MONTH:    APRIL
                                          YEAR:     2014
                                          LATITUDE:   64 49 N
                                          LONGITUDE: 147 52 W

[TEMPERATURE DATA]      [PRECIPITATION DATA]       SYMBOLS USED IN COLUMN 16

AVERAGE MONTHLY: 29.0   TOTAL FOR MONTH:   0.20    1 = FOG OR MIST
DPTR FM NORMAL:  -0.4   DPTR FM NORMAL:    0.01    2 = FOG REDUCING VISIBILITY
HIGHEST:    57 ON 21    GRTST 24HR  0.10 ON  7- 7      TO 1/4 MILE OR LESS
LOWEST:    -13 ON 10                               3 = THUNDER
                        SNOW, ICE PELLETS, HAIL    4 = ICE PELLETS
                        TOTAL MONTH:   2.9 INCHES  5 = HAIL
                        GRTST 24HR   1.8 ON   M    6 = FREEZING RAIN OR DRIZZLE
                        GRTST DEPTH:  21 ON  7     7 = DUSTSTORM OR SANDSTORM:
                                                       VSBY 1/2 MILE OR LESS
                                                   8 = SMOKE OR HAZE
[NO. OF DAYS WITH]      [WEATHER - DAYS WITH]      9 = BLOWING SNOW
                                                   X = TORNADO
MAX 32 OR BELOW:   5    0.01 INCH OR MORE:   2
MAX 90 OR ABOVE:   0    0.10 INCH OR MORE:   2
MIN 32 OR BELOW:  19    0.50 INCH OR MORE:   0
MIN  0 OR BELOW:   3    1.00 INCH OR MORE:   0

[HDD (BASE 65) ]
TOTAL THIS MO.   750    CLEAR  (SCALE 0-3)   4
DPTR FM NORMAL     1    PTCLDY (SCALE 4-7)  13
TOTAL FM JUL 1 11718    CLOUDY (SCALE 8-10)  4
DPTR FM NORMAL -1081

[CDD (BASE 65) ]
TOTAL THIS MO.     0
DPTR FM NORMAL     0    [PRESSURE DATA]
TOTAL FM JAN 1     0    HIGHEST SLP M ON M
DPTR FM NORMAL     0    LOWEST  SLP 29.38 ON M

[REMARKS]
