000
CXUS52 KRAH 181345
CF6FAY
PRELIMINARY LOCAL CLIMATOLOGICAL DATA (WS FORM: F-6)

                                          STATION:   FAYETTEVILLE REGL AIRPORT NC
                                          MONTH:     APRIL
                                          YEAR:      2014
                                          LATITUDE:   35  0 N
                                          LONGITUDE:  78 53 W

  TEMPERATURE IN F:       :PCPN:    SNOW:  WIND      :SUNSHINE: SKY     :PK WND
================================================================================
1   2   3   4   5  6A  6B    7    8   9   10  11  12  13   14  15   16   17  18
                                     12Z  AVG MX 2MIN
DY MAX MIN AVG DEP HDD CDD  WTR  SNW DPTH SPD SPD DIR MIN PSBL S-S WX    SPD DR
================================================================================

 1  83  39  61   2   4   0 0.00    M    M  6.1 18 190   M    M   0        23 200
 2  87  52  70  11   0   5 0.00    M    M  9.6 21 220   M    M   0        28 220
 3  85  58  72  12   0   7 0.00    M    M  9.6 18 200   M    M   0 8      22 220
 4  86  60  73  13   0   8 0.00    M    M 15.1 30 220   M    M   1        40 230
 5  79  54  67   7   0   2 0.00    M    M  8.4 16 220   M    M   1        21 220
 6  62  50  56  -4   9   0 0.00    M    M 10.2 18  20   M    M   6        25  50
 7  65  52  59  -2   6   0 0.11    M    M  7.5 17 170   M    M   9 1      23 180
 8  72  55  64   3   1   0 0.01    M    M  8.5 20 190   M    M   6 1      25 210
 9  71  49  60  -1   5   0 0.09    M    M  8.9 21 350   M    M   5 8      26 350
10  77  43  60  -1   5   0 0.00    M    M  6.4 18 230   M    M   0 1      27 190
11  80  51  66   4   0   1 0.00    M    M 12.4 25 220   M    M   0 8      33 220
12  83  54  69   7   0   4 0.00    M    M  7.7 16 170   M    M   0        20 170
13  83  54  69   7   0   4 0.00    M    M  8.5 18 180   M    M   2 12     24 160
14  79  59  69   7   0   4 0.01    M    M 10.0 22 160   M    M   6 18     27 200
15  75  42  59  -4   6   0 1.13    M    M 12.8 31 310   M    M   8 13     41 340
16  57  36  47 -16  18   0 0.00    M    M 11.6 23  20   M    M   0        28  20
17  67  34  51 -12  14   0 0.00    M    M  9.6 18  10   M    M   0        24 360
================================================================================
SM 1291  842        68  35  1.35    M    162.9          M       44
================================================================================
AV 75.9 49.5                               9.6 FASTST   M    M   3    MAX(MPH)
                                 MISC ---->  # 31 310               # 41  340
================================================================================
NOTES:
# LAST OF SEVERAL OCCURRENCES

COLUMN 17 PEAK WIND IN M.P.H.

PRELIMINARY LOCAL CLIMATOLOGICAL DATA (WS FORM: F-6) , PAGE 2

                                          STATION:  FAYETTEVILLE REGL AIRPORT NC
                                          MONTH:    APRIL
                                          YEAR:     2014
                                          LATITUDE:   35  0 N
                                          LONGITUDE:  78 53 W

[TEMPERATURE DATA]      [PRECIPITATION DATA]       SYMBOLS USED IN COLUMN 16

AVERAGE MONTHLY: 62.7   TOTAL FOR MONTH:   1.35    1 = FOG OR MIST
DPTR FM NORMAL:   1.6   DPTR FM NORMAL:   -0.41    2 = FOG REDUCING VISIBILITY
HIGHEST:    87 ON  2    GRTST 24HR  1.13 ON 15-15      TO 1/4 MILE OR LESS
LOWEST:     34 ON 17                               3 = THUNDER
                        SNOW, ICE PELLETS, HAIL    4 = ICE PELLETS
                        TOTAL MONTH:    M          5 = HAIL
                        GRTST 24HR    M  ON   M    6 = FREEZING RAIN OR DRIZZLE
                        GRTST DEPTH:  M  ON   M    7 = DUSTSTORM OR SANDSTORM:
                                                       VSBY 1/2 MILE OR LESS
                                                   8 = SMOKE OR HAZE
[NO. OF DAYS WITH]      [WEATHER - DAYS WITH]      9 = BLOWING SNOW
                                                   X = TORNADO
MAX 32 OR BELOW:   0    0.01 INCH OR MORE:   5
MAX 90 OR ABOVE:   0    0.10 INCH OR MORE:   2
MIN 32 OR BELOW:   0    0.50 INCH OR MORE:   1
MIN  0 OR BELOW:   0    1.00 INCH OR MORE:   1

[HDD (BASE 65) ]
TOTAL THIS MO.    68    CLEAR  (SCALE 0-3)  11
DPTR FM NORMAL   -29    PTCLDY (SCALE 4-7)   4
TOTAL FM JUL 1  2890    CLOUDY (SCALE 8-10)  2
DPTR FM NORMAL   224

[CDD (BASE 65) ]
TOTAL THIS MO.    35
DPTR FM NORMAL     7    [PRESSURE DATA]
TOTAL FM JAN 1    39    HIGHEST SLP M ON M
DPTR FM NORMAL    -5    LOWEST  SLP 29.55 ON  8

[REMARKS]
