000
CXUS54 KOUN 290800
CF6FDR
PRELIMINARY LOCAL CLIMATOLOGICAL DATA (WS FORM: F-6)

                                          STATION:   FREDERICK MUNICIPAL
                                          MONTH:     MARCH
                                          YEAR:      2015
                                          LATITUDE:   34 21 N
                                          LONGITUDE:  98 59 W

  TEMPERATURE IN F:       :PCPN:    SNOW:  WIND      :SUNSHINE: SKY     :PK WND
================================================================================
1   2   3   4   5  6A  6B    7    8   9   10  11  12  13   14  15   16   17  18
                                     12Z  AVG MX 2MIN
DY MAX MIN AVG DEP HDD CDD  WTR  SNW DPTH SPD SPD DIR MIN PSBL S-S WX    SPD DR
================================================================================

 1  38  28  33 -16  32   0 0.00  0.0    0  6.5 15  20   M    M  10 18     17  10
 2  39  30  35 -14  30   0 0.00  0.0    0  7.6 15 180   M    M  10 18     18 180
 3  59  37  48  -1  17   0 0.00  0.0    0  9.2 16 220   M    M   5 18     20 190
 4  48  23  36 -14  29   0 0.04    M    0 19.2 33  20   M    M  10 1268   39  20
 5  42  15  29 -21  36   0 0.00  0.0    0  8.7 10 160   M    M   1         M  M
 6  57  23  40 -10  25   0 0.00  0.0    M 10.1 20 220   M    M   0        28 230
 7  67  27  47  -4  18   0 0.00  0.0    0  7.2 16 170   M    M   2        20 170
 8  63  42  53   2  12   0 0.09  0.0    0  9.3 20 150   M    M   4 1      30 180
 9  50  46  48  -3  17   0 0.56  0.0    0  7.4 12  50   M    M  10 12     14  70
10  66  45  56   4   9   0 0.01  0.0    0  5.8 13 120   M    M   5 18     15 120
11  72  39  56   4   9   0 0.00  0.0    0  4.8 12 150   M    M   1 128    14  80
12  71  44  58   6   7   0 0.00  0.0    0  8.3 14 100   M    M   0 8      19 100
13  72  44  58   5   7   0 0.00  0.0    0 10.8 23  20   M    M   2 18     30 360
14  70  49  60   7   5   0 0.00  0.0    0 12.8 24  10   M    M   1 8      29  10
15  70  45  58   5   7   0 0.00  0.0    0  6.4 13  10   M    M   2        17 360
16  80  44  62   8   3   0 0.00  0.0    0  7.8 22 200   M    M   0 1      27 190
17  62  52  57   3   8   0    T  0.0    0 13.0 33  10   M    M   2        40 360
18  64  49  57   3   8   0    T  0.0    0  6.9 14 350   M    M   7 18     16 270
19  59  49  54  -1  11   0 0.11  0.0    0 12.8 25  30   M    M   9 123    30  30
20  57  47  52  -3  13   0 0.00  0.0    0  6.1 22 340   M    M   5 18     26  30
21  63  47  55   0  10   0 0.13  0.0    0  4.4  9 180   M    M   3 18     11 190
22  71  52  62   6   3   0 0.12  0.0    0  4.9 12 150   M    M   5 12     13 150
23  79  47  63   7   2   0 0.00  0.0    0 14.5 26 150   M    M   1 12     35 140
24  82  54  68  12   0   3 0.00  0.0    0 11.5 24  10   M    M   0        29  10
25  88  49  69  12   0   4 0.00  0.0    0 16.3 46  10   M    M   1 138    55  10
26  65  40  53  -4  12   0 0.00  0.0    0 15.4 33 350   M    M   2        41 360
27  66  40  53  -4  12   0 0.00  0.0    0  8.6 18  10   M    M   0        22 350
28  81  40  61   3   4   0 0.00  0.0    0  7.5 16 100   M    M   0 18     19 120
================================================================================
SM 1801 1147       346   7  1.06     0.0 263.8          M       98
================================================================================
AV 64.3 41.0                               9.4 FASTST   M    M   4    MAX(MPH)
                                 MISC ---->  # 46  10               # 55   10
================================================================================
NOTES:
# LAST OF SEVERAL OCCURRENCES

COLUMN 17 PEAK WIND IN M.P.H.

PRELIMINARY LOCAL CLIMATOLOGICAL DATA (WS FORM: F-6) , PAGE 2

                                          STATION:  FREDERICK MUNICIPAL
                                          MONTH:    MARCH
                                          YEAR:     2015
                                          LATITUDE:   34 21 N
                                          LONGITUDE:  98 59 W

[TEMPERATURE DATA]      [PRECIPITATION DATA]       SYMBOLS USED IN COLUMN 16

AVERAGE MONTHLY: 52.6   TOTAL FOR MONTH:   1.06    1 = FOG OR MIST
DPTR FM NORMAL:  -0.5   DPTR FM NORMAL:   -1.02    2 = FOG REDUCING VISIBILITY
HIGHEST:    88 ON 25    GRTST 24HR  0.56 ON  9- 9      TO 1/4 MILE OR LESS
LOWEST:     15 ON  5                               3 = THUNDER
                        SNOW, ICE PELLETS, HAIL    4 = ICE PELLETS
                        TOTAL MONTH:   0.0 INCH    5 = HAIL
                        GRTST 24HR     0.0         6 = FREEZING RAIN OR DRIZZLE
                        GRTST DEPTH:   0           7 = DUSTSTORM OR SANDSTORM:
                                                       VSBY 1/2 MILE OR LESS
                                                   8 = SMOKE OR HAZE
[NO. OF DAYS WITH]      [WEATHER - DAYS WITH]      9 = BLOWING SNOW
                                                   X = TORNADO
MAX 32 OR BELOW:   0    0.01 INCH OR MORE:   7
MAX 90 OR ABOVE:   0    0.10 INCH OR MORE:   4
MIN 32 OR BELOW:   6    0.50 INCH OR MORE:   1
MIN  0 OR BELOW:   0    1.00 INCH OR MORE:   0

[HDD (BASE 65) ]
TOTAL THIS MO.   346    CLEAR  (SCALE 0-3)  16
DPTR FM NORMAL     4    PTCLDY (SCALE 4-7)   7
TOTAL FM JUL 1  2902    CLOUDY (SCALE 8-10)  5
DPTR FM NORMAL    32

[CDD (BASE 65) ]
TOTAL THIS MO.     7
DPTR FM NORMAL    -6    [PRESSURE DATA]
TOTAL FM JAN 1     7    HIGHEST SLP M ON M
DPTR FM NORMAL    -7    LOWEST  SLP 29.58 ON 25

[REMARKS]
