000
CXUS52 KFFC 221110
CF6FFC
PRELIMINARY LOCAL CLIMATOLOGICAL DATA (WS FORM: F-6)

                                          STATION:   PEACHTREE CITY
                                          MONTH:     MAY
                                          YEAR:      2015
                                          LATITUDE:   33 20 N
                                          LONGITUDE:  84 34 W

  TEMPERATURE IN F:       :PCPN:    SNOW:  WIND      :SUNSHINE: SKY     :PK WND
================================================================================
1   2   3   4   5  6A  6B    7    8   9   10  11  12  13   14  15   16   17  18
                                     12Z  AVG MX 2MIN
DY MAX MIN AVG DEP HDD CDD  WTR  SNW DPTH SPD SPD DIR MIN PSBL S-S WX    SPD DR
================================================================================

 1  72  48  60  -5   5   0 0.00    M    M  8.5 18 340   M    M   1        25 330
 2  77  43  60  -5   5   0 0.00  0.0    M  0.8 16 290   M    M   0 1      24 330
 3  81  47  64  -1   1   0 0.00  0.0    M  2.0 10 130   M    M   1 1      17 140
 4  82  50  66   0   0   1 0.00  0.0    M  1.7 10 130   M    M   0 1      14 130
 5  82  51  67   1   0   2 0.00  0.0    M  3.0 15 110   M    M   1 1      20  90
 6  83  50  67   1   0   2 0.00  0.0    M  2.5 13  90   M    M   0 1      16 120
 7  86  50  68   1   0   3 0.00  0.0    M  2.1 10 130   M    M   0 1      16  50
 8  89  55  72   5   0   7 0.00  0.0    M  1.8 10 340   M    M   1 18     14 330
 9  88  62  75   8   0  10 0.00  0.0    M  2.3 12  80   M    M   2 18     16  80
10  89  60  75   8   0  10 0.00  0.0    M  1.9 10 120   M    M   0 1      13 130
11  90  62  76   8   0  11 0.00  0.0    M  2.3 12 240   M    M   0 18     17 230
12  85  62  74   6   0   9    T  0.0    M  3.1 12 320   M    M   2 1      16 280
13  87  58  73   5   0   8 0.00  0.0    M  5.2 13 320   M    M   0 8      17 320
14  86  53  70   1   0   5    T  0.0    M  5.3 15 130   M    M   1        20 120
15  80  63  72   3   0   7    T    M    M  3.8 13 140   M    M   4 1      17 130
16  86  62  74   5   0   9 0.00    M    M  4.7 14 140   M    M   0        19 130
17  86  67  77   8   0  12 0.06    M    M  3.4 12 350   M    M   5 13     14 320
18  88  67  78   8   0  13 0.00    M    M  3.2 15 140   M    M   3 13     18 130
19  86  66  76   6   0  11    T    M    M  3.0 14 310   M    M   1 3      17 300
20  89  65  77   7   0  12 0.00    M    M  2.9 12 250   M    M   2        16 310
21  82  60  71   1   0   6 0.00    M    M 11.0 20 320   M    M   4        25 320
================================================================================
SM 1774 1201        11 138  0.06     0.0  74.5          M       28
================================================================================
AV 84.5 57.2                               3.5 FASTST   M    M   1    MAX(MPH)
                                 MISC ---->  # 20 320               # 25  330
================================================================================
NOTES:
# LAST OF SEVERAL OCCURRENCES

COLUMN 17 PEAK WIND IN M.P.H.

PRELIMINARY LOCAL CLIMATOLOGICAL DATA (WS FORM: F-6) , PAGE 2

                                          STATION:  PEACHTREE CITY
                                          MONTH:    MAY
                                          YEAR:     2015
                                          LATITUDE:   33 20 N
                                          LONGITUDE:  84 34 W

[TEMPERATURE DATA]      [PRECIPITATION DATA]       SYMBOLS USED IN COLUMN 16

AVERAGE MONTHLY: 70.8   TOTAL FOR MONTH:   0.06    1 = FOG OR MIST
DPTR FM NORMAL:   3.2   DPTR FM NORMAL:   -2.00    2 = FOG REDUCING VISIBILITY
HIGHEST:    90 ON 11    GRTST 24HR  0.06 ON 17-17      TO 1/4 MILE OR LESS
LOWEST:     43 ON  2                               3 = THUNDER
                        SNOW, ICE PELLETS, HAIL    4 = ICE PELLETS
                        TOTAL MONTH:   0.0 INCH    5 = HAIL
                        GRTST 24HR     0.0         6 = FREEZING RAIN OR DRIZZLE
                        GRTST DEPTH:  M  ON   M    7 = DUSTSTORM OR SANDSTORM:
                                                       VSBY 1/2 MILE OR LESS
                                                   8 = SMOKE OR HAZE
[NO. OF DAYS WITH]      [WEATHER - DAYS WITH]      9 = BLOWING SNOW
                                                   X = TORNADO
MAX 32 OR BELOW:   0    0.01 INCH OR MORE:   1
MAX 90 OR ABOVE:   1    0.10 INCH OR MORE:   0
MIN 32 OR BELOW:   0    0.50 INCH OR MORE:   0
MIN  0 OR BELOW:   0    1.00 INCH OR MORE:   0

[HDD (BASE 65) ]
TOTAL THIS MO.    11    CLEAR  (SCALE 0-3)  17
DPTR FM NORMAL   -18    PTCLDY (SCALE 4-7)   4
TOTAL FM JUL 1  2873    CLOUDY (SCALE 8-10)  0
DPTR FM NORMAL   -75

[CDD (BASE 65) ]
TOTAL THIS MO.   138
DPTR FM NORMAL    56    [PRESSURE DATA]
TOTAL FM JAN 1   217    HIGHEST SLP M ON M
DPTR FM NORMAL    99    LOWEST  SLP 29.85 ON M

[REMARKS]
