000
CXUS54 KLZK 291330
CF6FLP
PRELIMINARY LOCAL CLIMATOLOGICAL DATA (WS FORM: F-6)

                                          STATION:   Flippin
                                          MONTH:     AUGUST
                                          YEAR:      2014
                                          LATITUDE:   36 17 N
                                          LONGITUDE:  92 28 W

  TEMPERATURE IN F:       :PCPN:    SNOW:  WIND      :SUNSHINE: SKY     :PK WND
================================================================================
1   2   3   4   5  6A  6B    7    8   9   10  11  12  13   14  15   16   17  18
                                     12Z  AVG MX 2MIN
DY MAX MIN AVG DEP HDD CDD  WTR  SNW DPTH SPD SPD DIR MIN PSBL S-S WX    SPD DR
================================================================================

 1  81  64  73   M   0   8 0.00  0.0    0  1.4  5 190   M    M   6         M  M
 2  84  63  74   M   0   9 0.00  0.0    0  0.5  4  40   M    M   3         M  M
 3  86  63  75   M   0  10 0.00  0.0    0  1.3  6 130   M    M   3         M  M
 4  88  63  76   M   0  11 0.00  0.0    0  1.5  6 170   M    M   2         M  M
 5  91  66  79   M   0  14 0.00  0.0    0  3.0  6 220   M    M   0         M  M
 6  91  68  80   M   0  15 0.00  0.0    0  2.2  8 250   M    M   0         M  M
 7  90  72  81   M   0  16 0.45  0.0    0  3.3  8 240   M    M   1 3       M  M
 8  91  72  82   M   0  17 0.00  0.0    0  3.4 10 310   M    M   2         M  M
 9  91  70  81   M   0  16 0.10  0.0    0  1.2  7 320   M    M   1 3       M  M
10  91  66  79   M   0  14 0.00  0.0    0  3.5  9 260   M    M   0         M  M
11  88  72  80   M   0  15 0.00  0.0    0  6.7 13 330   M    M   3        17 300
12  84  63  74   M   0   9 0.00  0.0    0  6.3 14 360   M    M   0        18 330
13  84  55  70   M   0   5 0.00  0.0    0  1.3  6  90   M    M   0         M  M
14  88  57  73   M   0   8 0.00  0.0    0  2.3 10 110   M    M   0         M  M
15  88  61  75   M   0  10 0.00  0.0    0  2.9  9 200   M    M   0         M  M
16  90  70  80   M   0  15 0.00  0.0    0  4.7  9 230   M    M   0         M  M
17  93  73  83   M   0  18 0.13  0.0    0  4.2 12 310   M    M   2 3      17 310
18  91  70  81   M   0  16 0.14  0.0    0  2.1  6 230   M    M   4 3       M  M
19  97  68  83   M   0  18 0.00  0.0    0  4.8 13 230   M    M   0        16 240
20  95  70  83   M   0  18 0.00  0.0    0  5.8 14 220   M    M   0        21 220
21  95  70  83   M   0  18 0.00  0.0    0  5.6 13 210   M    M   0        18 210
22  97  72  85   M   0  20 0.00  0.0    0  4.9 13 200   M    M   0        17 200
23 100  75  88   M   0  23 0.00  0.0    0  5.1 10 230   M    M   0        16 230
24  99  68  84   M   0  19 0.00  0.0    0  2.3  8 210   M    M   0         M  M
25 100  70  85   M   0  20 0.00  0.0    0  1.2  6 120   M    M   0 3       M  M
26  97  70  84   M   0  19 0.00  0.0    0  1.9  9  20   M    M   0         M  M
27  97  70  84   M   0  19 0.00  0.0    0  2.5  8 120   M    M   0        17 120
28  91  66  79   M   0  14 0.00  0.0    0  2.7  8 170   M    M   1         M  M
================================================================================
SM 2558 1887         0 414  0.82     0.0  88.6          M       28
================================================================================
AV 91.4 67.4                               3.2 FASTST   M    M   1    MAX(MPH)
                                 MISC ---->    14   M                 21    M
================================================================================
NOTES:
# LAST OF SEVERAL OCCURRENCES

COLUMN 17 PEAK WIND IN M.P.H.

PRELIMINARY LOCAL CLIMATOLOGICAL DATA (WS FORM: F-6) , PAGE 2

                                          STATION:  Flippin
                                          MONTH:    AUGUST
                                          YEAR:     2014
                                          LATITUDE:   36 17 N
                                          LONGITUDE:  92 28 W

[TEMPERATURE DATA]      [PRECIPITATION DATA]       SYMBOLS USED IN COLUMN 16

AVERAGE MONTHLY: 79.4   TOTAL FOR MONTH:   0.82    1 = FOG OR MIST
DPTR FM NORMAL:     M   DPTR FM NORMAL:       M    2 = FOG REDUCING VISIBILITY
HIGHEST:   100 ON 25,23 GRTST 24HR  0.45 ON  7- 7      TO 1/4 MILE OR LESS
LOWEST:     55 ON 13                               3 = THUNDER
                        SNOW, ICE PELLETS, HAIL    4 = ICE PELLETS
                        TOTAL MONTH:   0.0 INCH    5 = HAIL
                        GRTST 24HR     0.0         6 = FREEZING RAIN OR DRIZZLE
                        GRTST DEPTH:   0           7 = DUSTSTORM OR SANDSTORM:
                                                       VSBY 1/2 MILE OR LESS
                                                   8 = SMOKE OR HAZE
[NO. OF DAYS WITH]      [WEATHER - DAYS WITH]      9 = BLOWING SNOW
                                                   X = TORNADO
MAX 32 OR BELOW:   0    0.01 INCH OR MORE:   4
MAX 90 OR ABOVE:  19    0.10 INCH OR MORE:   4
MIN 32 OR BELOW:   0    0.50 INCH OR MORE:   0
MIN  0 OR BELOW:   0    1.00 INCH OR MORE:   0

[HDD (BASE 65) ]
TOTAL THIS MO.     0    CLEAR  (SCALE 0-3)  25
DPTR FM NORMAL     M    PTCLDY (SCALE 4-7)   3
TOTAL FM JUL 1     0    CLOUDY (SCALE 8-10)  0
DPTR FM NORMAL     M

[CDD (BASE 65) ]
TOTAL THIS MO.   414
DPTR FM NORMAL     M    [PRESSURE DATA]
TOTAL FM JAN 1  1209    HIGHEST SLP M ON M
DPTR FM NORMAL     M    LOWEST  SLP M ON M

[REMARKS]
