191
CXUS54 KTSA 210940
CF6FSM
PRELIMINARY LOCAL CLIMATOLOGICAL DATA (WS FORM: F-6)

                                          STATION:   FORT SMITH ARKANSAS
                                          MONTH:     FEBRUARY
                                          YEAR:      2017
                                          LATITUDE:   35 19 N
                                          LONGITUDE:  94 22 W

  TEMPERATURE IN F:       :PCPN:    SNOW:  WIND      :SUNSHINE: SKY     :PK WND
================================================================================
1   2   3   4   5  6A  6B    7    8   9   10  11  12  13   14  15   16   17  18
                                     12Z  AVG MX 2MIN
DY MAX MIN AVG DEP HDD CDD  WTR  SNW DPTH SPD SPD DIR MIN PSBL S-S WX    SPD DR
================================================================================

 1  72  39  56  15   9   0 0.00  0.0    0  7.1 16  80   M    M   2        22  80
 2  56  41  49   8  16   0 0.00  0.0    0  9.0 20  20   M    M  10        24  40
 3  51  32  42   1  23   0 0.00  0.0    0  6.1 14  30   M    M   4        17  30
 4  42  29  36  -6  29   0 0.00  0.0    0  7.3 14 110   M    M   8        18 110
 5  64  30  47   5  18   0 0.00  0.0    0  5.9 12 140   M    M   5        16 140
 6  73  54  64  22   1   0 0.00  0.0    0 11.0 25 200   M    M   7        37 190
 7  79  56  68  26   0   3 0.00  0.0    0 10.8 24 210   M    M   0        36 210
 8  69  34  52  10  13   0 0.00  0.0    0  9.7 24 340   M    M   0        30 320
 9  53  27  40  -3  25   0 0.00  0.0    0  5.5 10  70   M    M   0 8      13 130
10  72  35  54  11  11   0 0.00  0.0    0  8.2 24 230   M    M   0        33 220
11  85  49  67  24   0   2 0.00  0.0    0  7.5 21 200   M    M   0 18     27 220
12  70  49  60  17   5   0 0.00  0.0    0 11.3 29  40   M    M   1 1      34  20
13  58  42  50   6  15   0    T  0.0    0  7.6 16 110   M    M   7        19  80
14  50  42  46   2  19   0 1.92  0.0    0  8.5 18  70   M    M  10 1      22  50
15  57  35  46   2  19   0 0.00  0.0    0  8.7 15 310   M    M   2        20 290
16  67  30  49   5  16   0 0.00  0.0    0  4.9 14 220   M    M   0        18 210
17  70  35  53   8  12   0 0.02    M    0  5.8 18 190   M    M   2        23 190
18  70  44  57  12   8   0 0.24    M    0  3.6 12  50   M    M   3 18     13  60
19  78  49  64  19   1   0 0.00  0.0    0  7.6 14 140   M    M   4 1      19 130
20  68  57  63  17   2   0 0.25  0.0    0  5.9 22 280   M    M   8 13     27 280
================================================================================
SM 1304  809       242   5  2.43     0.0 152.0          M       73
================================================================================
AV 65.2 40.5                               7.6 FASTST   M    M   4    MAX(MPH)
                                 MISC ---->  # 29  40               # 37  190
================================================================================
NOTES:
# LAST OF SEVERAL OCCURRENCES

COLUMN 17 PEAK WIND IN M.P.H.

PRELIMINARY LOCAL CLIMATOLOGICAL DATA (WS FORM: F-6) , PAGE 2

                                          STATION:  FORT SMITH ARKANSAS
                                          MONTH:    FEBRUARY
                                          YEAR:     2017
                                          LATITUDE:   35 19 N
                                          LONGITUDE:  94 22 W

[TEMPERATURE DATA]      [PRECIPITATION DATA]       SYMBOLS USED IN COLUMN 16

AVERAGE MONTHLY: 52.8   TOTAL FOR MONTH:   2.43    1 = FOG OR MIST
DPTR FM NORMAL:   9.7   DPTR FM NORMAL:    0.50    2 = FOG REDUCING VISIBILITY
HIGHEST:    85 ON 11    GRTST 24HR  1.92 ON 13-14      TO 1/4 MILE OR LESS
LOWEST:     27 ON  9                               3 = THUNDER
                        SNOW, ICE PELLETS, HAIL    4 = ICE PELLETS
                        TOTAL MONTH:   0.0 INCH    5 = HAIL
                        GRTST 24HR     0.0         6 = FREEZING RAIN OR DRIZZLE
                        GRTST DEPTH:   0           7 = DUSTSTORM OR SANDSTORM:
                                                       VSBY 1/2 MILE OR LESS
                                                   8 = SMOKE OR HAZE
[NO. OF DAYS WITH]      [WEATHER - DAYS WITH]      9 = BLOWING SNOW
                                                   X = TORNADO
MAX 32 OR BELOW:   0    0.01 INCH OR MORE:   4
MAX 90 OR ABOVE:   0    0.10 INCH OR MORE:   3
MIN 32 OR BELOW:   5    0.50 INCH OR MORE:   1
MIN  0 OR BELOW:   0    1.00 INCH OR MORE:   1

[HDD (BASE 65) ]
TOTAL THIS MO.   242    CLEAR  (SCALE 0-3)  11
DPTR FM NORMAL  -197    PTCLDY (SCALE 4-7)   6
TOTAL FM JUL 1  1842    CLOUDY (SCALE 8-10)  3
DPTR FM NORMAL  -688

[CDD (BASE 65) ]
TOTAL THIS MO.     5
DPTR FM NORMAL     5    [PRESSURE DATA]
TOTAL FM JAN 1     5    HIGHEST SLP M ON M
DPTR FM NORMAL     5    LOWEST  SLP 29.49 ON  7

[REMARKS]
