000
CXUS52 KFFC 231110
CF6FTY
PRELIMINARY LOCAL CLIMATOLOGICAL DATA (WS FORM: F-6)

                                          STATION:   FULTON COUNTY AIRPORT
                                          MONTH:     MARCH
                                          YEAR:      2017
                                          LATITUDE:   33 46 N
                                          LONGITUDE:  84 31 W

  TEMPERATURE IN F:       :PCPN:    SNOW:  WIND      :SUNSHINE: SKY     :PK WND
================================================================================
1   2   3   4   5  6A  6B    7    8   9   10  11  12  13   14  15   16   17  18
                                     12Z  AVG MX 2MIN
DY MAX MIN AVG DEP HDD CDD  WTR  SNW DPTH SPD SPD DIR MIN PSBL S-S WX    SPD DR
================================================================================

 1  79  55  67  17   0   2 0.53  0.0    0 10.0 38 300   M    M   8 13     53 330
 2  60  38  49  -1  16   0 0.00  0.0    0  9.5 21 310   M    M   1        30 310
 3  57  33  45  -5  20   0 0.00  0.0    0  6.2 22 300   M    M   0        34 310
 4  64  29  47  -3  18   0 0.00  0.0    0  1.7  9  40   M    M   0        14 140
 5  69  33  51   0  14   0 0.00  0.0    0  3.1 14 150   M    M   1        19 150
 6  71  56  64  13   1   0    T  0.0    0  8.7 18 170   M    M   7        24 130
 7  70  57  64  13   1   0 0.52  0.0    0  9.4 20 290   M    M   7 13     27 290
 8  69  43  56   4   9   0 0.02    M    0  6.5 20 320   M    M   3 1      27 310
 9  76  35  56   4   9   0 0.00  0.0    0  3.0 13 200   M    M   0        17 280
10  71  47  59   7   6   0 0.30    M    0 10.0 29 310   M    M   3 13     41 300
11  58  38  48  -4  17   0 0.13    M    0  4.1 14 310   M    M   5 1      16 310
12  45  35  40 -13  25   0 0.16    M    0  5.5 15  80   M    M   8 1      18  70
13  43  36  40 -13  25   0 0.09    M    0  8.1 16  80   M    M  10 18     23 100
14  45  31  38 -15  27   0    T    M    0 12.0 23 290   M    M   9        32 280
15  42  28  35 -18  30   0 0.00  0.0    0 10.4 20 320   M    M   2        29  10
16  54  26  40 -14  25   0 0.00  0.0    0  5.0 15 300   M    M   0        21 290
17  69  31  50  -4  15   0 0.00  0.0    0  3.0 14 200   M    M   7        20 200
18  71  54  63   9   2   0 0.09  0.0    0  9.1 22 350   M    M   6 1      35 360
19  63  42  53  -2  12   0 0.00  0.0    0  8.1 18 320   M    M   0        26 300
20  77  36  57   2   8   0 0.00  0.0    0  2.8 12 280   M    M   1        16 300
21  86  58  72  17   0   7 0.13  0.0    0  7.4 32 340   M    M   2 3      46 340
22  67  45  56   1   9   0    T    M    0  5.5 15 350   M    M   0        22 300
================================================================================
SM 1406  886       289   9  1.97     0.0 149.1          M       80
================================================================================
AV 63.9 40.3                               6.8 FASTST   M    M   4    MAX(MPH)
                                 MISC ---->  # 38 300               # 53  330
================================================================================
NOTES:
# LAST OF SEVERAL OCCURRENCES

COLUMN 17 PEAK WIND IN M.P.H.

PRELIMINARY LOCAL CLIMATOLOGICAL DATA (WS FORM: F-6) , PAGE 2

                                          STATION:  FULTON COUNTY AIRPORT
                                          MONTH:    MARCH
                                          YEAR:     2017
                                          LATITUDE:   33 46 N
                                          LONGITUDE:  84 31 W

[TEMPERATURE DATA]      [PRECIPITATION DATA]       SYMBOLS USED IN COLUMN 16

AVERAGE MONTHLY: 52.1   TOTAL FOR MONTH:   1.97    1 = FOG OR MIST
DPTR FM NORMAL:  -0.4   DPTR FM NORMAL:   -1.56    2 = FOG REDUCING VISIBILITY
HIGHEST:    86 ON 21    GRTST 24HR  0.53 ON  1- 1      TO 1/4 MILE OR LESS
LOWEST:     26 ON 16                               3 = THUNDER
                        SNOW, ICE PELLETS, HAIL    4 = ICE PELLETS
                        TOTAL MONTH:   0.0 INCH    5 = HAIL
                        GRTST 24HR     0.0         6 = FREEZING RAIN OR DRIZZLE
                        GRTST DEPTH:   0           7 = DUSTSTORM OR SANDSTORM:
                                                       VSBY 1/2 MILE OR LESS
                                                   8 = SMOKE OR HAZE
[NO. OF DAYS WITH]      [WEATHER - DAYS WITH]      9 = BLOWING SNOW
                                                   X = TORNADO
MAX 32 OR BELOW:   0    0.01 INCH OR MORE:   9
MAX 90 OR ABOVE:   0    0.10 INCH OR MORE:   6
MIN 32 OR BELOW:   5    0.50 INCH OR MORE:   2
MIN  0 OR BELOW:   0    1.00 INCH OR MORE:   0

[HDD (BASE 65) ]
TOTAL THIS MO.   289    CLEAR  (SCALE 0-3)  12
DPTR FM NORMAL     9    PTCLDY (SCALE 4-7)   8
TOTAL FM JUL 1  1705    CLOUDY (SCALE 8-10)  2
DPTR FM NORMAL  -915

[CDD (BASE 65) ]
TOTAL THIS MO.     9
DPTR FM NORMAL     9    [PRESSURE DATA]
TOTAL FM JAN 1     9    HIGHEST SLP M ON M
DPTR FM NORMAL     9    LOWEST  SLP 29.79 ON 14

[REMARKS]
