000
CXUS52 KFFC 011315
CF6FTY
PRELIMINARY LOCAL CLIMATOLOGICAL DATA (WS FORM: F-6)

                                          STATION:   FULTON COUNTY AIRPORT
                                          MONTH:     SEPTEMBER
                                          YEAR:      2016
                                          LATITUDE:   33 46 N
                                          LONGITUDE:  84 31 W

  TEMPERATURE IN F:       :PCPN:    SNOW:  WIND      :SUNSHINE: SKY     :PK WND
================================================================================
1   2   3   4   5  6A  6B    7    8   9   10  11  12  13   14  15   16   17  18
                                     12Z  AVG MX 2MIN
DY MAX MIN AVG DEP HDD CDD  WTR  SNW DPTH SPD SPD DIR MIN PSBL S-S WX    SPD DR
================================================================================

 1  91  69  80   3   0  15 0.00  0.0    M  3.1 16 150   M    M   2 13     19 160
 2  84  72  78   1   0  13 0.28    M    M  6.7 14  30   M    M   9 13     20  10
 3  82  66  74  -2   0   9 0.00    M    M  3.7 12 150   M    M   6        15 140
 4  87  65  76   0   0  11 0.00    M    M  5.1 14  60   M    M   3        18 110
 5  89  64  77   1   0  12 0.00    M    M  1.6  9 130   M    M   1        11  10
 6  92  63  78   2   0  13 0.00    M    M  1.4  9 310   M    M   1        12 300
 7  93  64  79   4   0  14 0.00  0.0    M  1.4  9 200   M    M   1        12 130
 8  93  67  80   5   0  15 0.00  0.0    M  3.1 12 300   M    M   3        18 310
 9  93  67  80   5   0  15 0.00  0.0    M  2.9 13 320   M    M   1        18 340
10  93  64  79   4   0  14 0.00  0.0    M  3.5 13 210   M    M   2        18 220
11  91  69  80   6   0  15 0.00  0.0    M  3.8 13 320   M    M   2        15 340
12  92  69  81   7   0  16 0.27  0.0    M  2.2 22 140   M    M   1 138    30 140
13  88  67  78   4   0  13 0.00    M    M  4.7 13  70   M    M   1 1      18  70
14  93  69  81   7   0  16 0.00  0.0    M  4.4 15  50   M    M   1        18  60
15  94  66  80   7   0  15 0.00  0.0    M  2.6 10 100   M    M   1        13 130
16  90  67  79   6   0  14 0.00  0.0    M  5.4 15  80   M    M   1        20  70
17   M   M   M   M   M   M 0.00  0.0    M   M   M   M   0    0   0         0   0
18   M   M   M   M   M   M    M  0.0    M   M   M   M   M    M   6 3       M  M
19   M   M   M   M   M   M 0.00  0.0    M   M  12 320   M    M   1         M  M
20  90  66  78   6   0  13 0.00  0.0    M  2.3 12  50   M    M   2        16  60
21  90  67  79   8   0  14 0.00  0.0    M  2.2 13  10   M    M   3        17  20
22  90  65  78   7   0  13 0.00  0.0    M  2.6 13 290   M    M   0        19 290
23  90  66  78   7   0  13 0.00    M    M  2.0 13 350   M    M   1        17  20
24  92  66  79   9   0  14 0.00    M    M  1.2  8  20   M    M   0        12  40
25  92  65  79   9   0  14 0.00    M    M  2.1 10 160   M    M   0        14 160
26  88  66  77   7   0  12 0.00  0.0    M  2.8 13 320   M    M   1        17 150
27  88  67  78   9   0  13 1.36    M    M  2.2 20 350   M    M   3 13     28 360
28  86  60  73   4   0   8 0.00    M    M  2.3 13 250   M    M   0 12     17 270
29  77  57  67  -1   0   2 0.00    M    M  4.9 16 300   M    M   0        21 300
30  74  53  64  -4   1   0 0.00    M    M  3.0 13 330   M    M   1        16 300
================================================================================
SM 2402 1766         1 336  1.91     0.0  83.2            0     54
================================================================================
AV 89.0 65.4                               3.1 FASTST    0   0   2    MAX(MPH)
                                 MISC ---->  # 22 140               # 30  140
================================================================================
NOTES:
# LAST OF SEVERAL OCCURRENCES

COLUMN 17 PEAK WIND IN M.P.H.

PRELIMINARY LOCAL CLIMATOLOGICAL DATA (WS FORM: F-6) , PAGE 2

                                          STATION:  FULTON COUNTY AIRPORT
                                          MONTH:    SEPTEMBER
                                          YEAR:     2016
                                          LATITUDE:   33 46 N
                                          LONGITUDE:  84 31 W

[TEMPERATURE DATA]      [PRECIPITATION DATA]       SYMBOLS USED IN COLUMN 16

AVERAGE MONTHLY: 77.2   TOTAL FOR MONTH:   1.91    1 = FOG OR MIST
DPTR FM NORMAL:   4.3   DPTR FM NORMAL:   -2.07    2 = FOG REDUCING VISIBILITY
HIGHEST:    94 ON 15    GRTST 24HR  1.36 ON 27-27      TO 1/4 MILE OR LESS
LOWEST:     53 ON 30                               3 = THUNDER
                        SNOW, ICE PELLETS, HAIL    4 = ICE PELLETS
                        TOTAL MONTH:   0.0 INCH    5 = HAIL
                        GRTST 24HR     0.0         6 = FREEZING RAIN OR DRIZZLE
                        GRTST DEPTH:  M  ON   M    7 = DUSTSTORM OR SANDSTORM:
                                                       VSBY 1/2 MILE OR LESS
                                                   8 = SMOKE OR HAZE
[NO. OF DAYS WITH]      [WEATHER - DAYS WITH]      9 = BLOWING SNOW
                                                   X = TORNADO
MAX 32 OR BELOW:   0    0.01 INCH OR MORE:   3
MAX 90 OR ABOVE:  17    0.10 INCH OR MORE:   3
MIN 32 OR BELOW:   0    0.50 INCH OR MORE:   1
MIN  0 OR BELOW:   0    1.00 INCH OR MORE:   1

[HDD (BASE 65) ]
TOTAL THIS MO.     1    CLEAR  (SCALE 0-3)  26
DPTR FM NORMAL    -9    PTCLDY (SCALE 4-7)   3
TOTAL FM JUL 1     1    CLOUDY (SCALE 8-10)  1
DPTR FM NORMAL    -9

[CDD (BASE 65) ]
TOTAL THIS MO.   336
DPTR FM NORMAL    92    [PRESSURE DATA]
TOTAL FM JAN 1  2087    HIGHEST SLP 30.25 ON  6
DPTR FM NORMAL   406    LOWEST  SLP 29.79 ON  2

[REMARKS]
#FINAL-09-16#
