000
CXUS56 KSGX 261447
CF6FUL

PRELIMINARY LOCAL CLIMATOLOGICAL DATA (WS FORM: F-6)

                                          STATION:   FULLERTON AIRPORT CA
                                          MONTH:     DECEMBER
                                          YEAR:      2014
                                          LATITUDE:   33 52 N
                                          LONGITUDE: 117 58 W

  TEMPERATURE IN F:       :PCPN:    SNOW:  WIND      :SUNSHINE: SKY     :PK WND
================================================================================
1   2   3   4   5  6A  6B    7    8   9   10  11  12  13   14  15   16   17  18
                                     12Z  AVG MX 2MIN
DY MAX MIN AVG DEP HDD CDD  WTR  SNW DPTH SPD SPD DIR MIN PSBL S-S WX    SPD DR
================================================================================

 1  71  56  64   7   1   0 0.01  0.0    0  1.9  8  70   M    M   0 1      11  60
 2  64  58  61   4   4   0 0.85  0.0    0  6.0 20  80   M    M   9 1      24  80
 3  69  60  65   8   0   0 0.72  0.0    0  3.3  9  80   M    M  10 1      10  70
 4  71  59  65   8   0   0    T  0.0    0  1.6  9 210   M    M   6 1      11 210
 5  70  56  63   6   2   0 0.00  0.0    0  0.8  8 210   M    M   1 18     10 220
 6  74  56  65   8   0   0 0.00  0.0    0  1.5  8 280   M    M   1 18     12 270
 7  76  53  65   9   0   0 0.00  0.0    0  2.3  9 300   M    M   0        12 300
 8  81  53  67  11   0   2 0.00  0.0    0  1.7 10 210   M    M   0        12 210
 9  78  51  65   9   0   0 0.00  0.0    0  2.3  9 200   M    M   0 1      13 210
10  71  52  62   6   3   0 0.00  0.0    0  1.9  7  90   M    M   4 18      9 220
11  68  59  64   8   1   0    T  0.0    0  6.6 14 110   M    M   7 18     19 100
12  65  52  59   3   6   0 1.18  0.0    0  6.2 21 140   M    M   7 1      32 140
13  66  48  57   1   8   0    T    M    0  2.5  9 190   M    M   0        12 190
14  67  46  57   1   8   0 0.00  0.0    0  2.7  8 230   M    M   0        14  20
15  66  46  56   0   9   0 0.00  0.0    0  2.2  9 150   M    M   1        13 120
16  63  55  59   3   6   0 0.09  0.0    0  4.6 10  80   M    M   9        12 140
17  66  52  59   3   6   0 0.24  0.0    0  3.5 15 290   M    M   6 1      24 290
18  65  48  57   1   8   0    T    M    0  2.9  9  80   M    M   5        11 190
19  68  48  58   2   7   0 0.00  0.0    0  2.0  7 290   M    M   0        12 280
20  65  49  57   1   8   0 0.00  0.0    0  1.6  8  90   M    M   3 18     10  10
21  69  50  60   4   5   0 0.00  0.0    0  1.9  8 210   M    M   0 18      9 200
22  76  48  62   6   3   0 0.00  0.0    0  1.2  9 220   M    M   0 18     12 220
23  85  48  67  11   0   2 0.00  0.0    0  1.6  8 210   M    M   1 128    10 300
24  76  50  63   7   2   0 0.00  0.0    0  1.3  9 220   M    M   0        12 220
25  68  45  57   1   8   0 0.00  0.0    0  3.9 13 320   M    M   2        21 310
================================================================================
SM 1758 1298        95   4  3.09     0.0  68.0          M       72
================================================================================
AV 70.3 51.9                               2.7 FASTST   M    M   3    MAX(MPH)
                                 MISC ---->  # 21 140               # 32  140
================================================================================
NOTES:
# LAST OF SEVERAL OCCURRENCES

COLUMN 17 PEAK WIND IN M.P.H.

PRELIMINARY LOCAL CLIMATOLOGICAL DATA (WS FORM: F-6) , PAGE 2

                                          STATION:  FULLERTON AIRPORT CA
                                          MONTH:    DECEMBER
                                          YEAR:     2014
                                          LATITUDE:   33 52 N
                                          LONGITUDE: 117 58 W

[TEMPERATURE DATA]      [PRECIPITATION DATA]       SYMBOLS USED IN COLUMN 16

AVERAGE MONTHLY: 61.1   TOTAL FOR MONTH:   3.09    1 = FOG OR MIST
DPTR FM NORMAL:   4.9   DPTR FM NORMAL:    1.81    2 = FOG REDUCING VISIBILITY
HIGHEST:    85 ON 23    GRTST 24HR  1.18 ON 12-12      TO 1/4 MILE OR LESS
LOWEST:     45 ON 25                               3 = THUNDER
                        SNOW, ICE PELLETS, HAIL    4 = ICE PELLETS
                        TOTAL MONTH:   0.0 INCH    5 = HAIL
                        GRTST 24HR     0.0         6 = FREEZING RAIN OR DRIZZLE
                        GRTST DEPTH:   0           7 = DUSTSTORM OR SANDSTORM:
                                                       VSBY 1/2 MILE OR LESS
                                                   8 = SMOKE OR HAZE
[NO. OF DAYS WITH]      [WEATHER - DAYS WITH]      9 = BLOWING SNOW
                                                   X = TORNADO
MAX 32 OR BELOW:   0    0.01 INCH OR MORE:   6
MAX 90 OR ABOVE:   0    0.10 INCH OR MORE:   4
MIN 32 OR BELOW:   0    0.50 INCH OR MORE:   3
MIN  0 OR BELOW:   0    1.00 INCH OR MORE:   1

[HDD (BASE 65) ]
TOTAL THIS MO.    95    CLEAR  (SCALE 0-3)  15
DPTR FM NORMAL  -124    PTCLDY (SCALE 4-7)   7
TOTAL FM JUL 1   119    CLOUDY (SCALE 8-10)  3
DPTR FM NORMAL  -264

[CDD (BASE 65) ]
TOTAL THIS MO.     4
DPTR FM NORMAL     4    [PRESSURE DATA]
TOTAL FM JAN 1  2113    HIGHEST SLP M ON M
DPTR FM NORMAL   862    LOWEST  SLP 29.76 ON 25

[REMARKS]
