000
CXUS53 KIWX 220800
CF6FWA
PRELIMINARY LOCAL CLIMATOLOGICAL DATA (WS FORM: F-6)

                                          STATION:   FORT WAYNE
                                          MONTH:     JULY
                                          YEAR:      2017
                                          LATITUDE:   41  0 N
                                          LONGITUDE:  85 12 W

  TEMPERATURE IN F:       :PCPN:    SNOW:  WIND      :SUNSHINE: SKY     :PK WND
================================================================================
1   2   3   4   5  6A  6B    7    8   9   10  11  12  13   14  15   16   17  18
                                     12Z  AVG MX 2MIN
DY MAX MIN AVG DEP HDD CDD  WTR  SNW DPTH SPD SPD DIR MIN PSBL S-S WX    SPD DR
================================================================================

 1  82  65  74   0   0   9 0.00  0.0    0 10.4 18 270   M    M   7 1      25 310
 2  83  62  73  -1   0   8 0.02  0.0    0  7.1 25 300   M    M   3        34 290
 3  87  65  76   2   0  11 0.31  0.0    0  5.6 32 290   M    M   7 13     37 280
 4  82  65  74   0   0   9 0.00  0.0    0  9.6 17 100   M    M   6 13     21 100
 5  86  60  73  -1   0   8 0.00  0.0    0  4.5 10  80   M    M   5        14  80
 6  82  68  75   1   0  10 0.00  0.0    0  6.2 14 200   M    M   7 8      16 190
 7  79  66  73  -1   0   8 1.00  0.0    0 10.1 30 280   M    M   6 13     36 280
 8  78  58  68  -6   0   3 0.00  0.0    0  8.5 16 280   M    M   2        21 290
 9  80  52  66  -8   0   1 0.00  0.0    0  5.3 14 230   M    M   3        17 230
10  83  66  75   1   0  10 1.89  0.0    0  8.3 31 210   M    M   9 135    42 220
11  80  68  74   0   0   9 0.00  0.0    0 10.4 26 230   M    M   8        31 230
12  84  73  79   5   0  14 0.01  0.0    0 10.4 20 230   M    M   9        26 240
13  87  71  79   5   0  14 0.02  0.0    0  9.3 18 260   M    M   9 3      23 250
14  82  62  72  -2   0   7 0.00  0.0    0  7.8 20 320   M    M   5        25 320
15  80  59  70  -4   0   5 0.00  0.0    0  4.5  9 300   M    M   5 1      12 350
16  86  63  75   1   0  10 0.00  0.0    0  7.4 18 260   M    M   4 1      23 260
17  84  63  74   0   0   9 0.00  0.0    0  5.5 12  80   M    M   4 1      14  80
18  90  65  78   4   0  13 0.00  0.0    0  3.2  9  90   M    M   3        11 280
19  89  65  77   3   0  12 0.00  0.0    0  5.4 12 260   M    M   3 1      15 240
20  88  71  80   6   0  15 0.02  0.0    0  6.4 26 220   M    M   9 3      32 250
21  88  73  81   7   0  16    T  0.0    0  5.0 15 230   M    M   7 1      17 240
================================================================================
SM 1760 1360         0 201  3.27     0.0 150.9          M      121
================================================================================
AV 83.8 64.8                               7.2 FASTST   M    M   6    MAX(MPH)
                                 MISC ---->  # 32 290               # 42  220
================================================================================
NOTES:
# LAST OF SEVERAL OCCURRENCES

COLUMN 17 PEAK WIND IN M.P.H.

PRELIMINARY LOCAL CLIMATOLOGICAL DATA (WS FORM: F-6) , PAGE 2

                                          STATION:  FORT WAYNE
                                          MONTH:    JULY
                                          YEAR:     2017
                                          LATITUDE:   41  0 N
                                          LONGITUDE:  85 12 W

[TEMPERATURE DATA]      [PRECIPITATION DATA]       SYMBOLS USED IN COLUMN 16

AVERAGE MONTHLY: 74.3   TOTAL FOR MONTH:   3.27    1 = FOG OR MIST
DPTR FM NORMAL:   0.3   DPTR FM NORMAL:    0.37    2 = FOG REDUCING VISIBILITY
HIGHEST:    90 ON 18    GRTST 24HR  3.01 ON 30- 1      TO 1/4 MILE OR LESS
LOWEST:     52 ON  9                               3 = THUNDER
                        SNOW, ICE PELLETS, HAIL    4 = ICE PELLETS
                        TOTAL MONTH:   0.0 INCH    5 = HAIL
                        GRTST 24HR     0.0         6 = FREEZING RAIN OR DRIZZLE
                        GRTST DEPTH:   0           7 = DUSTSTORM OR SANDSTORM:
                                                       VSBY 1/2 MILE OR LESS
                                                   8 = SMOKE OR HAZE
[NO. OF DAYS WITH]      [WEATHER - DAYS WITH]      9 = BLOWING SNOW
                                                   X = TORNADO
MAX 32 OR BELOW:   0    0.01 INCH OR MORE:   7
MAX 90 OR ABOVE:   1    0.10 INCH OR MORE:   3
MIN 32 OR BELOW:   0    0.50 INCH OR MORE:   2
MIN  0 OR BELOW:   0    1.00 INCH OR MORE:   2

[HDD (BASE 65) ]
TOTAL THIS MO.     0    CLEAR  (SCALE 0-3)   2
DPTR FM NORMAL     0    PTCLDY (SCALE 4-7)  15
TOTAL FM JUL 1     0    CLOUDY (SCALE 8-10)  4
DPTR FM NORMAL     0

[CDD (BASE 65) ]
TOTAL THIS MO.   201
DPTR FM NORMAL    12    [PRESSURE DATA]
TOTAL FM JAN 1   480    HIGHEST SLP M ON M
DPTR FM NORMAL    52    LOWEST  SLP 29.80 ON  7

[REMARKS]
