000
CXUS54 KBMX 181216
CF6GAD
PRELIMINARY LOCAL CLIMATOLOGICAL DATA (WS FORM: F-6)

                                          STATION:   GADSDEN
                                          MONTH:     DECEMBER
                                          YEAR:      2014
                                          LATITUDE:   33 58 N
                                          LONGITUDE:  86  5 W

  TEMPERATURE IN F:       :PCPN:    SNOW:  WIND      :SUNSHINE: SKY     :PK WND
================================================================================
1   2   3   4   5  6A  6B    7    8   9   10  11  12  13   14  15   16   17  18
                                     12Z  AVG MX 2MIN
DY MAX MIN AVG DEP HDD CDD  WTR  SNW DPTH SPD SPD DIR MIN PSBL S-S WX    SPD DR
================================================================================

 1  72  43  58   M   7   0 0.00  0.0    0  1.4  7 200   M    M   6         M  M
 2  70  45  58   M   7   0 0.00  0.0    0  0.9  8 240   M    M   9         M  M
 3  66  46  56   M   9   0 0.00  0.0    0  0.2  6  10   M    M   4         M  M
 4  70  48  59   M   6   0 0.00  0.0    0  1.9  6  80   M    M   4         M  M
 5  70  48  59   M   6   0 0.21  0.0    0  6.5 12 150   M    M   7         M  M
 6  68  48  58   M   7   0 1.57  0.0    0  9.5 16 320   M    M  10        22 300
 7  57  41  49   M  16   0 0.00  0.0    0 10.2 16  10   M    M   3        23  20
 8  52  32  42   M  23   0 0.00  0.0    0  3.9 13  90   M    M   3         M  M
 9  59  30  45   M  20   0 0.00  0.0    0  7.1 20 340   M    M   4        29 340
10  46  27  37   M  28   0 0.00  0.0    0  5.6 13 340   M    M   4        16 350
11  48  23  36   M  29   0 0.00  0.0    0  3.1 10 340   M    M   0         M  M
12  57  23  40   M  25   0 0.00  0.0    0  2.1 10 360   M    M   0         M  M
13  54  25  40   M  25   0 0.00  0.0    0  3.3 12 320   M    M   0         M  M
14  54  28  41   M  24   0 0.00  0.0    0  4.1  9  20   M    M   2         M  M
15  57  25  41   M  24   0 0.25  0.0    0  1.3  6  50   M    M   5 1       M  M
16  55  34  45   M  20   0 0.10  0.0    0  7.1 18 260   M    M   5        22 260
17  48  34  41   M  24   0 0.00  0.0    0  2.9  9  10   M    M   5         M  M
================================================================================
SM 1003  600       300   0  2.13     0.0  71.1          M       71
================================================================================
AV 59.0 35.3                               4.2 FASTST   M    M   4    MAX(MPH)
                                 MISC ---->    20   M                 29    M
================================================================================
NOTES:
# LAST OF SEVERAL OCCURRENCES

COLUMN 17 PEAK WIND IN M.P.H.

PRELIMINARY LOCAL CLIMATOLOGICAL DATA (WS FORM: F-6) , PAGE 2

                                          STATION:  GADSDEN
                                          MONTH:    DECEMBER
                                          YEAR:     2014
                                          LATITUDE:   33 58 N
                                          LONGITUDE:  86  5 W

[TEMPERATURE DATA]      [PRECIPITATION DATA]       SYMBOLS USED IN COLUMN 16

AVERAGE MONTHLY: 47.1   TOTAL FOR MONTH:   2.13    1 = FOG OR MIST
DPTR FM NORMAL:     M   DPTR FM NORMAL:       M    2 = FOG REDUCING VISIBILITY
HIGHEST:    72 ON  1    GRTST 24HR  1.57 ON  6- 6      TO 1/4 MILE OR LESS
LOWEST:     23 ON 12,11                            3 = THUNDER
                        SNOW, ICE PELLETS, HAIL    4 = ICE PELLETS
                        TOTAL MONTH:   0.0 INCH    5 = HAIL
                        GRTST 24HR     0.0         6 = FREEZING RAIN OR DRIZZLE
                        GRTST DEPTH:   0           7 = DUSTSTORM OR SANDSTORM:
                                                       VSBY 1/2 MILE OR LESS
                                                   8 = SMOKE OR HAZE
[NO. OF DAYS WITH]      [WEATHER - DAYS WITH]      9 = BLOWING SNOW
                                                   X = TORNADO
MAX 32 OR BELOW:   0    0.01 INCH OR MORE:   4
MAX 90 OR ABOVE:   0    0.10 INCH OR MORE:   4
MIN 32 OR BELOW:   8    0.50 INCH OR MORE:   1
MIN  0 OR BELOW:   0    1.00 INCH OR MORE:   1

[HDD (BASE 65) ]
TOTAL THIS MO.   300    CLEAR  (SCALE 0-3)   6
DPTR FM NORMAL     M    PTCLDY (SCALE 4-7)   9
TOTAL FM JUL 1  1028    CLOUDY (SCALE 8-10)  2
DPTR FM NORMAL     M

[CDD (BASE 65) ]
TOTAL THIS MO.     0
DPTR FM NORMAL     M    [PRESSURE DATA]
TOTAL FM JAN 1  2081    HIGHEST SLP M ON M
DPTR FM NORMAL     M    LOWEST  SLP M ON M

[REMARKS]
