000
CXUS56 KFGZ 280900
CF6GCN
PRELIMINARY LOCAL CLIMATOLOGICAL DATA (WS FORM: F-6)

                                          STATION:   GRAND CANYON AZ AIRPORT
                                          MONTH:     AUGUST
                                          YEAR:      2015
                                          LATITUDE:   35 57 N
                                          LONGITUDE: 112  9 W

  TEMPERATURE IN F:       :PCPN:    SNOW:  WIND      :SUNSHINE: SKY     :PK WND
================================================================================
1   2   3   4   5  6A  6B    7    8   9   10  11  12  13   14  15   16   17  18
                                     12Z  AVG MX 2MIN
DY MAX MIN AVG DEP HDD CDD  WTR  SNW DPTH SPD SPD DIR MIN PSBL S-S WX    SPD DR
================================================================================

 1  74  59  67   1   0   2 0.06    M    M  2.6  9 350   M    M   7 13     13 120
 2  80  52  66   0   0   1 0.03    M    M  2.8 15 230   M    M   5 3      19 250
 3  87  45  66   0   0   1 0.00    M    M  5.3 20 230   M    M   2 1      28 220
 4  88  43  66   0   0   1 0.00    M    M  4.9 20 220   M    M   0        33 220
 5   M  41   M   M   M   M 0.00    M    M   M   M   M   M    M   0         M  M
 6   M   M   M   M   M   M 0.01    M    M   M   M   M   M    M   3         M  M
 7  72  56  64  -2   1   0 0.95    M    M  5.9 31 240   M    M   8 13     50 260
 8  78  51  65  -1   0   0 0.12    M    M  5.9 20 210   M    M   3 3      25 220
 9  79  49  64  -2   1   0    T    M    M  3.6 17 110   M    M   3 3      23 110
10  78  48  63  -3   2   0    T    M    M  3.1 15 170   M    M   4 3      20  90
11  68  55  62  -3   3   0 0.57    M    M  4.8 17  70   M    M   7 138    26  80
12  77  56  67   2   0   2 0.07    M    M  5.2 13 220   M    M   4        20 160
13  85  51  68   3   0   3 0.02    M    M  3.2 15 210   M    M   2 3      20 220
14  85  49  67   2   0   2 0.00  0.0    0  4.0 20 200   M    M   1        29 210
15  87  53  70   5   0   5 0.00    M    M  2.4 14 260   M    M   0        21 270
16  88  52  70   5   0   5 0.00    M    M  3.5 18 250   M    M   0        27 230
17  89  48  69   4   0   4 0.00    M    M  6.3 20 240   M    M   0        27 250
18  88  48  68   4   0   3 0.00  0.0    0  5.6 22 250   M    M   0        28 260
19  87  44  66   2   0   1 0.00    M    M  4.3 16 250   M    M   0        27 260
20  87  45  66   2   0   1 0.00    M    M  5.7 24 220   M    M   0 38     32 220
21  84  43  64   0   1   0 0.00    M    M  8.1 23 220   M    M   0        32 220
22  85  48  67   3   0   2 0.00    M    M  4.6 16 220   M    M   1        26 290
23  88  46  67   4   0   2 0.00    M    M  4.3 20 230   M    M   1 3      25 230
24  87  46  67   4   0   2 0.00    M    M  3.0 15  60   M    M   2 3      22  70
25  81  50  66   3   0   1 0.03    M    M  5.3 22 200   M    M   4 3      29 210
26  76  51  64   1   1   0 0.12    M    M  4.3 15 240   M    M   7 13     21 240
27  82  46  64   1   1   0 0.00    M    M  3.1 15 330   M    M   0 1      22 340
================================================================================
SM 2060 1275        10  38  1.98     0.0 111.8          M       64
================================================================================
AV 82.4 49.0                               4.5 FASTST   M    M   2    MAX(MPH)
                                 MISC ---->  # 31 240               # 50  260
================================================================================
NOTES:
# LAST OF SEVERAL OCCURRENCES

COLUMN 17 PEAK WIND IN M.P.H.

PRELIMINARY LOCAL CLIMATOLOGICAL DATA (WS FORM: F-6) , PAGE 2

                                          STATION:  GRAND CANYON AZ AIRPORT
                                          MONTH:    AUGUST
                                          YEAR:     2015
                                          LATITUDE:   35 57 N
                                          LONGITUDE: 112  9 W

[TEMPERATURE DATA]      [PRECIPITATION DATA]       SYMBOLS USED IN COLUMN 16

AVERAGE MONTHLY: 65.7   TOTAL FOR MONTH:   1.98    1 = FOG OR MIST
DPTR FM NORMAL:   0.9   DPTR FM NORMAL:   -0.18    2 = FOG REDUCING VISIBILITY
HIGHEST:    89 ON 17    GRTST 24HR  0.95 ON  7- 7      TO 1/4 MILE OR LESS
LOWEST:     41 ON  5                               3 = THUNDER
                        SNOW, ICE PELLETS, HAIL    4 = ICE PELLETS
                        TOTAL MONTH:   0.0 INCH    5 = HAIL
                        GRTST 24HR     0.0         6 = FREEZING RAIN OR DRIZZLE
                        GRTST DEPTH:   0           7 = DUSTSTORM OR SANDSTORM:
                                                       VSBY 1/2 MILE OR LESS
                                                   8 = SMOKE OR HAZE
[NO. OF DAYS WITH]      [WEATHER - DAYS WITH]      9 = BLOWING SNOW
                                                   X = TORNADO
MAX 32 OR BELOW:   0    0.01 INCH OR MORE:  10
MAX 90 OR ABOVE:   0    0.10 INCH OR MORE:   4
MIN 32 OR BELOW:   0    0.50 INCH OR MORE:   2
MIN  0 OR BELOW:   0    1.00 INCH OR MORE:   0

[HDD (BASE 65) ]
TOTAL THIS MO.    10    CLEAR  (SCALE 0-3)  19
DPTR FM NORMAL   -29    PTCLDY (SCALE 4-7)   8
TOTAL FM JUL 1    53    CLOUDY (SCALE 8-10)  0
DPTR FM NORMAL   -22

[CDD (BASE 65) ]
TOTAL THIS MO.    38
DPTR FM NORMAL     4    [PRESSURE DATA]
TOTAL FM JAN 1   100    HIGHEST SLP M ON M
DPTR FM NORMAL    12    LOWEST  SLP 29.80 ON 18

[REMARKS]
