000
CXUS56 KFGZ 280900
CF6GCN
PRELIMINARY LOCAL CLIMATOLOGICAL DATA (WS FORM: F-6)

                                          STATION:   GRAND CANYON AZ AIRPORT
                                          MONTH:     JULY
                                          YEAR:      2015
                                          LATITUDE:   35 57 N
                                          LONGITUDE: 112  9 W

  TEMPERATURE IN F:       :PCPN:    SNOW:  WIND      :SUNSHINE: SKY     :PK WND
================================================================================
1   2   3   4   5  6A  6B    7    8   9   10  11  12  13   14  15   16   17  18
                                     12Z  AVG MX 2MIN
DY MAX MIN AVG DEP HDD CDD  WTR  SNW DPTH SPD SPD DIR MIN PSBL S-S WX    SPD DR
================================================================================

 1  92  55  74  11   0   9 0.26    M    M  4.1 23 180   M    M   2 13     30 180
 2   M   M   M   M   M   M 0.00    M    M  5.5 14 220   M    M   1 3      21 200
 3   M   M   M   M   M   M    T    M    M  6.7 12 350   M    M   1 3      17 310
 4  80  59  70   6   0   5 0.01    M    M  4.2 15 250   M    M   7        21 260
 5  81  52  67   3   0   2 0.08    M    M  4.5 29 210   M    M   3 13     38 210
 6  78  50  64   0   1   0 0.00    M    M  4.2 17 270   M    M   3 3      29 280
 7  79  44  62  -3   3   0    T    M    M  5.6 18 230   M    M   3 3      25 350
 8  79  45  62  -3   3   0 0.15    M    M  7.6 29 210   M    M   1 3      37 210
 9  77  41  59  -6   6   0 0.00    M    M 10.8 25 210   M    M   1        35 210
10  76  36  56  -9   9   0 0.00  0.0    0  7.7 23 210   M    M   1 8      32 240
11  80  46  63  -2   2   0 0.04    M    M  8.2 25 220   M    M   3 138    34 220
12  84  40  62  -3   3   0 0.00    M    M  8.9 24 230   M    M   0        36 230
13  85  44  65  -1   0   0 0.00    M    M  5.8 21 210   M    M   1 38     26 220
14  84  48  66   0   0   1    T    M    M  6.0 21 180   M    M   2 38     28 180
15  84  43  64  -2   1   0 0.00    M    M  7.8 24 220   M    M   3        35 230
16  85  43  64  -2   1   0    T    M    M  5.8 33 170   M    M   2        41 160
17  85  43  64  -2   1   0 0.00    M    M  8.5 24 230   M    M   1        31 240
18  80  52  66   0   0   1 0.58    M    M  6.2 21 230   M    M   5 13     26 210
19  73  54  64  -2   1   0 0.01    M    M  2.5 12 230   M    M   5        14 240
20  72  51  62  -4   3   0 0.06    M    M  3.1 15 270   M    M   7 1      27 280
21  80  47  64  -2   1   0 0.00    M    M  5.2 20 230   M    M   2        25 230
22  83  45  64  -2   1   0 0.00    M    M  8.5 28 220   M    M   1        33 210
23  83  47  65  -1   0   0 0.00    M    M  6.8 21 220   M    M   0        28 230
24  84  43  64  -3   1   0 0.00    M    M  4.2 20 230   M    M   0        25 250
25  86  41  64  -3   1   0 0.00    M    M  4.6 17 230   M    M   0        24 240
26  87  43  65  -2   0   0 0.00    M    M  5.8 22 230   M    M   2        33 210
27  86  40  63  -4   2   0 0.00    M    M  8.9 25 220   M    M   0        35 250
================================================================================
SM 2043 1152        40  18  1.19     0.0 167.7          M       57
================================================================================
AV 81.7 46.1                               6.2 FASTST   M    M   2    MAX(MPH)
                                 MISC ---->  # 33 170               # 41  160
================================================================================
NOTES:
# LAST OF SEVERAL OCCURRENCES

COLUMN 17 PEAK WIND IN M.P.H.

PRELIMINARY LOCAL CLIMATOLOGICAL DATA (WS FORM: F-6) , PAGE 2

                                          STATION:  GRAND CANYON AZ AIRPORT
                                          MONTH:    JULY
                                          YEAR:     2015
                                          LATITUDE:   35 57 N
                                          LONGITUDE: 112  9 W

[TEMPERATURE DATA]      [PRECIPITATION DATA]       SYMBOLS USED IN COLUMN 16

AVERAGE MONTHLY: 63.9   TOTAL FOR MONTH:   1.19    1 = FOG OR MIST
DPTR FM NORMAL:  -1.5   DPTR FM NORMAL:   -0.24    2 = FOG REDUCING VISIBILITY
HIGHEST:    92 ON  1    GRTST 24HR  0.59 ON 18-19      TO 1/4 MILE OR LESS
LOWEST:     36 ON 10                               3 = THUNDER
                        SNOW, ICE PELLETS, HAIL    4 = ICE PELLETS
                        TOTAL MONTH:   0.0 INCH    5 = HAIL
                        GRTST 24HR     0.0         6 = FREEZING RAIN OR DRIZZLE
                        GRTST DEPTH:   0           7 = DUSTSTORM OR SANDSTORM:
                                                       VSBY 1/2 MILE OR LESS
                                                   8 = SMOKE OR HAZE
[NO. OF DAYS WITH]      [WEATHER - DAYS WITH]      9 = BLOWING SNOW
                                                   X = TORNADO
MAX 32 OR BELOW:   0    0.01 INCH OR MORE:   8
MAX 90 OR ABOVE:   1    0.10 INCH OR MORE:   3
MIN 32 OR BELOW:   0    0.50 INCH OR MORE:   1
MIN  0 OR BELOW:   0    1.00 INCH OR MORE:   0

[HDD (BASE 65) ]
TOTAL THIS MO.    40    CLEAR  (SCALE 0-3)  20
DPTR FM NORMAL     5    PTCLDY (SCALE 4-7)   7
TOTAL FM JUL 1    40    CLOUDY (SCALE 8-10)  0
DPTR FM NORMAL     5

[CDD (BASE 65) ]
TOTAL THIS MO.    18
DPTR FM NORMAL   -26    [PRESSURE DATA]
TOTAL FM JAN 1    55    HIGHEST SLP M ON M
DPTR FM NORMAL     9    LOWEST  SLP 29.80 ON M

[REMARKS]
